{"id":16021,"date":"2023-12-19T19:27:34","date_gmt":"2023-12-19T18:27:34","guid":{"rendered":"https:\/\/venuspara.com\/?post_type=product&#038;p=16021"},"modified":"2023-12-19T19:28:32","modified_gmt":"2023-12-19T18:28:32","slug":"dermacare-hydraliss-mousse-nettoyante-hydratante-150ml","status":"publish","type":"product","link":"https:\/\/pharmadreams.shop\/index.php\/product\/dermacare-hydraliss-mousse-nettoyante-hydratante-150ml\/","title":{"rendered":"Dermacare hydraliss mousse nettoyante hydratante 150ml"},"content":{"rendered":"","protected":false},"excerpt":{"rendered":"<p>La Mousse nettoyante Hydraliss nettoie en profondeur la peau d\u00e9licate du visage.<br \/>\nSa texture ultra-l\u00e9g\u00e8re se transforme en une mousse fine et a\u00e9rienne pour le plaisir d\u2019un nettoyage doux et sans savon.<br \/>\nCette mousse, au parfum frais et d\u00e9licat, hydrate et adoucit la peau tout en respectant son \u00e9quilibre naturel.<br \/>\nParfaitement nettoy\u00e9e, la peau est saine, nette et oxyg\u00e9n\u00e9e.<\/p>\n","protected":false},"featured_media":16092,"comment_status":"open","ping_status":"closed","template":"","meta":[],"product_brand":[],"product_cat":[89,20],"product_tag":[],"class_list":{"0":"post-16021","1":"product","2":"type-product","3":"status-publish","4":"has-post-thumbnail","6":"product_cat-dermacare","7":"product_cat-visage","9":"first","10":"instock","11":"shipping-taxable","12":"purchasable","13":"product-type-simple"},"yoast_head":"<!-- This site is optimized with the Yoast SEO plugin v23.0 - https:\/\/yoast.com\/wordpress\/plugins\/seo\/ -->\n<title>Dermacare hydraliss mousse nettoyante hydratante 150ml - pharmadreams<\/title>\n<meta name=\"robots\" content=\"index, follow, max-snippet:-1, max-image-preview:large, max-video-preview:-1\" \/>\n<link rel=\"canonical\" href=\"https:\/\/pharmadreams.shop\/index.php\/product\/dermacare-hydraliss-mousse-nettoyante-hydratante-150ml\/\" \/>\n<meta property=\"og:locale\" content=\"fr_FR\" \/>\n<meta property=\"og:type\" content=\"article\" \/>\n<meta property=\"og:title\" content=\"Dermacare hydraliss mousse nettoyante hydratante 150ml - pharmadreams\" \/>\n<meta property=\"og:description\" content=\"La Mousse nettoyante Hydraliss nettoie en profondeur la peau d\u00e9licate du visage. Sa texture ultra-l\u00e9g\u00e8re se transforme en une mousse fine et a\u00e9rienne pour le plaisir d\u2019un nettoyage doux et sans savon. Cette mousse, au parfum frais et d\u00e9licat, hydrate et adoucit la peau tout en respectant son \u00e9quilibre naturel. Parfaitement nettoy\u00e9e, la peau est saine, nette et oxyg\u00e9n\u00e9e.\" \/>\n<meta property=\"og:url\" content=\"https:\/\/pharmadreams.shop\/index.php\/product\/dermacare-hydraliss-mousse-nettoyante-hydratante-150ml\/\" \/>\n<meta property=\"og:site_name\" content=\"pharmadreams\" \/>\n<meta property=\"article:modified_time\" content=\"2023-12-19T18:28:32+00:00\" \/>\n<meta property=\"og:image\" content=\"https:\/\/pharmadreams.shop\/wp-content\/uploads\/2023\/12\/DERMACARE-HYDRALISS-MOUSSE-NETTOYANTE-HYDRATANTE-150ML.png\" \/>\n\t<meta property=\"og:image:width\" content=\"960\" \/>\n\t<meta property=\"og:image:height\" content=\"1170\" \/>\n\t<meta property=\"og:image:type\" content=\"image\/png\" \/>\n<meta name=\"twitter:card\" content=\"summary_large_image\" \/>\n<script type=\"application\/ld+json\" class=\"yoast-schema-graph\">{\"@context\":\"https:\/\/schema.org\",\"@graph\":[{\"@type\":\"WebPage\",\"@id\":\"https:\/\/pharmadreams.shop\/index.php\/product\/dermacare-hydraliss-mousse-nettoyante-hydratante-150ml\/\",\"url\":\"https:\/\/pharmadreams.shop\/index.php\/product\/dermacare-hydraliss-mousse-nettoyante-hydratante-150ml\/\",\"name\":\"Dermacare hydraliss mousse nettoyante hydratante 150ml - pharmadreams\",\"isPartOf\":{\"@id\":\"https:\/\/pharmadreams.shop\/#website\"},\"primaryImageOfPage\":{\"@id\":\"https:\/\/pharmadreams.shop\/index.php\/product\/dermacare-hydraliss-mousse-nettoyante-hydratante-150ml\/#primaryimage\"},\"image\":{\"@id\":\"https:\/\/pharmadreams.shop\/index.php\/product\/dermacare-hydraliss-mousse-nettoyante-hydratante-150ml\/#primaryimage\"},\"thumbnailUrl\":\"https:\/\/pharmadreams.shop\/wp-content\/uploads\/2023\/12\/DERMACARE-HYDRALISS-MOUSSE-NETTOYANTE-HYDRATANTE-150ML.png\",\"datePublished\":\"2023-12-19T18:27:34+00:00\",\"dateModified\":\"2023-12-19T18:28:32+00:00\",\"breadcrumb\":{\"@id\":\"https:\/\/pharmadreams.shop\/index.php\/product\/dermacare-hydraliss-mousse-nettoyante-hydratante-150ml\/#breadcrumb\"},\"inLanguage\":\"fr-FR\",\"potentialAction\":[{\"@type\":\"ReadAction\",\"target\":[\"https:\/\/pharmadreams.shop\/index.php\/product\/dermacare-hydraliss-mousse-nettoyante-hydratante-150ml\/\"]}]},{\"@type\":\"ImageObject\",\"inLanguage\":\"fr-FR\",\"@id\":\"https:\/\/pharmadreams.shop\/index.php\/product\/dermacare-hydraliss-mousse-nettoyante-hydratante-150ml\/#primaryimage\",\"url\":\"https:\/\/pharmadreams.shop\/wp-content\/uploads\/2023\/12\/DERMACARE-HYDRALISS-MOUSSE-NETTOYANTE-HYDRATANTE-150ML.png\",\"contentUrl\":\"https:\/\/pharmadreams.shop\/wp-content\/uploads\/2023\/12\/DERMACARE-HYDRALISS-MOUSSE-NETTOYANTE-HYDRATANTE-150ML.png\",\"width\":960,\"height\":1170},{\"@type\":\"BreadcrumbList\",\"@id\":\"https:\/\/pharmadreams.shop\/index.php\/product\/dermacare-hydraliss-mousse-nettoyante-hydratante-150ml\/#breadcrumb\",\"itemListElement\":[{\"@type\":\"ListItem\",\"position\":1,\"name\":\"Accueil\",\"item\":\"https:\/\/pharmadreams.shop\/\"},{\"@type\":\"ListItem\",\"position\":2,\"name\":\"Shop\",\"item\":\"https:\/\/pharmadreams.shop\/index.php\/shop\/\"},{\"@type\":\"ListItem\",\"position\":3,\"name\":\"Dermacare hydraliss mousse nettoyante hydratante 150ml\"}]},{\"@type\":\"WebSite\",\"@id\":\"https:\/\/pharmadreams.shop\/#website\",\"url\":\"https:\/\/pharmadreams.shop\/\",\"name\":\"pharmadreams\",\"description\":\"Parapharmacie en ligne\",\"potentialAction\":[{\"@type\":\"SearchAction\",\"target\":{\"@type\":\"EntryPoint\",\"urlTemplate\":\"https:\/\/pharmadreams.shop\/?s={search_term_string}\"},\"query-input\":\"required name=search_term_string\"}],\"inLanguage\":\"fr-FR\"}]}<\/script>\n<!-- \/ Yoast SEO plugin. -->","yoast_head_json":{"title":"Dermacare hydraliss mousse nettoyante hydratante 150ml - pharmadreams","robots":{"index":"index","follow":"follow","max-snippet":"max-snippet:-1","max-image-preview":"max-image-preview:large","max-video-preview":"max-video-preview:-1"},"canonical":"https:\/\/pharmadreams.shop\/index.php\/product\/dermacare-hydraliss-mousse-nettoyante-hydratante-150ml\/","og_locale":"fr_FR","og_type":"article","og_title":"Dermacare hydraliss mousse nettoyante hydratante 150ml - pharmadreams","og_description":"La Mousse nettoyante Hydraliss nettoie en profondeur la peau d\u00e9licate du visage. Sa texture ultra-l\u00e9g\u00e8re se transforme en une mousse fine et a\u00e9rienne pour le plaisir d\u2019un nettoyage doux et sans savon. Cette mousse, au parfum frais et d\u00e9licat, hydrate et adoucit la peau tout en respectant son \u00e9quilibre naturel. Parfaitement nettoy\u00e9e, la peau est saine, nette et oxyg\u00e9n\u00e9e.","og_url":"https:\/\/pharmadreams.shop\/index.php\/product\/dermacare-hydraliss-mousse-nettoyante-hydratante-150ml\/","og_site_name":"pharmadreams","article_modified_time":"2023-12-19T18:28:32+00:00","og_image":[{"width":960,"height":1170,"url":"https:\/\/pharmadreams.shop\/wp-content\/uploads\/2023\/12\/DERMACARE-HYDRALISS-MOUSSE-NETTOYANTE-HYDRATANTE-150ML.png","type":"image\/png"}],"twitter_card":"summary_large_image","schema":{"@context":"https:\/\/schema.org","@graph":[{"@type":"WebPage","@id":"https:\/\/pharmadreams.shop\/index.php\/product\/dermacare-hydraliss-mousse-nettoyante-hydratante-150ml\/","url":"https:\/\/pharmadreams.shop\/index.php\/product\/dermacare-hydraliss-mousse-nettoyante-hydratante-150ml\/","name":"Dermacare hydraliss mousse nettoyante hydratante 150ml - pharmadreams","isPartOf":{"@id":"https:\/\/pharmadreams.shop\/#website"},"primaryImageOfPage":{"@id":"https:\/\/pharmadreams.shop\/index.php\/product\/dermacare-hydraliss-mousse-nettoyante-hydratante-150ml\/#primaryimage"},"image":{"@id":"https:\/\/pharmadreams.shop\/index.php\/product\/dermacare-hydraliss-mousse-nettoyante-hydratante-150ml\/#primaryimage"},"thumbnailUrl":"https:\/\/pharmadreams.shop\/wp-content\/uploads\/2023\/12\/DERMACARE-HYDRALISS-MOUSSE-NETTOYANTE-HYDRATANTE-150ML.png","datePublished":"2023-12-19T18:27:34+00:00","dateModified":"2023-12-19T18:28:32+00:00","breadcrumb":{"@id":"https:\/\/pharmadreams.shop\/index.php\/product\/dermacare-hydraliss-mousse-nettoyante-hydratante-150ml\/#breadcrumb"},"inLanguage":"fr-FR","potentialAction":[{"@type":"ReadAction","target":["https:\/\/pharmadreams.shop\/index.php\/product\/dermacare-hydraliss-mousse-nettoyante-hydratante-150ml\/"]}]},{"@type":"ImageObject","inLanguage":"fr-FR","@id":"https:\/\/pharmadreams.shop\/index.php\/product\/dermacare-hydraliss-mousse-nettoyante-hydratante-150ml\/#primaryimage","url":"https:\/\/pharmadreams.shop\/wp-content\/uploads\/2023\/12\/DERMACARE-HYDRALISS-MOUSSE-NETTOYANTE-HYDRATANTE-150ML.png","contentUrl":"https:\/\/pharmadreams.shop\/wp-content\/uploads\/2023\/12\/DERMACARE-HYDRALISS-MOUSSE-NETTOYANTE-HYDRATANTE-150ML.png","width":960,"height":1170},{"@type":"BreadcrumbList","@id":"https:\/\/pharmadreams.shop\/index.php\/product\/dermacare-hydraliss-mousse-nettoyante-hydratante-150ml\/#breadcrumb","itemListElement":[{"@type":"ListItem","position":1,"name":"Accueil","item":"https:\/\/pharmadreams.shop\/"},{"@type":"ListItem","position":2,"name":"Shop","item":"https:\/\/pharmadreams.shop\/index.php\/shop\/"},{"@type":"ListItem","position":3,"name":"Dermacare hydraliss mousse nettoyante hydratante 150ml"}]},{"@type":"WebSite","@id":"https:\/\/pharmadreams.shop\/#website","url":"https:\/\/pharmadreams.shop\/","name":"pharmadreams","description":"Parapharmacie en ligne","potentialAction":[{"@type":"SearchAction","target":{"@type":"EntryPoint","urlTemplate":"https:\/\/pharmadreams.shop\/?s={search_term_string}"},"query-input":"required name=search_term_string"}],"inLanguage":"fr-FR"}]}},"_links":{"self":[{"href":"https:\/\/pharmadreams.shop\/index.php\/wp-json\/wp\/v2\/product\/16021","targetHints":{"allow":["GET"]}}],"collection":[{"href":"https:\/\/pharmadreams.shop\/index.php\/wp-json\/wp\/v2\/product"}],"about":[{"href":"https:\/\/pharmadreams.shop\/index.php\/wp-json\/wp\/v2\/types\/product"}],"replies":[{"embeddable":true,"href":"https:\/\/pharmadreams.shop\/index.php\/wp-json\/wp\/v2\/comments?post=16021"}],"version-history":[{"count":0,"href":"https:\/\/pharmadreams.shop\/index.php\/wp-json\/wp\/v2\/product\/16021\/revisions"}],"wp:featuredmedia":[{"embeddable":true,"href":"https:\/\/pharmadreams.shop\/index.php\/wp-json\/wp\/v2\/media\/16092"}],"wp:attachment":[{"href":"https:\/\/pharmadreams.shop\/index.php\/wp-json\/wp\/v2\/media?parent=16021"}],"wp:term":[{"taxonomy":"product_brand","embeddable":true,"href":"https:\/\/pharmadreams.shop\/index.php\/wp-json\/wp\/v2\/product_brand?post=16021"},{"taxonomy":"product_cat","embeddable":true,"href":"https:\/\/pharmadreams.shop\/index.php\/wp-json\/wp\/v2\/product_cat?post=16021"},{"taxonomy":"product_tag","embeddable":true,"href":"https:\/\/pharmadreams.shop\/index.php\/wp-json\/wp\/v2\/product_tag?post=16021"}],"curies":[{"name":"wp","href":"https:\/\/api.w.org\/{rel}","templated":true}]}}