{"id":16022,"date":"2023-12-19T19:27:35","date_gmt":"2023-12-19T18:27:35","guid":{"rendered":"https:\/\/venuspara.com\/?post_type=product&#038;p=16022"},"modified":"2023-12-19T19:28:34","modified_gmt":"2023-12-19T18:28:34","slug":"dermacare-purenet-skin-creme-matifiante-seborgulateur-40ml","status":"publish","type":"product","link":"https:\/\/pharmadreams.shop\/index.php\/product\/dermacare-purenet-skin-creme-matifiante-seborgulateur-40ml\/","title":{"rendered":"Dermacare purenet skin cr\u00e8me matifiante seborgulateur 40ml"},"content":{"rendered":"","protected":false},"excerpt":{"rendered":"<p>\u00c9mulsion \u00e0 texture non grasse, la cr\u00e8me matifiante SEBIALINE absorbe les exc\u00e8s de s\u00e9bum, limite l\u2019apparition des points noirs et boutons. Elle apaise et am\u00e9liore le grain de<\/p>\n<p>peau avec effet matifiant longue dur\u00e9e.<\/p>\n<p>Pour servir comme une excellente base de maquillage.<\/p>\n<h4 class=\"yikes-custom-woo-tab-title yikes-custom-woo-tab-title-conseils-dutilisation\"><strong>Conseils d\u2019utilisation:<\/strong><\/h4>\n<p>Appliquer sur l\u2019ensemble du visage, le matin apr\u00e8s l\u2019avoir nettoy\u00e9 avec le gel moussant purifiant SEBIALINE\u00a0.<\/p>\n","protected":false},"featured_media":16094,"comment_status":"open","ping_status":"closed","template":"","meta":[],"product_brand":[],"product_cat":[89,20],"product_tag":[],"class_list":{"0":"post-16022","1":"product","2":"type-product","3":"status-publish","4":"has-post-thumbnail","6":"product_cat-dermacare","7":"product_cat-visage","9":"first","10":"instock","11":"shipping-taxable","12":"purchasable","13":"product-type-simple"},"yoast_head":"<!-- This site is optimized with the Yoast SEO plugin v23.0 - https:\/\/yoast.com\/wordpress\/plugins\/seo\/ -->\n<title>Dermacare purenet skin cr\u00e8me matifiante seborgulateur 40ml - pharmadreams<\/title>\n<meta name=\"robots\" content=\"index, follow, max-snippet:-1, max-image-preview:large, max-video-preview:-1\" \/>\n<link rel=\"canonical\" href=\"https:\/\/pharmadreams.shop\/index.php\/product\/dermacare-purenet-skin-creme-matifiante-seborgulateur-40ml\/\" \/>\n<meta property=\"og:locale\" content=\"fr_FR\" \/>\n<meta property=\"og:type\" content=\"article\" \/>\n<meta property=\"og:title\" content=\"Dermacare purenet skin cr\u00e8me matifiante seborgulateur 40ml - pharmadreams\" \/>\n<meta property=\"og:description\" content=\"\u00c9mulsion \u00e0 texture non grasse, la cr\u00e8me matifiante SEBIALINE absorbe les exc\u00e8s de s\u00e9bum, limite l\u2019apparition des points noirs et boutons. Elle apaise et am\u00e9liore le grain de  peau avec effet matifiant longue dur\u00e9e.  Pour servir comme une excellente base de maquillage. Conseils d\u2019utilisation: Appliquer sur l\u2019ensemble du visage, le matin apr\u00e8s l\u2019avoir nettoy\u00e9 avec le gel moussant purifiant SEBIALINE\u00a0.\" \/>\n<meta property=\"og:url\" content=\"https:\/\/pharmadreams.shop\/index.php\/product\/dermacare-purenet-skin-creme-matifiante-seborgulateur-40ml\/\" \/>\n<meta property=\"og:site_name\" content=\"pharmadreams\" \/>\n<meta property=\"article:modified_time\" content=\"2023-12-19T18:28:34+00:00\" \/>\n<meta property=\"og:image\" content=\"https:\/\/pharmadreams.shop\/wp-content\/uploads\/2023\/12\/DERMACARE-PURENET-SKIN-CREME-MATIFIANTE-SEBOREGULATEUR-40ML.png\" \/>\n\t<meta property=\"og:image:width\" content=\"960\" \/>\n\t<meta property=\"og:image:height\" content=\"1170\" \/>\n\t<meta property=\"og:image:type\" content=\"image\/png\" \/>\n<meta name=\"twitter:card\" content=\"summary_large_image\" \/>\n<script type=\"application\/ld+json\" class=\"yoast-schema-graph\">{\"@context\":\"https:\/\/schema.org\",\"@graph\":[{\"@type\":\"WebPage\",\"@id\":\"https:\/\/pharmadreams.shop\/index.php\/product\/dermacare-purenet-skin-creme-matifiante-seborgulateur-40ml\/\",\"url\":\"https:\/\/pharmadreams.shop\/index.php\/product\/dermacare-purenet-skin-creme-matifiante-seborgulateur-40ml\/\",\"name\":\"Dermacare purenet skin cr\u00e8me matifiante seborgulateur 40ml - pharmadreams\",\"isPartOf\":{\"@id\":\"https:\/\/pharmadreams.shop\/#website\"},\"primaryImageOfPage\":{\"@id\":\"https:\/\/pharmadreams.shop\/index.php\/product\/dermacare-purenet-skin-creme-matifiante-seborgulateur-40ml\/#primaryimage\"},\"image\":{\"@id\":\"https:\/\/pharmadreams.shop\/index.php\/product\/dermacare-purenet-skin-creme-matifiante-seborgulateur-40ml\/#primaryimage\"},\"thumbnailUrl\":\"https:\/\/pharmadreams.shop\/wp-content\/uploads\/2023\/12\/DERMACARE-PURENET-SKIN-CREME-MATIFIANTE-SEBOREGULATEUR-40ML.png\",\"datePublished\":\"2023-12-19T18:27:35+00:00\",\"dateModified\":\"2023-12-19T18:28:34+00:00\",\"breadcrumb\":{\"@id\":\"https:\/\/pharmadreams.shop\/index.php\/product\/dermacare-purenet-skin-creme-matifiante-seborgulateur-40ml\/#breadcrumb\"},\"inLanguage\":\"fr-FR\",\"potentialAction\":[{\"@type\":\"ReadAction\",\"target\":[\"https:\/\/pharmadreams.shop\/index.php\/product\/dermacare-purenet-skin-creme-matifiante-seborgulateur-40ml\/\"]}]},{\"@type\":\"ImageObject\",\"inLanguage\":\"fr-FR\",\"@id\":\"https:\/\/pharmadreams.shop\/index.php\/product\/dermacare-purenet-skin-creme-matifiante-seborgulateur-40ml\/#primaryimage\",\"url\":\"https:\/\/pharmadreams.shop\/wp-content\/uploads\/2023\/12\/DERMACARE-PURENET-SKIN-CREME-MATIFIANTE-SEBOREGULATEUR-40ML.png\",\"contentUrl\":\"https:\/\/pharmadreams.shop\/wp-content\/uploads\/2023\/12\/DERMACARE-PURENET-SKIN-CREME-MATIFIANTE-SEBOREGULATEUR-40ML.png\",\"width\":960,\"height\":1170},{\"@type\":\"BreadcrumbList\",\"@id\":\"https:\/\/pharmadreams.shop\/index.php\/product\/dermacare-purenet-skin-creme-matifiante-seborgulateur-40ml\/#breadcrumb\",\"itemListElement\":[{\"@type\":\"ListItem\",\"position\":1,\"name\":\"Accueil\",\"item\":\"https:\/\/pharmadreams.shop\/\"},{\"@type\":\"ListItem\",\"position\":2,\"name\":\"Shop\",\"item\":\"https:\/\/pharmadreams.shop\/index.php\/shop\/\"},{\"@type\":\"ListItem\",\"position\":3,\"name\":\"Dermacare purenet skin cr\u00e8me matifiante seborgulateur 40ml\"}]},{\"@type\":\"WebSite\",\"@id\":\"https:\/\/pharmadreams.shop\/#website\",\"url\":\"https:\/\/pharmadreams.shop\/\",\"name\":\"pharmadreams\",\"description\":\"Parapharmacie en ligne\",\"potentialAction\":[{\"@type\":\"SearchAction\",\"target\":{\"@type\":\"EntryPoint\",\"urlTemplate\":\"https:\/\/pharmadreams.shop\/?s={search_term_string}\"},\"query-input\":\"required name=search_term_string\"}],\"inLanguage\":\"fr-FR\"}]}<\/script>\n<!-- \/ Yoast SEO plugin. -->","yoast_head_json":{"title":"Dermacare purenet skin cr\u00e8me matifiante seborgulateur 40ml - pharmadreams","robots":{"index":"index","follow":"follow","max-snippet":"max-snippet:-1","max-image-preview":"max-image-preview:large","max-video-preview":"max-video-preview:-1"},"canonical":"https:\/\/pharmadreams.shop\/index.php\/product\/dermacare-purenet-skin-creme-matifiante-seborgulateur-40ml\/","og_locale":"fr_FR","og_type":"article","og_title":"Dermacare purenet skin cr\u00e8me matifiante seborgulateur 40ml - pharmadreams","og_description":"\u00c9mulsion \u00e0 texture non grasse, la cr\u00e8me matifiante SEBIALINE absorbe les exc\u00e8s de s\u00e9bum, limite l\u2019apparition des points noirs et boutons. Elle apaise et am\u00e9liore le grain de  peau avec effet matifiant longue dur\u00e9e.  Pour servir comme une excellente base de maquillage. Conseils d\u2019utilisation: Appliquer sur l\u2019ensemble du visage, le matin apr\u00e8s l\u2019avoir nettoy\u00e9 avec le gel moussant purifiant SEBIALINE\u00a0.","og_url":"https:\/\/pharmadreams.shop\/index.php\/product\/dermacare-purenet-skin-creme-matifiante-seborgulateur-40ml\/","og_site_name":"pharmadreams","article_modified_time":"2023-12-19T18:28:34+00:00","og_image":[{"width":960,"height":1170,"url":"https:\/\/pharmadreams.shop\/wp-content\/uploads\/2023\/12\/DERMACARE-PURENET-SKIN-CREME-MATIFIANTE-SEBOREGULATEUR-40ML.png","type":"image\/png"}],"twitter_card":"summary_large_image","schema":{"@context":"https:\/\/schema.org","@graph":[{"@type":"WebPage","@id":"https:\/\/pharmadreams.shop\/index.php\/product\/dermacare-purenet-skin-creme-matifiante-seborgulateur-40ml\/","url":"https:\/\/pharmadreams.shop\/index.php\/product\/dermacare-purenet-skin-creme-matifiante-seborgulateur-40ml\/","name":"Dermacare purenet skin cr\u00e8me matifiante seborgulateur 40ml - pharmadreams","isPartOf":{"@id":"https:\/\/pharmadreams.shop\/#website"},"primaryImageOfPage":{"@id":"https:\/\/pharmadreams.shop\/index.php\/product\/dermacare-purenet-skin-creme-matifiante-seborgulateur-40ml\/#primaryimage"},"image":{"@id":"https:\/\/pharmadreams.shop\/index.php\/product\/dermacare-purenet-skin-creme-matifiante-seborgulateur-40ml\/#primaryimage"},"thumbnailUrl":"https:\/\/pharmadreams.shop\/wp-content\/uploads\/2023\/12\/DERMACARE-PURENET-SKIN-CREME-MATIFIANTE-SEBOREGULATEUR-40ML.png","datePublished":"2023-12-19T18:27:35+00:00","dateModified":"2023-12-19T18:28:34+00:00","breadcrumb":{"@id":"https:\/\/pharmadreams.shop\/index.php\/product\/dermacare-purenet-skin-creme-matifiante-seborgulateur-40ml\/#breadcrumb"},"inLanguage":"fr-FR","potentialAction":[{"@type":"ReadAction","target":["https:\/\/pharmadreams.shop\/index.php\/product\/dermacare-purenet-skin-creme-matifiante-seborgulateur-40ml\/"]}]},{"@type":"ImageObject","inLanguage":"fr-FR","@id":"https:\/\/pharmadreams.shop\/index.php\/product\/dermacare-purenet-skin-creme-matifiante-seborgulateur-40ml\/#primaryimage","url":"https:\/\/pharmadreams.shop\/wp-content\/uploads\/2023\/12\/DERMACARE-PURENET-SKIN-CREME-MATIFIANTE-SEBOREGULATEUR-40ML.png","contentUrl":"https:\/\/pharmadreams.shop\/wp-content\/uploads\/2023\/12\/DERMACARE-PURENET-SKIN-CREME-MATIFIANTE-SEBOREGULATEUR-40ML.png","width":960,"height":1170},{"@type":"BreadcrumbList","@id":"https:\/\/pharmadreams.shop\/index.php\/product\/dermacare-purenet-skin-creme-matifiante-seborgulateur-40ml\/#breadcrumb","itemListElement":[{"@type":"ListItem","position":1,"name":"Accueil","item":"https:\/\/pharmadreams.shop\/"},{"@type":"ListItem","position":2,"name":"Shop","item":"https:\/\/pharmadreams.shop\/index.php\/shop\/"},{"@type":"ListItem","position":3,"name":"Dermacare purenet skin cr\u00e8me matifiante seborgulateur 40ml"}]},{"@type":"WebSite","@id":"https:\/\/pharmadreams.shop\/#website","url":"https:\/\/pharmadreams.shop\/","name":"pharmadreams","description":"Parapharmacie en ligne","potentialAction":[{"@type":"SearchAction","target":{"@type":"EntryPoint","urlTemplate":"https:\/\/pharmadreams.shop\/?s={search_term_string}"},"query-input":"required name=search_term_string"}],"inLanguage":"fr-FR"}]}},"_links":{"self":[{"href":"https:\/\/pharmadreams.shop\/index.php\/wp-json\/wp\/v2\/product\/16022","targetHints":{"allow":["GET"]}}],"collection":[{"href":"https:\/\/pharmadreams.shop\/index.php\/wp-json\/wp\/v2\/product"}],"about":[{"href":"https:\/\/pharmadreams.shop\/index.php\/wp-json\/wp\/v2\/types\/product"}],"replies":[{"embeddable":true,"href":"https:\/\/pharmadreams.shop\/index.php\/wp-json\/wp\/v2\/comments?post=16022"}],"version-history":[{"count":0,"href":"https:\/\/pharmadreams.shop\/index.php\/wp-json\/wp\/v2\/product\/16022\/revisions"}],"wp:featuredmedia":[{"embeddable":true,"href":"https:\/\/pharmadreams.shop\/index.php\/wp-json\/wp\/v2\/media\/16094"}],"wp:attachment":[{"href":"https:\/\/pharmadreams.shop\/index.php\/wp-json\/wp\/v2\/media?parent=16022"}],"wp:term":[{"taxonomy":"product_brand","embeddable":true,"href":"https:\/\/pharmadreams.shop\/index.php\/wp-json\/wp\/v2\/product_brand?post=16022"},{"taxonomy":"product_cat","embeddable":true,"href":"https:\/\/pharmadreams.shop\/index.php\/wp-json\/wp\/v2\/product_cat?post=16022"},{"taxonomy":"product_tag","embeddable":true,"href":"https:\/\/pharmadreams.shop\/index.php\/wp-json\/wp\/v2\/product_tag?post=16022"}],"curies":[{"name":"wp","href":"https:\/\/api.w.org\/{rel}","templated":true}]}}