{"id":16029,"date":"2023-12-19T19:27:36","date_gmt":"2023-12-19T18:27:36","guid":{"rendered":"https:\/\/venuspara.com\/?post_type=product&#038;p=16029"},"modified":"2023-12-19T19:28:47","modified_gmt":"2023-12-19T18:28:47","slug":"eau-micellaire-urbanprotect-400ml","status":"publish","type":"product","link":"https:\/\/pharmadreams.shop\/index.php\/product\/eau-micellaire-urbanprotect-400ml\/","title":{"rendered":"Eau micellaire urbanprotect 400ml"},"content":{"rendered":"","protected":false},"excerpt":{"rendered":"<p>Casmara Eau Micellaire Anti Pollution permet de D\u00e9maquiller, nettoyer\u00a0et prot\u00e8ger votre peau Son actif anti-pollution innovant d\u00e9fend le visage en cr\u00e9ant un bouclier qui renforce la barri\u00e8re protectrice de la peau, en m\u00eame temps, les micelles agissent comme des aimants pi\u00e9geant les cellules mortes de la surface, les particules polluantes, le maquillage et l&rsquo;exc\u00e8s de s\u00e9bum.<br \/>\nLe r\u00e9sultat, une peau sans impuret\u00e9s et lisse.<\/p>\n","protected":false},"featured_media":16108,"comment_status":"open","ping_status":"closed","template":"","meta":[],"product_brand":[],"product_cat":[80,20],"product_tag":[],"class_list":{"0":"post-16029","1":"product","2":"type-product","3":"status-publish","4":"has-post-thumbnail","6":"product_cat-soins","7":"product_cat-visage","9":"first","10":"instock","11":"shipping-taxable","12":"purchasable","13":"product-type-simple"},"yoast_head":"<!-- This site is optimized with the Yoast SEO plugin v23.0 - https:\/\/yoast.com\/wordpress\/plugins\/seo\/ -->\n<title>Eau micellaire urbanprotect 400ml - pharmadreams<\/title>\n<meta name=\"robots\" content=\"index, follow, max-snippet:-1, max-image-preview:large, max-video-preview:-1\" \/>\n<link rel=\"canonical\" href=\"https:\/\/pharmadreams.shop\/index.php\/product\/eau-micellaire-urbanprotect-400ml\/\" \/>\n<meta property=\"og:locale\" content=\"fr_FR\" \/>\n<meta property=\"og:type\" content=\"article\" \/>\n<meta property=\"og:title\" content=\"Eau micellaire urbanprotect 400ml - pharmadreams\" \/>\n<meta property=\"og:description\" content=\"Casmara Eau Micellaire Anti Pollution permet de D\u00e9maquiller, nettoyer\u00a0et prot\u00e8ger votre peau Son actif anti-pollution innovant d\u00e9fend le visage en cr\u00e9ant un bouclier qui renforce la barri\u00e8re protectrice de la peau, en m\u00eame temps, les micelles agissent comme des aimants pi\u00e9geant les cellules mortes de la surface, les particules polluantes, le maquillage et l&#039;exc\u00e8s de s\u00e9bum. Le r\u00e9sultat, une peau sans impuret\u00e9s et lisse.\" \/>\n<meta property=\"og:url\" content=\"https:\/\/pharmadreams.shop\/index.php\/product\/eau-micellaire-urbanprotect-400ml\/\" \/>\n<meta property=\"og:site_name\" content=\"pharmadreams\" \/>\n<meta property=\"article:modified_time\" content=\"2023-12-19T18:28:47+00:00\" \/>\n<meta property=\"og:image\" content=\"https:\/\/pharmadreams.shop\/wp-content\/uploads\/2023\/12\/micelar.jpg\" \/>\n\t<meta property=\"og:image:width\" content=\"900\" \/>\n\t<meta property=\"og:image:height\" content=\"900\" \/>\n\t<meta property=\"og:image:type\" content=\"image\/jpeg\" \/>\n<meta name=\"twitter:card\" content=\"summary_large_image\" \/>\n<script type=\"application\/ld+json\" class=\"yoast-schema-graph\">{\"@context\":\"https:\/\/schema.org\",\"@graph\":[{\"@type\":\"WebPage\",\"@id\":\"https:\/\/pharmadreams.shop\/index.php\/product\/eau-micellaire-urbanprotect-400ml\/\",\"url\":\"https:\/\/pharmadreams.shop\/index.php\/product\/eau-micellaire-urbanprotect-400ml\/\",\"name\":\"Eau micellaire urbanprotect 400ml - pharmadreams\",\"isPartOf\":{\"@id\":\"https:\/\/pharmadreams.shop\/#website\"},\"primaryImageOfPage\":{\"@id\":\"https:\/\/pharmadreams.shop\/index.php\/product\/eau-micellaire-urbanprotect-400ml\/#primaryimage\"},\"image\":{\"@id\":\"https:\/\/pharmadreams.shop\/index.php\/product\/eau-micellaire-urbanprotect-400ml\/#primaryimage\"},\"thumbnailUrl\":\"https:\/\/pharmadreams.shop\/wp-content\/uploads\/2023\/12\/micelar.jpg\",\"datePublished\":\"2023-12-19T18:27:36+00:00\",\"dateModified\":\"2023-12-19T18:28:47+00:00\",\"breadcrumb\":{\"@id\":\"https:\/\/pharmadreams.shop\/index.php\/product\/eau-micellaire-urbanprotect-400ml\/#breadcrumb\"},\"inLanguage\":\"fr-FR\",\"potentialAction\":[{\"@type\":\"ReadAction\",\"target\":[\"https:\/\/pharmadreams.shop\/index.php\/product\/eau-micellaire-urbanprotect-400ml\/\"]}]},{\"@type\":\"ImageObject\",\"inLanguage\":\"fr-FR\",\"@id\":\"https:\/\/pharmadreams.shop\/index.php\/product\/eau-micellaire-urbanprotect-400ml\/#primaryimage\",\"url\":\"https:\/\/pharmadreams.shop\/wp-content\/uploads\/2023\/12\/micelar.jpg\",\"contentUrl\":\"https:\/\/pharmadreams.shop\/wp-content\/uploads\/2023\/12\/micelar.jpg\",\"width\":900,\"height\":900},{\"@type\":\"BreadcrumbList\",\"@id\":\"https:\/\/pharmadreams.shop\/index.php\/product\/eau-micellaire-urbanprotect-400ml\/#breadcrumb\",\"itemListElement\":[{\"@type\":\"ListItem\",\"position\":1,\"name\":\"Accueil\",\"item\":\"https:\/\/pharmadreams.shop\/\"},{\"@type\":\"ListItem\",\"position\":2,\"name\":\"Shop\",\"item\":\"https:\/\/pharmadreams.shop\/index.php\/shop\/\"},{\"@type\":\"ListItem\",\"position\":3,\"name\":\"Eau micellaire urbanprotect 400ml\"}]},{\"@type\":\"WebSite\",\"@id\":\"https:\/\/pharmadreams.shop\/#website\",\"url\":\"https:\/\/pharmadreams.shop\/\",\"name\":\"pharmadreams\",\"description\":\"Parapharmacie en ligne\",\"potentialAction\":[{\"@type\":\"SearchAction\",\"target\":{\"@type\":\"EntryPoint\",\"urlTemplate\":\"https:\/\/pharmadreams.shop\/?s={search_term_string}\"},\"query-input\":\"required name=search_term_string\"}],\"inLanguage\":\"fr-FR\"}]}<\/script>\n<!-- \/ Yoast SEO plugin. -->","yoast_head_json":{"title":"Eau micellaire urbanprotect 400ml - pharmadreams","robots":{"index":"index","follow":"follow","max-snippet":"max-snippet:-1","max-image-preview":"max-image-preview:large","max-video-preview":"max-video-preview:-1"},"canonical":"https:\/\/pharmadreams.shop\/index.php\/product\/eau-micellaire-urbanprotect-400ml\/","og_locale":"fr_FR","og_type":"article","og_title":"Eau micellaire urbanprotect 400ml - pharmadreams","og_description":"Casmara Eau Micellaire Anti Pollution permet de D\u00e9maquiller, nettoyer\u00a0et prot\u00e8ger votre peau Son actif anti-pollution innovant d\u00e9fend le visage en cr\u00e9ant un bouclier qui renforce la barri\u00e8re protectrice de la peau, en m\u00eame temps, les micelles agissent comme des aimants pi\u00e9geant les cellules mortes de la surface, les particules polluantes, le maquillage et l'exc\u00e8s de s\u00e9bum. Le r\u00e9sultat, une peau sans impuret\u00e9s et lisse.","og_url":"https:\/\/pharmadreams.shop\/index.php\/product\/eau-micellaire-urbanprotect-400ml\/","og_site_name":"pharmadreams","article_modified_time":"2023-12-19T18:28:47+00:00","og_image":[{"width":900,"height":900,"url":"https:\/\/pharmadreams.shop\/wp-content\/uploads\/2023\/12\/micelar.jpg","type":"image\/jpeg"}],"twitter_card":"summary_large_image","schema":{"@context":"https:\/\/schema.org","@graph":[{"@type":"WebPage","@id":"https:\/\/pharmadreams.shop\/index.php\/product\/eau-micellaire-urbanprotect-400ml\/","url":"https:\/\/pharmadreams.shop\/index.php\/product\/eau-micellaire-urbanprotect-400ml\/","name":"Eau micellaire urbanprotect 400ml - pharmadreams","isPartOf":{"@id":"https:\/\/pharmadreams.shop\/#website"},"primaryImageOfPage":{"@id":"https:\/\/pharmadreams.shop\/index.php\/product\/eau-micellaire-urbanprotect-400ml\/#primaryimage"},"image":{"@id":"https:\/\/pharmadreams.shop\/index.php\/product\/eau-micellaire-urbanprotect-400ml\/#primaryimage"},"thumbnailUrl":"https:\/\/pharmadreams.shop\/wp-content\/uploads\/2023\/12\/micelar.jpg","datePublished":"2023-12-19T18:27:36+00:00","dateModified":"2023-12-19T18:28:47+00:00","breadcrumb":{"@id":"https:\/\/pharmadreams.shop\/index.php\/product\/eau-micellaire-urbanprotect-400ml\/#breadcrumb"},"inLanguage":"fr-FR","potentialAction":[{"@type":"ReadAction","target":["https:\/\/pharmadreams.shop\/index.php\/product\/eau-micellaire-urbanprotect-400ml\/"]}]},{"@type":"ImageObject","inLanguage":"fr-FR","@id":"https:\/\/pharmadreams.shop\/index.php\/product\/eau-micellaire-urbanprotect-400ml\/#primaryimage","url":"https:\/\/pharmadreams.shop\/wp-content\/uploads\/2023\/12\/micelar.jpg","contentUrl":"https:\/\/pharmadreams.shop\/wp-content\/uploads\/2023\/12\/micelar.jpg","width":900,"height":900},{"@type":"BreadcrumbList","@id":"https:\/\/pharmadreams.shop\/index.php\/product\/eau-micellaire-urbanprotect-400ml\/#breadcrumb","itemListElement":[{"@type":"ListItem","position":1,"name":"Accueil","item":"https:\/\/pharmadreams.shop\/"},{"@type":"ListItem","position":2,"name":"Shop","item":"https:\/\/pharmadreams.shop\/index.php\/shop\/"},{"@type":"ListItem","position":3,"name":"Eau micellaire urbanprotect 400ml"}]},{"@type":"WebSite","@id":"https:\/\/pharmadreams.shop\/#website","url":"https:\/\/pharmadreams.shop\/","name":"pharmadreams","description":"Parapharmacie en ligne","potentialAction":[{"@type":"SearchAction","target":{"@type":"EntryPoint","urlTemplate":"https:\/\/pharmadreams.shop\/?s={search_term_string}"},"query-input":"required name=search_term_string"}],"inLanguage":"fr-FR"}]}},"_links":{"self":[{"href":"https:\/\/pharmadreams.shop\/index.php\/wp-json\/wp\/v2\/product\/16029","targetHints":{"allow":["GET"]}}],"collection":[{"href":"https:\/\/pharmadreams.shop\/index.php\/wp-json\/wp\/v2\/product"}],"about":[{"href":"https:\/\/pharmadreams.shop\/index.php\/wp-json\/wp\/v2\/types\/product"}],"replies":[{"embeddable":true,"href":"https:\/\/pharmadreams.shop\/index.php\/wp-json\/wp\/v2\/comments?post=16029"}],"version-history":[{"count":0,"href":"https:\/\/pharmadreams.shop\/index.php\/wp-json\/wp\/v2\/product\/16029\/revisions"}],"wp:featuredmedia":[{"embeddable":true,"href":"https:\/\/pharmadreams.shop\/index.php\/wp-json\/wp\/v2\/media\/16108"}],"wp:attachment":[{"href":"https:\/\/pharmadreams.shop\/index.php\/wp-json\/wp\/v2\/media?parent=16029"}],"wp:term":[{"taxonomy":"product_brand","embeddable":true,"href":"https:\/\/pharmadreams.shop\/index.php\/wp-json\/wp\/v2\/product_brand?post=16029"},{"taxonomy":"product_cat","embeddable":true,"href":"https:\/\/pharmadreams.shop\/index.php\/wp-json\/wp\/v2\/product_cat?post=16029"},{"taxonomy":"product_tag","embeddable":true,"href":"https:\/\/pharmadreams.shop\/index.php\/wp-json\/wp\/v2\/product_tag?post=16029"}],"curies":[{"name":"wp","href":"https:\/\/api.w.org\/{rel}","templated":true}]}}