{"id":16046,"date":"2023-12-19T19:28:00","date_gmt":"2023-12-19T18:28:00","guid":{"rendered":"https:\/\/venuspara.com\/?post_type=product&#038;p=16046"},"modified":"2023-12-19T19:28:53","modified_gmt":"2023-12-19T18:28:53","slug":"lirene-acide-power-serum-exfoliant-30ml","status":"publish","type":"product","link":"https:\/\/pharmadreams.shop\/index.php\/product\/lirene-acide-power-serum-exfoliant-30ml\/","title":{"rendered":"Lirene acide power s\u00e9rum exfoliant 30ml"},"content":{"rendered":"","protected":false},"excerpt":{"rendered":"<p>LIRENE ACID POWER SERUM EXFOLIANT contient un complexe d&rsquo;acides glycolique, mand\u00e9lique et phytique (7%) qui p\u00e9n\u00e8tre dans l&rsquo;\u00e9piderme, stimulant fortement l&rsquo;exfoliation des cellules k\u00e9ratinis\u00e9es et la formation de nouvelles.<\/p>\n<p>LIRENE ACID POWER SERUM EXFOLIANT permet le renouvellement acc\u00e9l\u00e9r\u00e9 de l&rsquo;\u00e9piderme, gr\u00e2ce auquel la peau est progressivement nettoy\u00e9e, et le nombre de d\u00e9colorations et de points noirs est r\u00e9duit.<\/p>\n","protected":false},"featured_media":16121,"comment_status":"open","ping_status":"closed","template":"","meta":[],"product_brand":[],"product_cat":[94,95,80],"product_tag":[],"class_list":{"0":"post-16046","1":"product","2":"type-product","3":"status-publish","4":"has-post-thumbnail","6":"product_cat-serum","7":"product_cat-skin-care","8":"product_cat-soins","10":"first","11":"instock","12":"shipping-taxable","13":"purchasable","14":"product-type-simple"},"yoast_head":"<!-- This site is optimized with the Yoast SEO plugin v23.0 - https:\/\/yoast.com\/wordpress\/plugins\/seo\/ -->\n<title>Lirene acide power s\u00e9rum exfoliant 30ml - pharmadreams<\/title>\n<meta name=\"robots\" content=\"index, follow, max-snippet:-1, max-image-preview:large, max-video-preview:-1\" \/>\n<link rel=\"canonical\" href=\"https:\/\/pharmadreams.shop\/index.php\/product\/lirene-acide-power-serum-exfoliant-30ml\/\" \/>\n<meta property=\"og:locale\" content=\"fr_FR\" \/>\n<meta property=\"og:type\" content=\"article\" \/>\n<meta property=\"og:title\" content=\"Lirene acide power s\u00e9rum exfoliant 30ml - pharmadreams\" \/>\n<meta property=\"og:description\" content=\"LIRENE ACID POWER SERUM EXFOLIANT contient un complexe d&#039;acides glycolique, mand\u00e9lique et phytique (7%) qui p\u00e9n\u00e8tre dans l&#039;\u00e9piderme, stimulant fortement l&#039;exfoliation des cellules k\u00e9ratinis\u00e9es et la formation de nouvelles.  LIRENE ACID POWER SERUM EXFOLIANT permet le renouvellement acc\u00e9l\u00e9r\u00e9 de l&#039;\u00e9piderme, gr\u00e2ce auquel la peau est progressivement nettoy\u00e9e, et le nombre de d\u00e9colorations et de points noirs est r\u00e9duit.\" \/>\n<meta property=\"og:url\" content=\"https:\/\/pharmadreams.shop\/index.php\/product\/lirene-acide-power-serum-exfoliant-30ml\/\" \/>\n<meta property=\"og:site_name\" content=\"pharmadreams\" \/>\n<meta property=\"article:modified_time\" content=\"2023-12-19T18:28:53+00:00\" \/>\n<meta property=\"og:image\" content=\"https:\/\/pharmadreams.shop\/wp-content\/uploads\/2023\/12\/acide-power.png\" \/>\n\t<meta property=\"og:image:width\" content=\"912\" \/>\n\t<meta property=\"og:image:height\" content=\"1022\" \/>\n\t<meta property=\"og:image:type\" content=\"image\/png\" \/>\n<meta name=\"twitter:card\" content=\"summary_large_image\" \/>\n<script type=\"application\/ld+json\" class=\"yoast-schema-graph\">{\"@context\":\"https:\/\/schema.org\",\"@graph\":[{\"@type\":\"WebPage\",\"@id\":\"https:\/\/pharmadreams.shop\/index.php\/product\/lirene-acide-power-serum-exfoliant-30ml\/\",\"url\":\"https:\/\/pharmadreams.shop\/index.php\/product\/lirene-acide-power-serum-exfoliant-30ml\/\",\"name\":\"Lirene acide power s\u00e9rum exfoliant 30ml - pharmadreams\",\"isPartOf\":{\"@id\":\"https:\/\/pharmadreams.shop\/#website\"},\"primaryImageOfPage\":{\"@id\":\"https:\/\/pharmadreams.shop\/index.php\/product\/lirene-acide-power-serum-exfoliant-30ml\/#primaryimage\"},\"image\":{\"@id\":\"https:\/\/pharmadreams.shop\/index.php\/product\/lirene-acide-power-serum-exfoliant-30ml\/#primaryimage\"},\"thumbnailUrl\":\"https:\/\/pharmadreams.shop\/wp-content\/uploads\/2023\/12\/acide-power.png\",\"datePublished\":\"2023-12-19T18:28:00+00:00\",\"dateModified\":\"2023-12-19T18:28:53+00:00\",\"breadcrumb\":{\"@id\":\"https:\/\/pharmadreams.shop\/index.php\/product\/lirene-acide-power-serum-exfoliant-30ml\/#breadcrumb\"},\"inLanguage\":\"fr-FR\",\"potentialAction\":[{\"@type\":\"ReadAction\",\"target\":[\"https:\/\/pharmadreams.shop\/index.php\/product\/lirene-acide-power-serum-exfoliant-30ml\/\"]}]},{\"@type\":\"ImageObject\",\"inLanguage\":\"fr-FR\",\"@id\":\"https:\/\/pharmadreams.shop\/index.php\/product\/lirene-acide-power-serum-exfoliant-30ml\/#primaryimage\",\"url\":\"https:\/\/pharmadreams.shop\/wp-content\/uploads\/2023\/12\/acide-power.png\",\"contentUrl\":\"https:\/\/pharmadreams.shop\/wp-content\/uploads\/2023\/12\/acide-power.png\",\"width\":912,\"height\":1022},{\"@type\":\"BreadcrumbList\",\"@id\":\"https:\/\/pharmadreams.shop\/index.php\/product\/lirene-acide-power-serum-exfoliant-30ml\/#breadcrumb\",\"itemListElement\":[{\"@type\":\"ListItem\",\"position\":1,\"name\":\"Accueil\",\"item\":\"https:\/\/pharmadreams.shop\/\"},{\"@type\":\"ListItem\",\"position\":2,\"name\":\"Shop\",\"item\":\"https:\/\/pharmadreams.shop\/index.php\/shop\/\"},{\"@type\":\"ListItem\",\"position\":3,\"name\":\"Lirene acide power s\u00e9rum exfoliant 30ml\"}]},{\"@type\":\"WebSite\",\"@id\":\"https:\/\/pharmadreams.shop\/#website\",\"url\":\"https:\/\/pharmadreams.shop\/\",\"name\":\"pharmadreams\",\"description\":\"Parapharmacie en ligne\",\"potentialAction\":[{\"@type\":\"SearchAction\",\"target\":{\"@type\":\"EntryPoint\",\"urlTemplate\":\"https:\/\/pharmadreams.shop\/?s={search_term_string}\"},\"query-input\":\"required name=search_term_string\"}],\"inLanguage\":\"fr-FR\"}]}<\/script>\n<!-- \/ Yoast SEO plugin. -->","yoast_head_json":{"title":"Lirene acide power s\u00e9rum exfoliant 30ml - pharmadreams","robots":{"index":"index","follow":"follow","max-snippet":"max-snippet:-1","max-image-preview":"max-image-preview:large","max-video-preview":"max-video-preview:-1"},"canonical":"https:\/\/pharmadreams.shop\/index.php\/product\/lirene-acide-power-serum-exfoliant-30ml\/","og_locale":"fr_FR","og_type":"article","og_title":"Lirene acide power s\u00e9rum exfoliant 30ml - pharmadreams","og_description":"LIRENE ACID POWER SERUM EXFOLIANT contient un complexe d'acides glycolique, mand\u00e9lique et phytique (7%) qui p\u00e9n\u00e8tre dans l'\u00e9piderme, stimulant fortement l'exfoliation des cellules k\u00e9ratinis\u00e9es et la formation de nouvelles.  LIRENE ACID POWER SERUM EXFOLIANT permet le renouvellement acc\u00e9l\u00e9r\u00e9 de l'\u00e9piderme, gr\u00e2ce auquel la peau est progressivement nettoy\u00e9e, et le nombre de d\u00e9colorations et de points noirs est r\u00e9duit.","og_url":"https:\/\/pharmadreams.shop\/index.php\/product\/lirene-acide-power-serum-exfoliant-30ml\/","og_site_name":"pharmadreams","article_modified_time":"2023-12-19T18:28:53+00:00","og_image":[{"width":912,"height":1022,"url":"https:\/\/pharmadreams.shop\/wp-content\/uploads\/2023\/12\/acide-power.png","type":"image\/png"}],"twitter_card":"summary_large_image","schema":{"@context":"https:\/\/schema.org","@graph":[{"@type":"WebPage","@id":"https:\/\/pharmadreams.shop\/index.php\/product\/lirene-acide-power-serum-exfoliant-30ml\/","url":"https:\/\/pharmadreams.shop\/index.php\/product\/lirene-acide-power-serum-exfoliant-30ml\/","name":"Lirene acide power s\u00e9rum exfoliant 30ml - pharmadreams","isPartOf":{"@id":"https:\/\/pharmadreams.shop\/#website"},"primaryImageOfPage":{"@id":"https:\/\/pharmadreams.shop\/index.php\/product\/lirene-acide-power-serum-exfoliant-30ml\/#primaryimage"},"image":{"@id":"https:\/\/pharmadreams.shop\/index.php\/product\/lirene-acide-power-serum-exfoliant-30ml\/#primaryimage"},"thumbnailUrl":"https:\/\/pharmadreams.shop\/wp-content\/uploads\/2023\/12\/acide-power.png","datePublished":"2023-12-19T18:28:00+00:00","dateModified":"2023-12-19T18:28:53+00:00","breadcrumb":{"@id":"https:\/\/pharmadreams.shop\/index.php\/product\/lirene-acide-power-serum-exfoliant-30ml\/#breadcrumb"},"inLanguage":"fr-FR","potentialAction":[{"@type":"ReadAction","target":["https:\/\/pharmadreams.shop\/index.php\/product\/lirene-acide-power-serum-exfoliant-30ml\/"]}]},{"@type":"ImageObject","inLanguage":"fr-FR","@id":"https:\/\/pharmadreams.shop\/index.php\/product\/lirene-acide-power-serum-exfoliant-30ml\/#primaryimage","url":"https:\/\/pharmadreams.shop\/wp-content\/uploads\/2023\/12\/acide-power.png","contentUrl":"https:\/\/pharmadreams.shop\/wp-content\/uploads\/2023\/12\/acide-power.png","width":912,"height":1022},{"@type":"BreadcrumbList","@id":"https:\/\/pharmadreams.shop\/index.php\/product\/lirene-acide-power-serum-exfoliant-30ml\/#breadcrumb","itemListElement":[{"@type":"ListItem","position":1,"name":"Accueil","item":"https:\/\/pharmadreams.shop\/"},{"@type":"ListItem","position":2,"name":"Shop","item":"https:\/\/pharmadreams.shop\/index.php\/shop\/"},{"@type":"ListItem","position":3,"name":"Lirene acide power s\u00e9rum exfoliant 30ml"}]},{"@type":"WebSite","@id":"https:\/\/pharmadreams.shop\/#website","url":"https:\/\/pharmadreams.shop\/","name":"pharmadreams","description":"Parapharmacie en ligne","potentialAction":[{"@type":"SearchAction","target":{"@type":"EntryPoint","urlTemplate":"https:\/\/pharmadreams.shop\/?s={search_term_string}"},"query-input":"required name=search_term_string"}],"inLanguage":"fr-FR"}]}},"_links":{"self":[{"href":"https:\/\/pharmadreams.shop\/index.php\/wp-json\/wp\/v2\/product\/16046","targetHints":{"allow":["GET"]}}],"collection":[{"href":"https:\/\/pharmadreams.shop\/index.php\/wp-json\/wp\/v2\/product"}],"about":[{"href":"https:\/\/pharmadreams.shop\/index.php\/wp-json\/wp\/v2\/types\/product"}],"replies":[{"embeddable":true,"href":"https:\/\/pharmadreams.shop\/index.php\/wp-json\/wp\/v2\/comments?post=16046"}],"version-history":[{"count":0,"href":"https:\/\/pharmadreams.shop\/index.php\/wp-json\/wp\/v2\/product\/16046\/revisions"}],"wp:featuredmedia":[{"embeddable":true,"href":"https:\/\/pharmadreams.shop\/index.php\/wp-json\/wp\/v2\/media\/16121"}],"wp:attachment":[{"href":"https:\/\/pharmadreams.shop\/index.php\/wp-json\/wp\/v2\/media?parent=16046"}],"wp:term":[{"taxonomy":"product_brand","embeddable":true,"href":"https:\/\/pharmadreams.shop\/index.php\/wp-json\/wp\/v2\/product_brand?post=16046"},{"taxonomy":"product_cat","embeddable":true,"href":"https:\/\/pharmadreams.shop\/index.php\/wp-json\/wp\/v2\/product_cat?post=16046"},{"taxonomy":"product_tag","embeddable":true,"href":"https:\/\/pharmadreams.shop\/index.php\/wp-json\/wp\/v2\/product_tag?post=16046"}],"curies":[{"name":"wp","href":"https:\/\/api.w.org\/{rel}","templated":true}]}}