{"id":16079,"date":"2023-12-19T19:28:25","date_gmt":"2023-12-19T18:28:25","guid":{"rendered":"https:\/\/venuspara.com\/?post_type=product&#038;p=16079"},"modified":"2023-12-19T19:29:50","modified_gmt":"2023-12-19T18:29:50","slug":"lirene-cd-creme-hydratante-en-profondeur-50ml","status":"publish","type":"product","link":"https:\/\/pharmadreams.shop\/index.php\/product\/lirene-cd-creme-hydratante-en-profondeur-50ml\/","title":{"rendered":"Lirene c+d cr\u00e8me hydratante en profondeur 50ml"},"content":{"rendered":"","protected":false},"excerpt":{"rendered":"<p>LIRENE C+D Cr\u00e8me Hydratante en Profondeur est un soin de jour et de nuit,\u00a0bas\u00e9 sur le complexe de vitamine Duo C associ\u00e9 \u00e0 la vitamine Dpro qui aide \u00e0 pr\u00e9server et prot\u00e9ger la jeunesse de la peau.<\/p>\n<p>LIRENE C+D Creme procure un \u00e9clat perceptible gr\u00e2ce \u00e0 la vitamine Duo C avec son effet revitalisant et \u00e9claircissant, combin\u00e9e \u00e0 la vitamine Dpro qui renforce la barri\u00e8re protectrice de l&rsquo;\u00e9piderme et renforce la r\u00e9g\u00e9n\u00e9ration cellulaire ; r\u00e9sultat : une peau \u00e9clatante, ferme et jeune.<\/p>\n<p>Le complexe SkinPROTECT utilis\u00e9 dans ce soin, cr\u00e9e un film protecteur sur la peau qui l&rsquo;aide pour r\u00e9sister mieux au dess\u00e8chement et assure avec la vitamine E la protection contre les radicaux libres ; r\u00e9sultat : une peau saine, nourrie et mieux prot\u00e9g\u00e9e contre les facteurs ext\u00e9rieurs.<\/p>\n<p>&nbsp;<\/p>\n","protected":false},"featured_media":16150,"comment_status":"open","ping_status":"closed","template":"","meta":[],"product_brand":[],"product_cat":[78,85,95,81,20],"product_tag":[],"class_list":{"0":"post-16079","1":"product","2":"type-product","3":"status-publish","4":"has-post-thumbnail","6":"product_cat-cremes","7":"product_cat-hydratation-et-nutrition","8":"product_cat-skin-care","9":"product_cat-soins-hydratants","10":"product_cat-visage","12":"first","13":"instock","14":"shipping-taxable","15":"purchasable","16":"product-type-simple"},"yoast_head":"<!-- This site is optimized with the Yoast SEO plugin v23.0 - https:\/\/yoast.com\/wordpress\/plugins\/seo\/ -->\n<title>Lirene c+d cr\u00e8me hydratante en profondeur 50ml - pharmadreams<\/title>\n<meta name=\"robots\" content=\"index, follow, max-snippet:-1, max-image-preview:large, max-video-preview:-1\" \/>\n<link rel=\"canonical\" href=\"https:\/\/pharmadreams.shop\/index.php\/product\/lirene-cd-creme-hydratante-en-profondeur-50ml\/\" \/>\n<meta property=\"og:locale\" content=\"fr_FR\" \/>\n<meta property=\"og:type\" content=\"article\" \/>\n<meta property=\"og:title\" content=\"Lirene c+d cr\u00e8me hydratante en profondeur 50ml - pharmadreams\" \/>\n<meta property=\"og:description\" content=\"LIRENE C+D Cr\u00e8me Hydratante en Profondeur est un soin de jour et de nuit,\u00a0bas\u00e9 sur le complexe de vitamine Duo C associ\u00e9 \u00e0 la vitamine Dpro qui aide \u00e0 pr\u00e9server et prot\u00e9ger la jeunesse de la peau.  LIRENE C+D Creme procure un \u00e9clat perceptible gr\u00e2ce \u00e0 la vitamine Duo C avec son effet revitalisant et \u00e9claircissant, combin\u00e9e \u00e0 la vitamine Dpro qui renforce la barri\u00e8re protectrice de l&#039;\u00e9piderme et renforce la r\u00e9g\u00e9n\u00e9ration cellulaire ; r\u00e9sultat : une peau \u00e9clatante, ferme et jeune.  Le complexe SkinPROTECT utilis\u00e9 dans ce soin, cr\u00e9e un film protecteur sur la peau qui l&#039;aide pour r\u00e9sister mieux au dess\u00e8chement et assure avec la vitamine E la protection contre les radicaux libres ; r\u00e9sultat : une peau saine, nourrie et mieux prot\u00e9g\u00e9e contre les facteurs ext\u00e9rieurs.  &nbsp;\" \/>\n<meta property=\"og:url\" content=\"https:\/\/pharmadreams.shop\/index.php\/product\/lirene-cd-creme-hydratante-en-profondeur-50ml\/\" \/>\n<meta property=\"og:site_name\" content=\"pharmadreams\" \/>\n<meta property=\"article:modified_time\" content=\"2023-12-19T18:29:50+00:00\" \/>\n<meta property=\"og:image\" content=\"https:\/\/pharmadreams.shop\/wp-content\/uploads\/2023\/12\/cd.png\" \/>\n\t<meta property=\"og:image:width\" content=\"1152\" \/>\n\t<meta property=\"og:image:height\" content=\"1160\" \/>\n\t<meta property=\"og:image:type\" content=\"image\/png\" \/>\n<meta name=\"twitter:card\" content=\"summary_large_image\" \/>\n<script type=\"application\/ld+json\" class=\"yoast-schema-graph\">{\"@context\":\"https:\/\/schema.org\",\"@graph\":[{\"@type\":\"WebPage\",\"@id\":\"https:\/\/pharmadreams.shop\/index.php\/product\/lirene-cd-creme-hydratante-en-profondeur-50ml\/\",\"url\":\"https:\/\/pharmadreams.shop\/index.php\/product\/lirene-cd-creme-hydratante-en-profondeur-50ml\/\",\"name\":\"Lirene c+d cr\u00e8me hydratante en profondeur 50ml - pharmadreams\",\"isPartOf\":{\"@id\":\"https:\/\/pharmadreams.shop\/#website\"},\"primaryImageOfPage\":{\"@id\":\"https:\/\/pharmadreams.shop\/index.php\/product\/lirene-cd-creme-hydratante-en-profondeur-50ml\/#primaryimage\"},\"image\":{\"@id\":\"https:\/\/pharmadreams.shop\/index.php\/product\/lirene-cd-creme-hydratante-en-profondeur-50ml\/#primaryimage\"},\"thumbnailUrl\":\"https:\/\/pharmadreams.shop\/wp-content\/uploads\/2023\/12\/cd.png\",\"datePublished\":\"2023-12-19T18:28:25+00:00\",\"dateModified\":\"2023-12-19T18:29:50+00:00\",\"breadcrumb\":{\"@id\":\"https:\/\/pharmadreams.shop\/index.php\/product\/lirene-cd-creme-hydratante-en-profondeur-50ml\/#breadcrumb\"},\"inLanguage\":\"fr-FR\",\"potentialAction\":[{\"@type\":\"ReadAction\",\"target\":[\"https:\/\/pharmadreams.shop\/index.php\/product\/lirene-cd-creme-hydratante-en-profondeur-50ml\/\"]}]},{\"@type\":\"ImageObject\",\"inLanguage\":\"fr-FR\",\"@id\":\"https:\/\/pharmadreams.shop\/index.php\/product\/lirene-cd-creme-hydratante-en-profondeur-50ml\/#primaryimage\",\"url\":\"https:\/\/pharmadreams.shop\/wp-content\/uploads\/2023\/12\/cd.png\",\"contentUrl\":\"https:\/\/pharmadreams.shop\/wp-content\/uploads\/2023\/12\/cd.png\",\"width\":1152,\"height\":1160},{\"@type\":\"BreadcrumbList\",\"@id\":\"https:\/\/pharmadreams.shop\/index.php\/product\/lirene-cd-creme-hydratante-en-profondeur-50ml\/#breadcrumb\",\"itemListElement\":[{\"@type\":\"ListItem\",\"position\":1,\"name\":\"Accueil\",\"item\":\"https:\/\/pharmadreams.shop\/\"},{\"@type\":\"ListItem\",\"position\":2,\"name\":\"Shop\",\"item\":\"https:\/\/pharmadreams.shop\/index.php\/shop\/\"},{\"@type\":\"ListItem\",\"position\":3,\"name\":\"Lirene c+d cr\u00e8me hydratante en profondeur 50ml\"}]},{\"@type\":\"WebSite\",\"@id\":\"https:\/\/pharmadreams.shop\/#website\",\"url\":\"https:\/\/pharmadreams.shop\/\",\"name\":\"pharmadreams\",\"description\":\"Parapharmacie en ligne\",\"potentialAction\":[{\"@type\":\"SearchAction\",\"target\":{\"@type\":\"EntryPoint\",\"urlTemplate\":\"https:\/\/pharmadreams.shop\/?s={search_term_string}\"},\"query-input\":\"required name=search_term_string\"}],\"inLanguage\":\"fr-FR\"}]}<\/script>\n<!-- \/ Yoast SEO plugin. -->","yoast_head_json":{"title":"Lirene c+d cr\u00e8me hydratante en profondeur 50ml - pharmadreams","robots":{"index":"index","follow":"follow","max-snippet":"max-snippet:-1","max-image-preview":"max-image-preview:large","max-video-preview":"max-video-preview:-1"},"canonical":"https:\/\/pharmadreams.shop\/index.php\/product\/lirene-cd-creme-hydratante-en-profondeur-50ml\/","og_locale":"fr_FR","og_type":"article","og_title":"Lirene c+d cr\u00e8me hydratante en profondeur 50ml - pharmadreams","og_description":"LIRENE C+D Cr\u00e8me Hydratante en Profondeur est un soin de jour et de nuit,\u00a0bas\u00e9 sur le complexe de vitamine Duo C associ\u00e9 \u00e0 la vitamine Dpro qui aide \u00e0 pr\u00e9server et prot\u00e9ger la jeunesse de la peau.  LIRENE C+D Creme procure un \u00e9clat perceptible gr\u00e2ce \u00e0 la vitamine Duo C avec son effet revitalisant et \u00e9claircissant, combin\u00e9e \u00e0 la vitamine Dpro qui renforce la barri\u00e8re protectrice de l'\u00e9piderme et renforce la r\u00e9g\u00e9n\u00e9ration cellulaire ; r\u00e9sultat : une peau \u00e9clatante, ferme et jeune.  Le complexe SkinPROTECT utilis\u00e9 dans ce soin, cr\u00e9e un film protecteur sur la peau qui l'aide pour r\u00e9sister mieux au dess\u00e8chement et assure avec la vitamine E la protection contre les radicaux libres ; r\u00e9sultat : une peau saine, nourrie et mieux prot\u00e9g\u00e9e contre les facteurs ext\u00e9rieurs.  &nbsp;","og_url":"https:\/\/pharmadreams.shop\/index.php\/product\/lirene-cd-creme-hydratante-en-profondeur-50ml\/","og_site_name":"pharmadreams","article_modified_time":"2023-12-19T18:29:50+00:00","og_image":[{"width":1152,"height":1160,"url":"https:\/\/pharmadreams.shop\/wp-content\/uploads\/2023\/12\/cd.png","type":"image\/png"}],"twitter_card":"summary_large_image","schema":{"@context":"https:\/\/schema.org","@graph":[{"@type":"WebPage","@id":"https:\/\/pharmadreams.shop\/index.php\/product\/lirene-cd-creme-hydratante-en-profondeur-50ml\/","url":"https:\/\/pharmadreams.shop\/index.php\/product\/lirene-cd-creme-hydratante-en-profondeur-50ml\/","name":"Lirene c+d cr\u00e8me hydratante en profondeur 50ml - pharmadreams","isPartOf":{"@id":"https:\/\/pharmadreams.shop\/#website"},"primaryImageOfPage":{"@id":"https:\/\/pharmadreams.shop\/index.php\/product\/lirene-cd-creme-hydratante-en-profondeur-50ml\/#primaryimage"},"image":{"@id":"https:\/\/pharmadreams.shop\/index.php\/product\/lirene-cd-creme-hydratante-en-profondeur-50ml\/#primaryimage"},"thumbnailUrl":"https:\/\/pharmadreams.shop\/wp-content\/uploads\/2023\/12\/cd.png","datePublished":"2023-12-19T18:28:25+00:00","dateModified":"2023-12-19T18:29:50+00:00","breadcrumb":{"@id":"https:\/\/pharmadreams.shop\/index.php\/product\/lirene-cd-creme-hydratante-en-profondeur-50ml\/#breadcrumb"},"inLanguage":"fr-FR","potentialAction":[{"@type":"ReadAction","target":["https:\/\/pharmadreams.shop\/index.php\/product\/lirene-cd-creme-hydratante-en-profondeur-50ml\/"]}]},{"@type":"ImageObject","inLanguage":"fr-FR","@id":"https:\/\/pharmadreams.shop\/index.php\/product\/lirene-cd-creme-hydratante-en-profondeur-50ml\/#primaryimage","url":"https:\/\/pharmadreams.shop\/wp-content\/uploads\/2023\/12\/cd.png","contentUrl":"https:\/\/pharmadreams.shop\/wp-content\/uploads\/2023\/12\/cd.png","width":1152,"height":1160},{"@type":"BreadcrumbList","@id":"https:\/\/pharmadreams.shop\/index.php\/product\/lirene-cd-creme-hydratante-en-profondeur-50ml\/#breadcrumb","itemListElement":[{"@type":"ListItem","position":1,"name":"Accueil","item":"https:\/\/pharmadreams.shop\/"},{"@type":"ListItem","position":2,"name":"Shop","item":"https:\/\/pharmadreams.shop\/index.php\/shop\/"},{"@type":"ListItem","position":3,"name":"Lirene c+d cr\u00e8me hydratante en profondeur 50ml"}]},{"@type":"WebSite","@id":"https:\/\/pharmadreams.shop\/#website","url":"https:\/\/pharmadreams.shop\/","name":"pharmadreams","description":"Parapharmacie en ligne","potentialAction":[{"@type":"SearchAction","target":{"@type":"EntryPoint","urlTemplate":"https:\/\/pharmadreams.shop\/?s={search_term_string}"},"query-input":"required name=search_term_string"}],"inLanguage":"fr-FR"}]}},"_links":{"self":[{"href":"https:\/\/pharmadreams.shop\/index.php\/wp-json\/wp\/v2\/product\/16079","targetHints":{"allow":["GET"]}}],"collection":[{"href":"https:\/\/pharmadreams.shop\/index.php\/wp-json\/wp\/v2\/product"}],"about":[{"href":"https:\/\/pharmadreams.shop\/index.php\/wp-json\/wp\/v2\/types\/product"}],"replies":[{"embeddable":true,"href":"https:\/\/pharmadreams.shop\/index.php\/wp-json\/wp\/v2\/comments?post=16079"}],"version-history":[{"count":0,"href":"https:\/\/pharmadreams.shop\/index.php\/wp-json\/wp\/v2\/product\/16079\/revisions"}],"wp:featuredmedia":[{"embeddable":true,"href":"https:\/\/pharmadreams.shop\/index.php\/wp-json\/wp\/v2\/media\/16150"}],"wp:attachment":[{"href":"https:\/\/pharmadreams.shop\/index.php\/wp-json\/wp\/v2\/media?parent=16079"}],"wp:term":[{"taxonomy":"product_brand","embeddable":true,"href":"https:\/\/pharmadreams.shop\/index.php\/wp-json\/wp\/v2\/product_brand?post=16079"},{"taxonomy":"product_cat","embeddable":true,"href":"https:\/\/pharmadreams.shop\/index.php\/wp-json\/wp\/v2\/product_cat?post=16079"},{"taxonomy":"product_tag","embeddable":true,"href":"https:\/\/pharmadreams.shop\/index.php\/wp-json\/wp\/v2\/product_tag?post=16079"}],"curies":[{"name":"wp","href":"https:\/\/api.w.org\/{rel}","templated":true}]}}