{"id":16083,"date":"2023-12-19T19:28:26","date_gmt":"2023-12-19T18:28:26","guid":{"rendered":"https:\/\/venuspara.com\/?post_type=product&#038;p=16083"},"modified":"2023-12-19T19:29:57","modified_gmt":"2023-12-19T18:29:57","slug":"lirene-acid-power-serum-lissant-a-lextrait-de-rose-30ml","status":"publish","type":"product","link":"https:\/\/pharmadreams.shop\/index.php\/product\/lirene-acid-power-serum-lissant-a-lextrait-de-rose-30ml\/","title":{"rendered":"Lirene acid power s\u00e9rum lissant \u00e0 l&rsquo;extrait de rose 30ml"},"content":{"rendered":"","protected":false},"excerpt":{"rendered":"<p>LIRENE ACID POWER SERUM LISSANT poss\u00e8de une formules innovante\u00a0contenant une combinaison unique d&rsquo;acides cosm\u00e9tiques sp\u00e9cialis\u00e9s dans une concentration \u00e9lev\u00e9e &#8211; 7% et d&rsquo;hydrolats apaisants. Un pH correctement s\u00e9lectionn\u00e9 minimise le risque d&rsquo;irritation et de desquamation disgracieuse de la peau, permettant une stimulation r\u00e9guli\u00e8re et non agressive des cellules pour la r\u00e9g\u00e9n\u00e9ration.<\/p>\n<p>Gr\u00e2ce \u00e0 cela, la structure et la couleur de la peau s&rsquo;unifient progressivement et le visage retrouve sa fra\u00eecheur et son \u00e9clat de jeunesse.<\/p>\n<p>LES ACIDES AHA\/PHA PERMETTENT DE:<\/p>\n<ul>\n<li>r\u00e9duire les imperfections et les d\u00e9colorations<\/li>\n<li>r\u00e9guler le renouvellement cellulaire, r\u00e9duire les rides<\/li>\n<li>d\u00e9sobstrue les pores et uniformise le grain de peau<\/li>\n<li>hydrater la peau.<\/li>\n<\/ul>\n","protected":false},"featured_media":16158,"comment_status":"open","ping_status":"closed","template":"","meta":[],"product_brand":[],"product_cat":[100,94,95,80,81,20],"product_tag":[],"class_list":{"0":"post-16083","1":"product","2":"type-product","3":"status-publish","4":"has-post-thumbnail","6":"product_cat-anti-age","7":"product_cat-serum","8":"product_cat-skin-care","9":"product_cat-soins","10":"product_cat-soins-hydratants","11":"product_cat-visage","13":"first","14":"instock","15":"shipping-taxable","16":"purchasable","17":"product-type-simple"},"yoast_head":"<!-- This site is optimized with the Yoast SEO plugin v23.0 - https:\/\/yoast.com\/wordpress\/plugins\/seo\/ -->\n<title>Lirene acid power s\u00e9rum lissant \u00e0 l&#039;extrait de rose 30ml - pharmadreams<\/title>\n<meta name=\"robots\" content=\"index, follow, max-snippet:-1, max-image-preview:large, max-video-preview:-1\" \/>\n<link rel=\"canonical\" href=\"https:\/\/pharmadreams.shop\/index.php\/product\/lirene-acid-power-serum-lissant-a-lextrait-de-rose-30ml\/\" \/>\n<meta property=\"og:locale\" content=\"fr_FR\" \/>\n<meta property=\"og:type\" content=\"article\" \/>\n<meta property=\"og:title\" content=\"Lirene acid power s\u00e9rum lissant \u00e0 l&#039;extrait de rose 30ml - pharmadreams\" \/>\n<meta property=\"og:description\" content=\"LIRENE ACID POWER SERUM LISSANT poss\u00e8de une formules innovante\u00a0contenant une combinaison unique d&#039;acides cosm\u00e9tiques sp\u00e9cialis\u00e9s dans une concentration \u00e9lev\u00e9e - 7% et d&#039;hydrolats apaisants. Un pH correctement s\u00e9lectionn\u00e9 minimise le risque d&#039;irritation et de desquamation disgracieuse de la peau, permettant une stimulation r\u00e9guli\u00e8re et non agressive des cellules pour la r\u00e9g\u00e9n\u00e9ration.  Gr\u00e2ce \u00e0 cela, la structure et la couleur de la peau s&#039;unifient progressivement et le visage retrouve sa fra\u00eecheur et son \u00e9clat de jeunesse.  LES ACIDES AHA\/PHA PERMETTENT DE:   r\u00e9duire les imperfections et les d\u00e9colorations  r\u00e9guler le renouvellement cellulaire, r\u00e9duire les rides  d\u00e9sobstrue les pores et uniformise le grain de peau  hydrater la peau.\" \/>\n<meta property=\"og:url\" content=\"https:\/\/pharmadreams.shop\/index.php\/product\/lirene-acid-power-serum-lissant-a-lextrait-de-rose-30ml\/\" \/>\n<meta property=\"og:site_name\" content=\"pharmadreams\" \/>\n<meta property=\"article:modified_time\" content=\"2023-12-19T18:29:57+00:00\" \/>\n<meta property=\"og:image\" content=\"https:\/\/pharmadreams.shop\/wp-content\/uploads\/2023\/12\/power-acide-serumviolet-4.png\" \/>\n\t<meta property=\"og:image:width\" content=\"544\" \/>\n\t<meta property=\"og:image:height\" content=\"592\" \/>\n\t<meta property=\"og:image:type\" content=\"image\/png\" \/>\n<meta name=\"twitter:card\" content=\"summary_large_image\" \/>\n<script type=\"application\/ld+json\" class=\"yoast-schema-graph\">{\"@context\":\"https:\/\/schema.org\",\"@graph\":[{\"@type\":\"WebPage\",\"@id\":\"https:\/\/pharmadreams.shop\/index.php\/product\/lirene-acid-power-serum-lissant-a-lextrait-de-rose-30ml\/\",\"url\":\"https:\/\/pharmadreams.shop\/index.php\/product\/lirene-acid-power-serum-lissant-a-lextrait-de-rose-30ml\/\",\"name\":\"Lirene acid power s\u00e9rum lissant \u00e0 l'extrait de rose 30ml - pharmadreams\",\"isPartOf\":{\"@id\":\"https:\/\/pharmadreams.shop\/#website\"},\"primaryImageOfPage\":{\"@id\":\"https:\/\/pharmadreams.shop\/index.php\/product\/lirene-acid-power-serum-lissant-a-lextrait-de-rose-30ml\/#primaryimage\"},\"image\":{\"@id\":\"https:\/\/pharmadreams.shop\/index.php\/product\/lirene-acid-power-serum-lissant-a-lextrait-de-rose-30ml\/#primaryimage\"},\"thumbnailUrl\":\"https:\/\/pharmadreams.shop\/wp-content\/uploads\/2023\/12\/power-acide-serumviolet-4.png\",\"datePublished\":\"2023-12-19T18:28:26+00:00\",\"dateModified\":\"2023-12-19T18:29:57+00:00\",\"breadcrumb\":{\"@id\":\"https:\/\/pharmadreams.shop\/index.php\/product\/lirene-acid-power-serum-lissant-a-lextrait-de-rose-30ml\/#breadcrumb\"},\"inLanguage\":\"fr-FR\",\"potentialAction\":[{\"@type\":\"ReadAction\",\"target\":[\"https:\/\/pharmadreams.shop\/index.php\/product\/lirene-acid-power-serum-lissant-a-lextrait-de-rose-30ml\/\"]}]},{\"@type\":\"ImageObject\",\"inLanguage\":\"fr-FR\",\"@id\":\"https:\/\/pharmadreams.shop\/index.php\/product\/lirene-acid-power-serum-lissant-a-lextrait-de-rose-30ml\/#primaryimage\",\"url\":\"https:\/\/pharmadreams.shop\/wp-content\/uploads\/2023\/12\/power-acide-serumviolet-4.png\",\"contentUrl\":\"https:\/\/pharmadreams.shop\/wp-content\/uploads\/2023\/12\/power-acide-serumviolet-4.png\",\"width\":544,\"height\":592},{\"@type\":\"BreadcrumbList\",\"@id\":\"https:\/\/pharmadreams.shop\/index.php\/product\/lirene-acid-power-serum-lissant-a-lextrait-de-rose-30ml\/#breadcrumb\",\"itemListElement\":[{\"@type\":\"ListItem\",\"position\":1,\"name\":\"Accueil\",\"item\":\"https:\/\/pharmadreams.shop\/\"},{\"@type\":\"ListItem\",\"position\":2,\"name\":\"Shop\",\"item\":\"https:\/\/pharmadreams.shop\/index.php\/shop\/\"},{\"@type\":\"ListItem\",\"position\":3,\"name\":\"Lirene acid power s\u00e9rum lissant \u00e0 l&#8217;extrait de rose 30ml\"}]},{\"@type\":\"WebSite\",\"@id\":\"https:\/\/pharmadreams.shop\/#website\",\"url\":\"https:\/\/pharmadreams.shop\/\",\"name\":\"pharmadreams\",\"description\":\"Parapharmacie en ligne\",\"potentialAction\":[{\"@type\":\"SearchAction\",\"target\":{\"@type\":\"EntryPoint\",\"urlTemplate\":\"https:\/\/pharmadreams.shop\/?s={search_term_string}\"},\"query-input\":\"required name=search_term_string\"}],\"inLanguage\":\"fr-FR\"}]}<\/script>\n<!-- \/ Yoast SEO plugin. -->","yoast_head_json":{"title":"Lirene acid power s\u00e9rum lissant \u00e0 l'extrait de rose 30ml - pharmadreams","robots":{"index":"index","follow":"follow","max-snippet":"max-snippet:-1","max-image-preview":"max-image-preview:large","max-video-preview":"max-video-preview:-1"},"canonical":"https:\/\/pharmadreams.shop\/index.php\/product\/lirene-acid-power-serum-lissant-a-lextrait-de-rose-30ml\/","og_locale":"fr_FR","og_type":"article","og_title":"Lirene acid power s\u00e9rum lissant \u00e0 l'extrait de rose 30ml - pharmadreams","og_description":"LIRENE ACID POWER SERUM LISSANT poss\u00e8de une formules innovante\u00a0contenant une combinaison unique d'acides cosm\u00e9tiques sp\u00e9cialis\u00e9s dans une concentration \u00e9lev\u00e9e - 7% et d'hydrolats apaisants. Un pH correctement s\u00e9lectionn\u00e9 minimise le risque d'irritation et de desquamation disgracieuse de la peau, permettant une stimulation r\u00e9guli\u00e8re et non agressive des cellules pour la r\u00e9g\u00e9n\u00e9ration.  Gr\u00e2ce \u00e0 cela, la structure et la couleur de la peau s'unifient progressivement et le visage retrouve sa fra\u00eecheur et son \u00e9clat de jeunesse.  LES ACIDES AHA\/PHA PERMETTENT DE:   r\u00e9duire les imperfections et les d\u00e9colorations  r\u00e9guler le renouvellement cellulaire, r\u00e9duire les rides  d\u00e9sobstrue les pores et uniformise le grain de peau  hydrater la peau.","og_url":"https:\/\/pharmadreams.shop\/index.php\/product\/lirene-acid-power-serum-lissant-a-lextrait-de-rose-30ml\/","og_site_name":"pharmadreams","article_modified_time":"2023-12-19T18:29:57+00:00","og_image":[{"width":544,"height":592,"url":"https:\/\/pharmadreams.shop\/wp-content\/uploads\/2023\/12\/power-acide-serumviolet-4.png","type":"image\/png"}],"twitter_card":"summary_large_image","schema":{"@context":"https:\/\/schema.org","@graph":[{"@type":"WebPage","@id":"https:\/\/pharmadreams.shop\/index.php\/product\/lirene-acid-power-serum-lissant-a-lextrait-de-rose-30ml\/","url":"https:\/\/pharmadreams.shop\/index.php\/product\/lirene-acid-power-serum-lissant-a-lextrait-de-rose-30ml\/","name":"Lirene acid power s\u00e9rum lissant \u00e0 l'extrait de rose 30ml - pharmadreams","isPartOf":{"@id":"https:\/\/pharmadreams.shop\/#website"},"primaryImageOfPage":{"@id":"https:\/\/pharmadreams.shop\/index.php\/product\/lirene-acid-power-serum-lissant-a-lextrait-de-rose-30ml\/#primaryimage"},"image":{"@id":"https:\/\/pharmadreams.shop\/index.php\/product\/lirene-acid-power-serum-lissant-a-lextrait-de-rose-30ml\/#primaryimage"},"thumbnailUrl":"https:\/\/pharmadreams.shop\/wp-content\/uploads\/2023\/12\/power-acide-serumviolet-4.png","datePublished":"2023-12-19T18:28:26+00:00","dateModified":"2023-12-19T18:29:57+00:00","breadcrumb":{"@id":"https:\/\/pharmadreams.shop\/index.php\/product\/lirene-acid-power-serum-lissant-a-lextrait-de-rose-30ml\/#breadcrumb"},"inLanguage":"fr-FR","potentialAction":[{"@type":"ReadAction","target":["https:\/\/pharmadreams.shop\/index.php\/product\/lirene-acid-power-serum-lissant-a-lextrait-de-rose-30ml\/"]}]},{"@type":"ImageObject","inLanguage":"fr-FR","@id":"https:\/\/pharmadreams.shop\/index.php\/product\/lirene-acid-power-serum-lissant-a-lextrait-de-rose-30ml\/#primaryimage","url":"https:\/\/pharmadreams.shop\/wp-content\/uploads\/2023\/12\/power-acide-serumviolet-4.png","contentUrl":"https:\/\/pharmadreams.shop\/wp-content\/uploads\/2023\/12\/power-acide-serumviolet-4.png","width":544,"height":592},{"@type":"BreadcrumbList","@id":"https:\/\/pharmadreams.shop\/index.php\/product\/lirene-acid-power-serum-lissant-a-lextrait-de-rose-30ml\/#breadcrumb","itemListElement":[{"@type":"ListItem","position":1,"name":"Accueil","item":"https:\/\/pharmadreams.shop\/"},{"@type":"ListItem","position":2,"name":"Shop","item":"https:\/\/pharmadreams.shop\/index.php\/shop\/"},{"@type":"ListItem","position":3,"name":"Lirene acid power s\u00e9rum lissant \u00e0 l&#8217;extrait de rose 30ml"}]},{"@type":"WebSite","@id":"https:\/\/pharmadreams.shop\/#website","url":"https:\/\/pharmadreams.shop\/","name":"pharmadreams","description":"Parapharmacie en ligne","potentialAction":[{"@type":"SearchAction","target":{"@type":"EntryPoint","urlTemplate":"https:\/\/pharmadreams.shop\/?s={search_term_string}"},"query-input":"required name=search_term_string"}],"inLanguage":"fr-FR"}]}},"_links":{"self":[{"href":"https:\/\/pharmadreams.shop\/index.php\/wp-json\/wp\/v2\/product\/16083","targetHints":{"allow":["GET"]}}],"collection":[{"href":"https:\/\/pharmadreams.shop\/index.php\/wp-json\/wp\/v2\/product"}],"about":[{"href":"https:\/\/pharmadreams.shop\/index.php\/wp-json\/wp\/v2\/types\/product"}],"replies":[{"embeddable":true,"href":"https:\/\/pharmadreams.shop\/index.php\/wp-json\/wp\/v2\/comments?post=16083"}],"version-history":[{"count":0,"href":"https:\/\/pharmadreams.shop\/index.php\/wp-json\/wp\/v2\/product\/16083\/revisions"}],"wp:featuredmedia":[{"embeddable":true,"href":"https:\/\/pharmadreams.shop\/index.php\/wp-json\/wp\/v2\/media\/16158"}],"wp:attachment":[{"href":"https:\/\/pharmadreams.shop\/index.php\/wp-json\/wp\/v2\/media?parent=16083"}],"wp:term":[{"taxonomy":"product_brand","embeddable":true,"href":"https:\/\/pharmadreams.shop\/index.php\/wp-json\/wp\/v2\/product_brand?post=16083"},{"taxonomy":"product_cat","embeddable":true,"href":"https:\/\/pharmadreams.shop\/index.php\/wp-json\/wp\/v2\/product_cat?post=16083"},{"taxonomy":"product_tag","embeddable":true,"href":"https:\/\/pharmadreams.shop\/index.php\/wp-json\/wp\/v2\/product_tag?post=16083"}],"curies":[{"name":"wp","href":"https:\/\/api.w.org\/{rel}","templated":true}]}}