{"id":16084,"date":"2023-12-19T19:28:26","date_gmt":"2023-12-19T18:28:26","guid":{"rendered":"https:\/\/venuspara.com\/?post_type=product&#038;p=16084"},"modified":"2023-12-19T19:30:00","modified_gmt":"2023-12-19T18:30:00","slug":"cerave-creme-lavante-hydratante-236ml","status":"publish","type":"product","link":"https:\/\/pharmadreams.shop\/index.php\/product\/cerave-creme-lavante-hydratante-236ml\/","title":{"rendered":"Cerave cr\u00e8me lavante hydratante 236ml"},"content":{"rendered":"","protected":false},"excerpt":{"rendered":"<p>CeraVe Creme Lavante Hydratante nettoie et hydrate en douceur, aide \u00e0 renforcer la barri\u00e8re protectrice de la peau.<\/p>\n<p>D\u00e9velopp\u00e9e avec des dermatologues, cerave creme lavante hydratante nettoie et hydrate efficacement sans alt\u00e9rer la barri\u00e8re protectrice de la peau. Enrichie aux 3 c\u00e9ramides essentiels (1, 3, 6-II) et acide hyaluronique, cr\u00e8me lavante cerave, onctueuse et non moussante, nettoie et hydrate la peau d\u00e8s la premi\u00e8re utilisation, tout en laissant un fini de peau doux et soyeux.<\/p>\n<ul>\n<li>Trois c\u00e9ramides essentiels pour aider \u00e0 maintenir la peau hydrat\u00e9e et \u00e0 restaurer la barri\u00e8re cutan\u00e9e.<\/li>\n<li>La Technologie MVE permet d\u2019encapsuler les actifs et de les diffuser dans la peau en continu. Cela permet de restaurer la barri\u00e8re cutan\u00e9e et de l\u2019hydrater tout au long de la journ\u00e9e apr\u00e8s seulement une application<\/li>\n<\/ul>\n<p>CeraVe Creme Lavante Hydratante convient aux peaux normales \u00e0 s\u00e8ches du corps et visage.<\/p>\n","protected":false},"featured_media":16160,"comment_status":"open","ping_status":"closed","template":"","meta":[],"product_brand":[],"product_cat":[78,85,79,80,20],"product_tag":[],"class_list":{"0":"post-16084","1":"product","2":"type-product","3":"status-publish","4":"has-post-thumbnail","6":"product_cat-cremes","7":"product_cat-hydratation-et-nutrition","8":"product_cat-peaux-seches","9":"product_cat-soins","10":"product_cat-visage","12":"first","13":"instock","14":"shipping-taxable","15":"purchasable","16":"product-type-simple"},"yoast_head":"<!-- This site is optimized with the Yoast SEO plugin v23.0 - https:\/\/yoast.com\/wordpress\/plugins\/seo\/ -->\n<title>Cerave cr\u00e8me lavante hydratante 236ml - pharmadreams<\/title>\n<meta name=\"robots\" content=\"index, follow, max-snippet:-1, max-image-preview:large, max-video-preview:-1\" \/>\n<link rel=\"canonical\" href=\"https:\/\/pharmadreams.shop\/index.php\/product\/cerave-creme-lavante-hydratante-236ml\/\" \/>\n<meta property=\"og:locale\" content=\"fr_FR\" \/>\n<meta property=\"og:type\" content=\"article\" \/>\n<meta property=\"og:title\" content=\"Cerave cr\u00e8me lavante hydratante 236ml - pharmadreams\" \/>\n<meta property=\"og:description\" content=\"CeraVe Creme Lavante Hydratante nettoie et hydrate en douceur, aide \u00e0 renforcer la barri\u00e8re protectrice de la peau.  D\u00e9velopp\u00e9e avec des dermatologues, cerave creme lavante hydratante nettoie et hydrate efficacement sans alt\u00e9rer la barri\u00e8re protectrice de la peau. Enrichie aux 3 c\u00e9ramides essentiels (1, 3, 6-II) et acide hyaluronique, cr\u00e8me lavante cerave, onctueuse et non moussante, nettoie et hydrate la peau d\u00e8s la premi\u00e8re utilisation, tout en laissant un fini de peau doux et soyeux.   Trois c\u00e9ramides essentiels pour aider \u00e0 maintenir la peau hydrat\u00e9e et \u00e0 restaurer la barri\u00e8re cutan\u00e9e.  La Technologie MVE permet d\u2019encapsuler les actifs et de les diffuser dans la peau en continu. Cela permet de restaurer la barri\u00e8re cutan\u00e9e et de l\u2019hydrater tout au long de la journ\u00e9e apr\u00e8s seulement une application  CeraVe Creme Lavante Hydratante convient aux peaux normales \u00e0 s\u00e8ches du corps et visage.\" \/>\n<meta property=\"og:url\" content=\"https:\/\/pharmadreams.shop\/index.php\/product\/cerave-creme-lavante-hydratante-236ml\/\" \/>\n<meta property=\"og:site_name\" content=\"pharmadreams\" \/>\n<meta property=\"article:modified_time\" content=\"2023-12-19T18:30:00+00:00\" \/>\n<meta property=\"og:image\" content=\"https:\/\/pharmadreams.shop\/wp-content\/uploads\/2023\/12\/cerave-lavante.png\" \/>\n\t<meta property=\"og:image:width\" content=\"1392\" \/>\n\t<meta property=\"og:image:height\" content=\"1520\" \/>\n\t<meta property=\"og:image:type\" content=\"image\/png\" \/>\n<meta name=\"twitter:card\" content=\"summary_large_image\" \/>\n<script type=\"application\/ld+json\" class=\"yoast-schema-graph\">{\"@context\":\"https:\/\/schema.org\",\"@graph\":[{\"@type\":\"WebPage\",\"@id\":\"https:\/\/pharmadreams.shop\/index.php\/product\/cerave-creme-lavante-hydratante-236ml\/\",\"url\":\"https:\/\/pharmadreams.shop\/index.php\/product\/cerave-creme-lavante-hydratante-236ml\/\",\"name\":\"Cerave cr\u00e8me lavante hydratante 236ml - pharmadreams\",\"isPartOf\":{\"@id\":\"https:\/\/pharmadreams.shop\/#website\"},\"primaryImageOfPage\":{\"@id\":\"https:\/\/pharmadreams.shop\/index.php\/product\/cerave-creme-lavante-hydratante-236ml\/#primaryimage\"},\"image\":{\"@id\":\"https:\/\/pharmadreams.shop\/index.php\/product\/cerave-creme-lavante-hydratante-236ml\/#primaryimage\"},\"thumbnailUrl\":\"https:\/\/pharmadreams.shop\/wp-content\/uploads\/2023\/12\/cerave-lavante.png\",\"datePublished\":\"2023-12-19T18:28:26+00:00\",\"dateModified\":\"2023-12-19T18:30:00+00:00\",\"breadcrumb\":{\"@id\":\"https:\/\/pharmadreams.shop\/index.php\/product\/cerave-creme-lavante-hydratante-236ml\/#breadcrumb\"},\"inLanguage\":\"fr-FR\",\"potentialAction\":[{\"@type\":\"ReadAction\",\"target\":[\"https:\/\/pharmadreams.shop\/index.php\/product\/cerave-creme-lavante-hydratante-236ml\/\"]}]},{\"@type\":\"ImageObject\",\"inLanguage\":\"fr-FR\",\"@id\":\"https:\/\/pharmadreams.shop\/index.php\/product\/cerave-creme-lavante-hydratante-236ml\/#primaryimage\",\"url\":\"https:\/\/pharmadreams.shop\/wp-content\/uploads\/2023\/12\/cerave-lavante.png\",\"contentUrl\":\"https:\/\/pharmadreams.shop\/wp-content\/uploads\/2023\/12\/cerave-lavante.png\",\"width\":1392,\"height\":1520},{\"@type\":\"BreadcrumbList\",\"@id\":\"https:\/\/pharmadreams.shop\/index.php\/product\/cerave-creme-lavante-hydratante-236ml\/#breadcrumb\",\"itemListElement\":[{\"@type\":\"ListItem\",\"position\":1,\"name\":\"Accueil\",\"item\":\"https:\/\/pharmadreams.shop\/\"},{\"@type\":\"ListItem\",\"position\":2,\"name\":\"Shop\",\"item\":\"https:\/\/pharmadreams.shop\/index.php\/shop\/\"},{\"@type\":\"ListItem\",\"position\":3,\"name\":\"Cerave cr\u00e8me lavante hydratante 236ml\"}]},{\"@type\":\"WebSite\",\"@id\":\"https:\/\/pharmadreams.shop\/#website\",\"url\":\"https:\/\/pharmadreams.shop\/\",\"name\":\"pharmadreams\",\"description\":\"Parapharmacie en ligne\",\"potentialAction\":[{\"@type\":\"SearchAction\",\"target\":{\"@type\":\"EntryPoint\",\"urlTemplate\":\"https:\/\/pharmadreams.shop\/?s={search_term_string}\"},\"query-input\":\"required name=search_term_string\"}],\"inLanguage\":\"fr-FR\"}]}<\/script>\n<!-- \/ Yoast SEO plugin. -->","yoast_head_json":{"title":"Cerave cr\u00e8me lavante hydratante 236ml - pharmadreams","robots":{"index":"index","follow":"follow","max-snippet":"max-snippet:-1","max-image-preview":"max-image-preview:large","max-video-preview":"max-video-preview:-1"},"canonical":"https:\/\/pharmadreams.shop\/index.php\/product\/cerave-creme-lavante-hydratante-236ml\/","og_locale":"fr_FR","og_type":"article","og_title":"Cerave cr\u00e8me lavante hydratante 236ml - pharmadreams","og_description":"CeraVe Creme Lavante Hydratante nettoie et hydrate en douceur, aide \u00e0 renforcer la barri\u00e8re protectrice de la peau.  D\u00e9velopp\u00e9e avec des dermatologues, cerave creme lavante hydratante nettoie et hydrate efficacement sans alt\u00e9rer la barri\u00e8re protectrice de la peau. Enrichie aux 3 c\u00e9ramides essentiels (1, 3, 6-II) et acide hyaluronique, cr\u00e8me lavante cerave, onctueuse et non moussante, nettoie et hydrate la peau d\u00e8s la premi\u00e8re utilisation, tout en laissant un fini de peau doux et soyeux.   Trois c\u00e9ramides essentiels pour aider \u00e0 maintenir la peau hydrat\u00e9e et \u00e0 restaurer la barri\u00e8re cutan\u00e9e.  La Technologie MVE permet d\u2019encapsuler les actifs et de les diffuser dans la peau en continu. Cela permet de restaurer la barri\u00e8re cutan\u00e9e et de l\u2019hydrater tout au long de la journ\u00e9e apr\u00e8s seulement une application  CeraVe Creme Lavante Hydratante convient aux peaux normales \u00e0 s\u00e8ches du corps et visage.","og_url":"https:\/\/pharmadreams.shop\/index.php\/product\/cerave-creme-lavante-hydratante-236ml\/","og_site_name":"pharmadreams","article_modified_time":"2023-12-19T18:30:00+00:00","og_image":[{"width":1392,"height":1520,"url":"https:\/\/pharmadreams.shop\/wp-content\/uploads\/2023\/12\/cerave-lavante.png","type":"image\/png"}],"twitter_card":"summary_large_image","schema":{"@context":"https:\/\/schema.org","@graph":[{"@type":"WebPage","@id":"https:\/\/pharmadreams.shop\/index.php\/product\/cerave-creme-lavante-hydratante-236ml\/","url":"https:\/\/pharmadreams.shop\/index.php\/product\/cerave-creme-lavante-hydratante-236ml\/","name":"Cerave cr\u00e8me lavante hydratante 236ml - pharmadreams","isPartOf":{"@id":"https:\/\/pharmadreams.shop\/#website"},"primaryImageOfPage":{"@id":"https:\/\/pharmadreams.shop\/index.php\/product\/cerave-creme-lavante-hydratante-236ml\/#primaryimage"},"image":{"@id":"https:\/\/pharmadreams.shop\/index.php\/product\/cerave-creme-lavante-hydratante-236ml\/#primaryimage"},"thumbnailUrl":"https:\/\/pharmadreams.shop\/wp-content\/uploads\/2023\/12\/cerave-lavante.png","datePublished":"2023-12-19T18:28:26+00:00","dateModified":"2023-12-19T18:30:00+00:00","breadcrumb":{"@id":"https:\/\/pharmadreams.shop\/index.php\/product\/cerave-creme-lavante-hydratante-236ml\/#breadcrumb"},"inLanguage":"fr-FR","potentialAction":[{"@type":"ReadAction","target":["https:\/\/pharmadreams.shop\/index.php\/product\/cerave-creme-lavante-hydratante-236ml\/"]}]},{"@type":"ImageObject","inLanguage":"fr-FR","@id":"https:\/\/pharmadreams.shop\/index.php\/product\/cerave-creme-lavante-hydratante-236ml\/#primaryimage","url":"https:\/\/pharmadreams.shop\/wp-content\/uploads\/2023\/12\/cerave-lavante.png","contentUrl":"https:\/\/pharmadreams.shop\/wp-content\/uploads\/2023\/12\/cerave-lavante.png","width":1392,"height":1520},{"@type":"BreadcrumbList","@id":"https:\/\/pharmadreams.shop\/index.php\/product\/cerave-creme-lavante-hydratante-236ml\/#breadcrumb","itemListElement":[{"@type":"ListItem","position":1,"name":"Accueil","item":"https:\/\/pharmadreams.shop\/"},{"@type":"ListItem","position":2,"name":"Shop","item":"https:\/\/pharmadreams.shop\/index.php\/shop\/"},{"@type":"ListItem","position":3,"name":"Cerave cr\u00e8me lavante hydratante 236ml"}]},{"@type":"WebSite","@id":"https:\/\/pharmadreams.shop\/#website","url":"https:\/\/pharmadreams.shop\/","name":"pharmadreams","description":"Parapharmacie en ligne","potentialAction":[{"@type":"SearchAction","target":{"@type":"EntryPoint","urlTemplate":"https:\/\/pharmadreams.shop\/?s={search_term_string}"},"query-input":"required name=search_term_string"}],"inLanguage":"fr-FR"}]}},"_links":{"self":[{"href":"https:\/\/pharmadreams.shop\/index.php\/wp-json\/wp\/v2\/product\/16084","targetHints":{"allow":["GET"]}}],"collection":[{"href":"https:\/\/pharmadreams.shop\/index.php\/wp-json\/wp\/v2\/product"}],"about":[{"href":"https:\/\/pharmadreams.shop\/index.php\/wp-json\/wp\/v2\/types\/product"}],"replies":[{"embeddable":true,"href":"https:\/\/pharmadreams.shop\/index.php\/wp-json\/wp\/v2\/comments?post=16084"}],"version-history":[{"count":0,"href":"https:\/\/pharmadreams.shop\/index.php\/wp-json\/wp\/v2\/product\/16084\/revisions"}],"wp:featuredmedia":[{"embeddable":true,"href":"https:\/\/pharmadreams.shop\/index.php\/wp-json\/wp\/v2\/media\/16160"}],"wp:attachment":[{"href":"https:\/\/pharmadreams.shop\/index.php\/wp-json\/wp\/v2\/media?parent=16084"}],"wp:term":[{"taxonomy":"product_brand","embeddable":true,"href":"https:\/\/pharmadreams.shop\/index.php\/wp-json\/wp\/v2\/product_brand?post=16084"},{"taxonomy":"product_cat","embeddable":true,"href":"https:\/\/pharmadreams.shop\/index.php\/wp-json\/wp\/v2\/product_cat?post=16084"},{"taxonomy":"product_tag","embeddable":true,"href":"https:\/\/pharmadreams.shop\/index.php\/wp-json\/wp\/v2\/product_tag?post=16084"}],"curies":[{"name":"wp","href":"https:\/\/api.w.org\/{rel}","templated":true}]}}