{"id":16117,"date":"2023-12-19T19:28:51","date_gmt":"2023-12-19T18:28:51","guid":{"rendered":"https:\/\/venuspara.com\/?post_type=product&#038;p=16117"},"modified":"2024-05-10T13:20:42","modified_gmt":"2024-05-10T12:20:42","slug":"isdin-isdinceutics-prevent-hyaluronic-concentrate-serum-30ml","status":"publish","type":"product","link":"https:\/\/pharmadreams.shop\/index.php\/product\/isdin-isdinceutics-prevent-hyaluronic-concentrate-serum-30ml\/","title":{"rendered":"Isdin isdinceutics prevent hyaluronic concentrate s\u00e9rum 30ml"},"content":{"rendered":"","protected":false},"excerpt":{"rendered":"<p style=\"font-weight: 400;\">Hyaluronic Concentrate est un s\u00e9rum pour le visage \u00e0 base d&rsquo;acide hyaluronique pur de poids mol\u00e9culaire bas et moyen et d&rsquo;une texture aqua-gel qui procure une hydratation superficielle et profonde. Il aide \u00e0 repulper la peau et \u00e0 pr\u00e9venir les premi\u00e8res rides et lignes d&rsquo;expression, diminue l&rsquo;apparence des pores et illumine votre peau pour qu&rsquo;elle soit radieuse.<\/p>\n<p style=\"font-weight: 400;\">Fournit une hydratation intense et aide \u00e0 maintenir la fonction barri\u00e8re de la peau.<\/p>\n<p style=\"font-weight: 400;\">Fournit un effet repulpant et aide \u00e0 redensifier la peau de l&rsquo;int\u00e9rieur, en comblant les rides.<\/p>\n<p style=\"font-weight: 400;\">Il favorise une peau plus lisse et plus ferme et am\u00e9liore le teint et l&rsquo;\u00e9lasticit\u00e9 de la peau.<\/p>\n<p style=\"font-weight: 400;\">R\u00e9duit visiblement les pores et la production de s\u00e9bum pour un teint plus uniforme et \u00e9clatant.<\/p>\n","protected":false},"featured_media":16198,"comment_status":"open","ping_status":"closed","template":"","meta":[],"product_brand":[],"product_cat":[100,97,90,94,20],"product_tag":[],"class_list":{"0":"post-16117","1":"product","2":"type-product","3":"status-publish","4":"has-post-thumbnail","6":"product_cat-anti-age","7":"product_cat-anti-imperfection","8":"product_cat-anti-tache","9":"product_cat-serum","10":"product_cat-visage","12":"first","13":"instock","14":"shipping-taxable","15":"purchasable","16":"product-type-simple"},"yoast_head":"<!-- This site is optimized with the Yoast SEO plugin v23.0 - https:\/\/yoast.com\/wordpress\/plugins\/seo\/ -->\n<title>Isdin isdinceutics prevent hyaluronic concentrate s\u00e9rum 30ml - pharmadreams<\/title>\n<meta name=\"robots\" content=\"index, follow, max-snippet:-1, max-image-preview:large, max-video-preview:-1\" \/>\n<link rel=\"canonical\" href=\"https:\/\/pharmadreams.shop\/index.php\/product\/isdin-isdinceutics-prevent-hyaluronic-concentrate-serum-30ml\/\" \/>\n<meta property=\"og:locale\" content=\"fr_FR\" \/>\n<meta property=\"og:type\" content=\"article\" \/>\n<meta property=\"og:title\" content=\"Isdin isdinceutics prevent hyaluronic concentrate s\u00e9rum 30ml - pharmadreams\" \/>\n<meta property=\"og:description\" content=\"Hyaluronic Concentrate est un s\u00e9rum pour le visage \u00e0 base d&#039;acide hyaluronique pur de poids mol\u00e9culaire bas et moyen et d&#039;une texture aqua-gel qui procure une hydratation superficielle et profonde. Il aide \u00e0 repulper la peau et \u00e0 pr\u00e9venir les premi\u00e8res rides et lignes d&#039;expression, diminue l&#039;apparence des pores et illumine votre peau pour qu&#039;elle soit radieuse. Fournit une hydratation intense et aide \u00e0 maintenir la fonction barri\u00e8re de la peau. Fournit un effet repulpant et aide \u00e0 redensifier la peau de l&#039;int\u00e9rieur, en comblant les rides. Il favorise une peau plus lisse et plus ferme et am\u00e9liore le teint et l&#039;\u00e9lasticit\u00e9 de la peau. R\u00e9duit visiblement les pores et la production de s\u00e9bum pour un teint plus uniforme et \u00e9clatant.\" \/>\n<meta property=\"og:url\" content=\"https:\/\/pharmadreams.shop\/index.php\/product\/isdin-isdinceutics-prevent-hyaluronic-concentrate-serum-30ml\/\" \/>\n<meta property=\"og:site_name\" content=\"pharmadreams\" \/>\n<meta property=\"article:modified_time\" content=\"2024-05-10T12:20:42+00:00\" \/>\n<meta property=\"og:image\" content=\"https:\/\/pharmadreams.shop\/wp-content\/uploads\/2023\/12\/isdin.png\" \/>\n\t<meta property=\"og:image:width\" content=\"2736\" \/>\n\t<meta property=\"og:image:height\" content=\"3352\" \/>\n\t<meta property=\"og:image:type\" content=\"image\/png\" \/>\n<meta name=\"twitter:card\" content=\"summary_large_image\" \/>\n<script type=\"application\/ld+json\" class=\"yoast-schema-graph\">{\"@context\":\"https:\/\/schema.org\",\"@graph\":[{\"@type\":\"WebPage\",\"@id\":\"https:\/\/pharmadreams.shop\/index.php\/product\/isdin-isdinceutics-prevent-hyaluronic-concentrate-serum-30ml\/\",\"url\":\"https:\/\/pharmadreams.shop\/index.php\/product\/isdin-isdinceutics-prevent-hyaluronic-concentrate-serum-30ml\/\",\"name\":\"Isdin isdinceutics prevent hyaluronic concentrate s\u00e9rum 30ml - pharmadreams\",\"isPartOf\":{\"@id\":\"https:\/\/pharmadreams.shop\/#website\"},\"primaryImageOfPage\":{\"@id\":\"https:\/\/pharmadreams.shop\/index.php\/product\/isdin-isdinceutics-prevent-hyaluronic-concentrate-serum-30ml\/#primaryimage\"},\"image\":{\"@id\":\"https:\/\/pharmadreams.shop\/index.php\/product\/isdin-isdinceutics-prevent-hyaluronic-concentrate-serum-30ml\/#primaryimage\"},\"thumbnailUrl\":\"https:\/\/pharmadreams.shop\/wp-content\/uploads\/2023\/12\/isdin.png\",\"datePublished\":\"2023-12-19T18:28:51+00:00\",\"dateModified\":\"2024-05-10T12:20:42+00:00\",\"breadcrumb\":{\"@id\":\"https:\/\/pharmadreams.shop\/index.php\/product\/isdin-isdinceutics-prevent-hyaluronic-concentrate-serum-30ml\/#breadcrumb\"},\"inLanguage\":\"fr-FR\",\"potentialAction\":[{\"@type\":\"ReadAction\",\"target\":[\"https:\/\/pharmadreams.shop\/index.php\/product\/isdin-isdinceutics-prevent-hyaluronic-concentrate-serum-30ml\/\"]}]},{\"@type\":\"ImageObject\",\"inLanguage\":\"fr-FR\",\"@id\":\"https:\/\/pharmadreams.shop\/index.php\/product\/isdin-isdinceutics-prevent-hyaluronic-concentrate-serum-30ml\/#primaryimage\",\"url\":\"https:\/\/pharmadreams.shop\/wp-content\/uploads\/2023\/12\/isdin.png\",\"contentUrl\":\"https:\/\/pharmadreams.shop\/wp-content\/uploads\/2023\/12\/isdin.png\",\"width\":2736,\"height\":3352},{\"@type\":\"BreadcrumbList\",\"@id\":\"https:\/\/pharmadreams.shop\/index.php\/product\/isdin-isdinceutics-prevent-hyaluronic-concentrate-serum-30ml\/#breadcrumb\",\"itemListElement\":[{\"@type\":\"ListItem\",\"position\":1,\"name\":\"Accueil\",\"item\":\"https:\/\/pharmadreams.shop\/\"},{\"@type\":\"ListItem\",\"position\":2,\"name\":\"Shop\",\"item\":\"https:\/\/pharmadreams.shop\/index.php\/shop\/\"},{\"@type\":\"ListItem\",\"position\":3,\"name\":\"Isdin isdinceutics prevent hyaluronic concentrate s\u00e9rum 30ml\"}]},{\"@type\":\"WebSite\",\"@id\":\"https:\/\/pharmadreams.shop\/#website\",\"url\":\"https:\/\/pharmadreams.shop\/\",\"name\":\"pharmadreams\",\"description\":\"Parapharmacie en ligne\",\"potentialAction\":[{\"@type\":\"SearchAction\",\"target\":{\"@type\":\"EntryPoint\",\"urlTemplate\":\"https:\/\/pharmadreams.shop\/?s={search_term_string}\"},\"query-input\":\"required name=search_term_string\"}],\"inLanguage\":\"fr-FR\"}]}<\/script>\n<!-- \/ Yoast SEO plugin. -->","yoast_head_json":{"title":"Isdin isdinceutics prevent hyaluronic concentrate s\u00e9rum 30ml - pharmadreams","robots":{"index":"index","follow":"follow","max-snippet":"max-snippet:-1","max-image-preview":"max-image-preview:large","max-video-preview":"max-video-preview:-1"},"canonical":"https:\/\/pharmadreams.shop\/index.php\/product\/isdin-isdinceutics-prevent-hyaluronic-concentrate-serum-30ml\/","og_locale":"fr_FR","og_type":"article","og_title":"Isdin isdinceutics prevent hyaluronic concentrate s\u00e9rum 30ml - pharmadreams","og_description":"Hyaluronic Concentrate est un s\u00e9rum pour le visage \u00e0 base d'acide hyaluronique pur de poids mol\u00e9culaire bas et moyen et d'une texture aqua-gel qui procure une hydratation superficielle et profonde. Il aide \u00e0 repulper la peau et \u00e0 pr\u00e9venir les premi\u00e8res rides et lignes d'expression, diminue l'apparence des pores et illumine votre peau pour qu'elle soit radieuse. Fournit une hydratation intense et aide \u00e0 maintenir la fonction barri\u00e8re de la peau. Fournit un effet repulpant et aide \u00e0 redensifier la peau de l'int\u00e9rieur, en comblant les rides. Il favorise une peau plus lisse et plus ferme et am\u00e9liore le teint et l'\u00e9lasticit\u00e9 de la peau. R\u00e9duit visiblement les pores et la production de s\u00e9bum pour un teint plus uniforme et \u00e9clatant.","og_url":"https:\/\/pharmadreams.shop\/index.php\/product\/isdin-isdinceutics-prevent-hyaluronic-concentrate-serum-30ml\/","og_site_name":"pharmadreams","article_modified_time":"2024-05-10T12:20:42+00:00","og_image":[{"width":2736,"height":3352,"url":"https:\/\/pharmadreams.shop\/wp-content\/uploads\/2023\/12\/isdin.png","type":"image\/png"}],"twitter_card":"summary_large_image","schema":{"@context":"https:\/\/schema.org","@graph":[{"@type":"WebPage","@id":"https:\/\/pharmadreams.shop\/index.php\/product\/isdin-isdinceutics-prevent-hyaluronic-concentrate-serum-30ml\/","url":"https:\/\/pharmadreams.shop\/index.php\/product\/isdin-isdinceutics-prevent-hyaluronic-concentrate-serum-30ml\/","name":"Isdin isdinceutics prevent hyaluronic concentrate s\u00e9rum 30ml - pharmadreams","isPartOf":{"@id":"https:\/\/pharmadreams.shop\/#website"},"primaryImageOfPage":{"@id":"https:\/\/pharmadreams.shop\/index.php\/product\/isdin-isdinceutics-prevent-hyaluronic-concentrate-serum-30ml\/#primaryimage"},"image":{"@id":"https:\/\/pharmadreams.shop\/index.php\/product\/isdin-isdinceutics-prevent-hyaluronic-concentrate-serum-30ml\/#primaryimage"},"thumbnailUrl":"https:\/\/pharmadreams.shop\/wp-content\/uploads\/2023\/12\/isdin.png","datePublished":"2023-12-19T18:28:51+00:00","dateModified":"2024-05-10T12:20:42+00:00","breadcrumb":{"@id":"https:\/\/pharmadreams.shop\/index.php\/product\/isdin-isdinceutics-prevent-hyaluronic-concentrate-serum-30ml\/#breadcrumb"},"inLanguage":"fr-FR","potentialAction":[{"@type":"ReadAction","target":["https:\/\/pharmadreams.shop\/index.php\/product\/isdin-isdinceutics-prevent-hyaluronic-concentrate-serum-30ml\/"]}]},{"@type":"ImageObject","inLanguage":"fr-FR","@id":"https:\/\/pharmadreams.shop\/index.php\/product\/isdin-isdinceutics-prevent-hyaluronic-concentrate-serum-30ml\/#primaryimage","url":"https:\/\/pharmadreams.shop\/wp-content\/uploads\/2023\/12\/isdin.png","contentUrl":"https:\/\/pharmadreams.shop\/wp-content\/uploads\/2023\/12\/isdin.png","width":2736,"height":3352},{"@type":"BreadcrumbList","@id":"https:\/\/pharmadreams.shop\/index.php\/product\/isdin-isdinceutics-prevent-hyaluronic-concentrate-serum-30ml\/#breadcrumb","itemListElement":[{"@type":"ListItem","position":1,"name":"Accueil","item":"https:\/\/pharmadreams.shop\/"},{"@type":"ListItem","position":2,"name":"Shop","item":"https:\/\/pharmadreams.shop\/index.php\/shop\/"},{"@type":"ListItem","position":3,"name":"Isdin isdinceutics prevent hyaluronic concentrate s\u00e9rum 30ml"}]},{"@type":"WebSite","@id":"https:\/\/pharmadreams.shop\/#website","url":"https:\/\/pharmadreams.shop\/","name":"pharmadreams","description":"Parapharmacie en ligne","potentialAction":[{"@type":"SearchAction","target":{"@type":"EntryPoint","urlTemplate":"https:\/\/pharmadreams.shop\/?s={search_term_string}"},"query-input":"required name=search_term_string"}],"inLanguage":"fr-FR"}]}},"_links":{"self":[{"href":"https:\/\/pharmadreams.shop\/index.php\/wp-json\/wp\/v2\/product\/16117","targetHints":{"allow":["GET"]}}],"collection":[{"href":"https:\/\/pharmadreams.shop\/index.php\/wp-json\/wp\/v2\/product"}],"about":[{"href":"https:\/\/pharmadreams.shop\/index.php\/wp-json\/wp\/v2\/types\/product"}],"replies":[{"embeddable":true,"href":"https:\/\/pharmadreams.shop\/index.php\/wp-json\/wp\/v2\/comments?post=16117"}],"version-history":[{"count":0,"href":"https:\/\/pharmadreams.shop\/index.php\/wp-json\/wp\/v2\/product\/16117\/revisions"}],"wp:featuredmedia":[{"embeddable":true,"href":"https:\/\/pharmadreams.shop\/index.php\/wp-json\/wp\/v2\/media\/16198"}],"wp:attachment":[{"href":"https:\/\/pharmadreams.shop\/index.php\/wp-json\/wp\/v2\/media?parent=16117"}],"wp:term":[{"taxonomy":"product_brand","embeddable":true,"href":"https:\/\/pharmadreams.shop\/index.php\/wp-json\/wp\/v2\/product_brand?post=16117"},{"taxonomy":"product_cat","embeddable":true,"href":"https:\/\/pharmadreams.shop\/index.php\/wp-json\/wp\/v2\/product_cat?post=16117"},{"taxonomy":"product_tag","embeddable":true,"href":"https:\/\/pharmadreams.shop\/index.php\/wp-json\/wp\/v2\/product_tag?post=16117"}],"curies":[{"name":"wp","href":"https:\/\/api.w.org\/{rel}","templated":true}]}}