{"id":16120,"date":"2023-12-19T19:28:52","date_gmt":"2023-12-19T18:28:52","guid":{"rendered":"https:\/\/venuspara.com\/?post_type=product&#038;p=16120"},"modified":"2023-12-19T19:30:56","modified_gmt":"2023-12-19T18:30:56","slug":"dermedic-melumin-emulsion-micellaire-eclaircissante-200ml","status":"publish","type":"product","link":"https:\/\/pharmadreams.shop\/index.php\/product\/dermedic-melumin-emulsion-micellaire-eclaircissante-200ml\/","title":{"rendered":"Dermedic melumin \u00e9mulsion micellaire \u00e9claircissante 200ml"},"content":{"rendered":"","protected":false},"excerpt":{"rendered":"<p>L&#8217;emulsion \u00a0Micellaire Eclaircissante\u00a0 Dermedic Melumin enrichie d&rsquo;Ingr\u00e9dients actifs: Complexe MeluminTM Tristage (Arbutine, Lightderm, Vitamine C, Niacinamide), Acide lactobionique, Glyc\u00e9rine, D-Panth\u00e9nol.<\/p>\n<p>Cette Emulsion Micellaire permet de Nettoyer efficacement la peau des impuret\u00e9s et d\u00e9maquille, d&#8217;emp\u00eacher la formation de taches d&rsquo;hyperpigmentation, pour laver avec ou sans eau.<br \/>\nPrend en charge le traitement d\u00e9pigmentant.<br \/>\nTest\u00e9 ophtalmologiquement et dermatologiquement.<\/p>\n","protected":false},"featured_media":16204,"comment_status":"open","ping_status":"closed","template":"","meta":[],"product_brand":[],"product_cat":[90,85,95,20],"product_tag":[],"class_list":{"0":"post-16120","1":"product","2":"type-product","3":"status-publish","4":"has-post-thumbnail","6":"product_cat-anti-tache","7":"product_cat-hydratation-et-nutrition","8":"product_cat-skin-care","9":"product_cat-visage","11":"first","12":"instock","13":"shipping-taxable","14":"purchasable","15":"product-type-simple"},"yoast_head":"<!-- This site is optimized with the Yoast SEO plugin v23.0 - https:\/\/yoast.com\/wordpress\/plugins\/seo\/ -->\n<title>Dermedic melumin \u00e9mulsion micellaire \u00e9claircissante 200ml - pharmadreams<\/title>\n<meta name=\"robots\" content=\"index, follow, max-snippet:-1, max-image-preview:large, max-video-preview:-1\" \/>\n<link rel=\"canonical\" href=\"https:\/\/pharmadreams.shop\/index.php\/product\/dermedic-melumin-emulsion-micellaire-eclaircissante-200ml\/\" \/>\n<meta property=\"og:locale\" content=\"fr_FR\" \/>\n<meta property=\"og:type\" content=\"article\" \/>\n<meta property=\"og:title\" content=\"Dermedic melumin \u00e9mulsion micellaire \u00e9claircissante 200ml - pharmadreams\" \/>\n<meta property=\"og:description\" content=\"L&#039;emulsion \u00a0Micellaire Eclaircissante\u00a0 Dermedic Melumin enrichie d&#039;Ingr\u00e9dients actifs: Complexe MeluminTM Tristage (Arbutine, Lightderm, Vitamine C, Niacinamide), Acide lactobionique, Glyc\u00e9rine, D-Panth\u00e9nol.  Cette Emulsion Micellaire permet de Nettoyer efficacement la peau des impuret\u00e9s et d\u00e9maquille, d&#039;emp\u00eacher la formation de taches d&#039;hyperpigmentation, pour laver avec ou sans eau. Prend en charge le traitement d\u00e9pigmentant. Test\u00e9 ophtalmologiquement et dermatologiquement.\" \/>\n<meta property=\"og:url\" content=\"https:\/\/pharmadreams.shop\/index.php\/product\/dermedic-melumin-emulsion-micellaire-eclaircissante-200ml\/\" \/>\n<meta property=\"og:site_name\" content=\"pharmadreams\" \/>\n<meta property=\"article:modified_time\" content=\"2023-12-19T18:30:56+00:00\" \/>\n<meta property=\"og:image\" content=\"https:\/\/pharmadreams.shop\/wp-content\/uploads\/2023\/12\/dermedic-micellar.png\" \/>\n\t<meta property=\"og:image:width\" content=\"1312\" \/>\n\t<meta property=\"og:image:height\" content=\"1992\" \/>\n\t<meta property=\"og:image:type\" content=\"image\/png\" \/>\n<meta name=\"twitter:card\" content=\"summary_large_image\" \/>\n<script type=\"application\/ld+json\" class=\"yoast-schema-graph\">{\"@context\":\"https:\/\/schema.org\",\"@graph\":[{\"@type\":\"WebPage\",\"@id\":\"https:\/\/pharmadreams.shop\/index.php\/product\/dermedic-melumin-emulsion-micellaire-eclaircissante-200ml\/\",\"url\":\"https:\/\/pharmadreams.shop\/index.php\/product\/dermedic-melumin-emulsion-micellaire-eclaircissante-200ml\/\",\"name\":\"Dermedic melumin \u00e9mulsion micellaire \u00e9claircissante 200ml - pharmadreams\",\"isPartOf\":{\"@id\":\"https:\/\/pharmadreams.shop\/#website\"},\"primaryImageOfPage\":{\"@id\":\"https:\/\/pharmadreams.shop\/index.php\/product\/dermedic-melumin-emulsion-micellaire-eclaircissante-200ml\/#primaryimage\"},\"image\":{\"@id\":\"https:\/\/pharmadreams.shop\/index.php\/product\/dermedic-melumin-emulsion-micellaire-eclaircissante-200ml\/#primaryimage\"},\"thumbnailUrl\":\"https:\/\/pharmadreams.shop\/wp-content\/uploads\/2023\/12\/dermedic-micellar.png\",\"datePublished\":\"2023-12-19T18:28:52+00:00\",\"dateModified\":\"2023-12-19T18:30:56+00:00\",\"breadcrumb\":{\"@id\":\"https:\/\/pharmadreams.shop\/index.php\/product\/dermedic-melumin-emulsion-micellaire-eclaircissante-200ml\/#breadcrumb\"},\"inLanguage\":\"fr-FR\",\"potentialAction\":[{\"@type\":\"ReadAction\",\"target\":[\"https:\/\/pharmadreams.shop\/index.php\/product\/dermedic-melumin-emulsion-micellaire-eclaircissante-200ml\/\"]}]},{\"@type\":\"ImageObject\",\"inLanguage\":\"fr-FR\",\"@id\":\"https:\/\/pharmadreams.shop\/index.php\/product\/dermedic-melumin-emulsion-micellaire-eclaircissante-200ml\/#primaryimage\",\"url\":\"https:\/\/pharmadreams.shop\/wp-content\/uploads\/2023\/12\/dermedic-micellar.png\",\"contentUrl\":\"https:\/\/pharmadreams.shop\/wp-content\/uploads\/2023\/12\/dermedic-micellar.png\",\"width\":1312,\"height\":1992},{\"@type\":\"BreadcrumbList\",\"@id\":\"https:\/\/pharmadreams.shop\/index.php\/product\/dermedic-melumin-emulsion-micellaire-eclaircissante-200ml\/#breadcrumb\",\"itemListElement\":[{\"@type\":\"ListItem\",\"position\":1,\"name\":\"Accueil\",\"item\":\"https:\/\/pharmadreams.shop\/\"},{\"@type\":\"ListItem\",\"position\":2,\"name\":\"Shop\",\"item\":\"https:\/\/pharmadreams.shop\/index.php\/shop\/\"},{\"@type\":\"ListItem\",\"position\":3,\"name\":\"Dermedic melumin \u00e9mulsion micellaire \u00e9claircissante 200ml\"}]},{\"@type\":\"WebSite\",\"@id\":\"https:\/\/pharmadreams.shop\/#website\",\"url\":\"https:\/\/pharmadreams.shop\/\",\"name\":\"pharmadreams\",\"description\":\"Parapharmacie en ligne\",\"potentialAction\":[{\"@type\":\"SearchAction\",\"target\":{\"@type\":\"EntryPoint\",\"urlTemplate\":\"https:\/\/pharmadreams.shop\/?s={search_term_string}\"},\"query-input\":\"required name=search_term_string\"}],\"inLanguage\":\"fr-FR\"}]}<\/script>\n<!-- \/ Yoast SEO plugin. -->","yoast_head_json":{"title":"Dermedic melumin \u00e9mulsion micellaire \u00e9claircissante 200ml - pharmadreams","robots":{"index":"index","follow":"follow","max-snippet":"max-snippet:-1","max-image-preview":"max-image-preview:large","max-video-preview":"max-video-preview:-1"},"canonical":"https:\/\/pharmadreams.shop\/index.php\/product\/dermedic-melumin-emulsion-micellaire-eclaircissante-200ml\/","og_locale":"fr_FR","og_type":"article","og_title":"Dermedic melumin \u00e9mulsion micellaire \u00e9claircissante 200ml - pharmadreams","og_description":"L'emulsion \u00a0Micellaire Eclaircissante\u00a0 Dermedic Melumin enrichie d'Ingr\u00e9dients actifs: Complexe MeluminTM Tristage (Arbutine, Lightderm, Vitamine C, Niacinamide), Acide lactobionique, Glyc\u00e9rine, D-Panth\u00e9nol.  Cette Emulsion Micellaire permet de Nettoyer efficacement la peau des impuret\u00e9s et d\u00e9maquille, d'emp\u00eacher la formation de taches d'hyperpigmentation, pour laver avec ou sans eau. Prend en charge le traitement d\u00e9pigmentant. Test\u00e9 ophtalmologiquement et dermatologiquement.","og_url":"https:\/\/pharmadreams.shop\/index.php\/product\/dermedic-melumin-emulsion-micellaire-eclaircissante-200ml\/","og_site_name":"pharmadreams","article_modified_time":"2023-12-19T18:30:56+00:00","og_image":[{"width":1312,"height":1992,"url":"https:\/\/pharmadreams.shop\/wp-content\/uploads\/2023\/12\/dermedic-micellar.png","type":"image\/png"}],"twitter_card":"summary_large_image","schema":{"@context":"https:\/\/schema.org","@graph":[{"@type":"WebPage","@id":"https:\/\/pharmadreams.shop\/index.php\/product\/dermedic-melumin-emulsion-micellaire-eclaircissante-200ml\/","url":"https:\/\/pharmadreams.shop\/index.php\/product\/dermedic-melumin-emulsion-micellaire-eclaircissante-200ml\/","name":"Dermedic melumin \u00e9mulsion micellaire \u00e9claircissante 200ml - pharmadreams","isPartOf":{"@id":"https:\/\/pharmadreams.shop\/#website"},"primaryImageOfPage":{"@id":"https:\/\/pharmadreams.shop\/index.php\/product\/dermedic-melumin-emulsion-micellaire-eclaircissante-200ml\/#primaryimage"},"image":{"@id":"https:\/\/pharmadreams.shop\/index.php\/product\/dermedic-melumin-emulsion-micellaire-eclaircissante-200ml\/#primaryimage"},"thumbnailUrl":"https:\/\/pharmadreams.shop\/wp-content\/uploads\/2023\/12\/dermedic-micellar.png","datePublished":"2023-12-19T18:28:52+00:00","dateModified":"2023-12-19T18:30:56+00:00","breadcrumb":{"@id":"https:\/\/pharmadreams.shop\/index.php\/product\/dermedic-melumin-emulsion-micellaire-eclaircissante-200ml\/#breadcrumb"},"inLanguage":"fr-FR","potentialAction":[{"@type":"ReadAction","target":["https:\/\/pharmadreams.shop\/index.php\/product\/dermedic-melumin-emulsion-micellaire-eclaircissante-200ml\/"]}]},{"@type":"ImageObject","inLanguage":"fr-FR","@id":"https:\/\/pharmadreams.shop\/index.php\/product\/dermedic-melumin-emulsion-micellaire-eclaircissante-200ml\/#primaryimage","url":"https:\/\/pharmadreams.shop\/wp-content\/uploads\/2023\/12\/dermedic-micellar.png","contentUrl":"https:\/\/pharmadreams.shop\/wp-content\/uploads\/2023\/12\/dermedic-micellar.png","width":1312,"height":1992},{"@type":"BreadcrumbList","@id":"https:\/\/pharmadreams.shop\/index.php\/product\/dermedic-melumin-emulsion-micellaire-eclaircissante-200ml\/#breadcrumb","itemListElement":[{"@type":"ListItem","position":1,"name":"Accueil","item":"https:\/\/pharmadreams.shop\/"},{"@type":"ListItem","position":2,"name":"Shop","item":"https:\/\/pharmadreams.shop\/index.php\/shop\/"},{"@type":"ListItem","position":3,"name":"Dermedic melumin \u00e9mulsion micellaire \u00e9claircissante 200ml"}]},{"@type":"WebSite","@id":"https:\/\/pharmadreams.shop\/#website","url":"https:\/\/pharmadreams.shop\/","name":"pharmadreams","description":"Parapharmacie en ligne","potentialAction":[{"@type":"SearchAction","target":{"@type":"EntryPoint","urlTemplate":"https:\/\/pharmadreams.shop\/?s={search_term_string}"},"query-input":"required name=search_term_string"}],"inLanguage":"fr-FR"}]}},"_links":{"self":[{"href":"https:\/\/pharmadreams.shop\/index.php\/wp-json\/wp\/v2\/product\/16120","targetHints":{"allow":["GET"]}}],"collection":[{"href":"https:\/\/pharmadreams.shop\/index.php\/wp-json\/wp\/v2\/product"}],"about":[{"href":"https:\/\/pharmadreams.shop\/index.php\/wp-json\/wp\/v2\/types\/product"}],"replies":[{"embeddable":true,"href":"https:\/\/pharmadreams.shop\/index.php\/wp-json\/wp\/v2\/comments?post=16120"}],"version-history":[{"count":0,"href":"https:\/\/pharmadreams.shop\/index.php\/wp-json\/wp\/v2\/product\/16120\/revisions"}],"wp:featuredmedia":[{"embeddable":true,"href":"https:\/\/pharmadreams.shop\/index.php\/wp-json\/wp\/v2\/media\/16204"}],"wp:attachment":[{"href":"https:\/\/pharmadreams.shop\/index.php\/wp-json\/wp\/v2\/media?parent=16120"}],"wp:term":[{"taxonomy":"product_brand","embeddable":true,"href":"https:\/\/pharmadreams.shop\/index.php\/wp-json\/wp\/v2\/product_brand?post=16120"},{"taxonomy":"product_cat","embeddable":true,"href":"https:\/\/pharmadreams.shop\/index.php\/wp-json\/wp\/v2\/product_cat?post=16120"},{"taxonomy":"product_tag","embeddable":true,"href":"https:\/\/pharmadreams.shop\/index.php\/wp-json\/wp\/v2\/product_tag?post=16120"}],"curies":[{"name":"wp","href":"https:\/\/api.w.org\/{rel}","templated":true}]}}