{"id":16135,"date":"2023-12-19T19:29:18","date_gmt":"2023-12-19T18:29:18","guid":{"rendered":"https:\/\/venuspara.com\/?post_type=product&#038;p=16135"},"modified":"2023-12-19T19:31:13","modified_gmt":"2023-12-19T18:31:13","slug":"cereza-perfect-eau-micellaire-demaquillante-eclaircissante-400ml","status":"publish","type":"product","link":"https:\/\/pharmadreams.shop\/index.php\/product\/cereza-perfect-eau-micellaire-demaquillante-eclaircissante-400ml\/","title":{"rendered":"Cereza perfect eau micellaire d\u00e9maquillante \u00e9claircissante 400ml"},"content":{"rendered":"","protected":false},"excerpt":{"rendered":"<p style=\"font-weight: 400;\">Cette eau micellaire nettoie et d\u00e9maquille le visage et les yeux en un seul geste.<\/p>\n<p style=\"font-weight: 400;\">Hydrat\u00e9e et apais\u00e9e, la peau est nette, douce et confortable.<\/p>\n<p style=\"font-weight: 400;\">Formule test\u00e9e sous contr\u00f4le dermatologique.<\/p>\n<p style=\"font-weight: 400;\">Sans savon.<\/p>\n<p style=\"font-weight: 400;\">Sans paraben, ph\u00e9nocyethanols, phtalates, huiles min\u00e9rales, sodiums, sls, ingr\u00e9dients d&rsquo;origine animale.<\/p>\n","protected":false},"featured_media":16220,"comment_status":"open","ping_status":"closed","template":"","meta":[],"product_brand":[],"product_cat":[108,98,80,20],"product_tag":[],"class_list":{"0":"post-16135","1":"product","2":"type-product","3":"status-publish","4":"has-post-thumbnail","6":"product_cat-eau-micellaire","7":"product_cat-hydratation","8":"product_cat-soins","9":"product_cat-visage","11":"first","12":"instock","13":"shipping-taxable","14":"purchasable","15":"product-type-simple"},"yoast_head":"<!-- This site is optimized with the Yoast SEO plugin v23.0 - https:\/\/yoast.com\/wordpress\/plugins\/seo\/ -->\n<title>Cereza perfect eau micellaire d\u00e9maquillante \u00e9claircissante 400ml - pharmadreams<\/title>\n<meta name=\"robots\" content=\"index, follow, max-snippet:-1, max-image-preview:large, max-video-preview:-1\" \/>\n<link rel=\"canonical\" href=\"https:\/\/pharmadreams.shop\/index.php\/product\/cereza-perfect-eau-micellaire-demaquillante-eclaircissante-400ml\/\" \/>\n<meta property=\"og:locale\" content=\"fr_FR\" \/>\n<meta property=\"og:type\" content=\"article\" \/>\n<meta property=\"og:title\" content=\"Cereza perfect eau micellaire d\u00e9maquillante \u00e9claircissante 400ml - pharmadreams\" \/>\n<meta property=\"og:description\" content=\"Cette eau micellaire nettoie et d\u00e9maquille le visage et les yeux en un seul geste. Hydrat\u00e9e et apais\u00e9e, la peau est nette, douce et confortable. Formule test\u00e9e sous contr\u00f4le dermatologique. Sans savon. Sans paraben, ph\u00e9nocyethanols, phtalates, huiles min\u00e9rales, sodiums, sls, ingr\u00e9dients d&#039;origine animale.\" \/>\n<meta property=\"og:url\" content=\"https:\/\/pharmadreams.shop\/index.php\/product\/cereza-perfect-eau-micellaire-demaquillante-eclaircissante-400ml\/\" \/>\n<meta property=\"og:site_name\" content=\"pharmadreams\" \/>\n<meta property=\"article:modified_time\" content=\"2023-12-19T18:31:13+00:00\" \/>\n<meta property=\"og:image\" content=\"https:\/\/pharmadreams.shop\/wp-content\/uploads\/2023\/12\/cereza-eau.png\" \/>\n\t<meta property=\"og:image:width\" content=\"976\" \/>\n\t<meta property=\"og:image:height\" content=\"1904\" \/>\n\t<meta property=\"og:image:type\" content=\"image\/png\" \/>\n<meta name=\"twitter:card\" content=\"summary_large_image\" \/>\n<script type=\"application\/ld+json\" class=\"yoast-schema-graph\">{\"@context\":\"https:\/\/schema.org\",\"@graph\":[{\"@type\":\"WebPage\",\"@id\":\"https:\/\/pharmadreams.shop\/index.php\/product\/cereza-perfect-eau-micellaire-demaquillante-eclaircissante-400ml\/\",\"url\":\"https:\/\/pharmadreams.shop\/index.php\/product\/cereza-perfect-eau-micellaire-demaquillante-eclaircissante-400ml\/\",\"name\":\"Cereza perfect eau micellaire d\u00e9maquillante \u00e9claircissante 400ml - pharmadreams\",\"isPartOf\":{\"@id\":\"https:\/\/pharmadreams.shop\/#website\"},\"primaryImageOfPage\":{\"@id\":\"https:\/\/pharmadreams.shop\/index.php\/product\/cereza-perfect-eau-micellaire-demaquillante-eclaircissante-400ml\/#primaryimage\"},\"image\":{\"@id\":\"https:\/\/pharmadreams.shop\/index.php\/product\/cereza-perfect-eau-micellaire-demaquillante-eclaircissante-400ml\/#primaryimage\"},\"thumbnailUrl\":\"https:\/\/pharmadreams.shop\/wp-content\/uploads\/2023\/12\/cereza-eau.png\",\"datePublished\":\"2023-12-19T18:29:18+00:00\",\"dateModified\":\"2023-12-19T18:31:13+00:00\",\"breadcrumb\":{\"@id\":\"https:\/\/pharmadreams.shop\/index.php\/product\/cereza-perfect-eau-micellaire-demaquillante-eclaircissante-400ml\/#breadcrumb\"},\"inLanguage\":\"fr-FR\",\"potentialAction\":[{\"@type\":\"ReadAction\",\"target\":[\"https:\/\/pharmadreams.shop\/index.php\/product\/cereza-perfect-eau-micellaire-demaquillante-eclaircissante-400ml\/\"]}]},{\"@type\":\"ImageObject\",\"inLanguage\":\"fr-FR\",\"@id\":\"https:\/\/pharmadreams.shop\/index.php\/product\/cereza-perfect-eau-micellaire-demaquillante-eclaircissante-400ml\/#primaryimage\",\"url\":\"https:\/\/pharmadreams.shop\/wp-content\/uploads\/2023\/12\/cereza-eau.png\",\"contentUrl\":\"https:\/\/pharmadreams.shop\/wp-content\/uploads\/2023\/12\/cereza-eau.png\",\"width\":976,\"height\":1904},{\"@type\":\"BreadcrumbList\",\"@id\":\"https:\/\/pharmadreams.shop\/index.php\/product\/cereza-perfect-eau-micellaire-demaquillante-eclaircissante-400ml\/#breadcrumb\",\"itemListElement\":[{\"@type\":\"ListItem\",\"position\":1,\"name\":\"Accueil\",\"item\":\"https:\/\/pharmadreams.shop\/\"},{\"@type\":\"ListItem\",\"position\":2,\"name\":\"Shop\",\"item\":\"https:\/\/pharmadreams.shop\/index.php\/shop\/\"},{\"@type\":\"ListItem\",\"position\":3,\"name\":\"Cereza perfect eau micellaire d\u00e9maquillante \u00e9claircissante 400ml\"}]},{\"@type\":\"WebSite\",\"@id\":\"https:\/\/pharmadreams.shop\/#website\",\"url\":\"https:\/\/pharmadreams.shop\/\",\"name\":\"pharmadreams\",\"description\":\"Parapharmacie en ligne\",\"potentialAction\":[{\"@type\":\"SearchAction\",\"target\":{\"@type\":\"EntryPoint\",\"urlTemplate\":\"https:\/\/pharmadreams.shop\/?s={search_term_string}\"},\"query-input\":\"required name=search_term_string\"}],\"inLanguage\":\"fr-FR\"}]}<\/script>\n<!-- \/ Yoast SEO plugin. -->","yoast_head_json":{"title":"Cereza perfect eau micellaire d\u00e9maquillante \u00e9claircissante 400ml - pharmadreams","robots":{"index":"index","follow":"follow","max-snippet":"max-snippet:-1","max-image-preview":"max-image-preview:large","max-video-preview":"max-video-preview:-1"},"canonical":"https:\/\/pharmadreams.shop\/index.php\/product\/cereza-perfect-eau-micellaire-demaquillante-eclaircissante-400ml\/","og_locale":"fr_FR","og_type":"article","og_title":"Cereza perfect eau micellaire d\u00e9maquillante \u00e9claircissante 400ml - pharmadreams","og_description":"Cette eau micellaire nettoie et d\u00e9maquille le visage et les yeux en un seul geste. Hydrat\u00e9e et apais\u00e9e, la peau est nette, douce et confortable. Formule test\u00e9e sous contr\u00f4le dermatologique. Sans savon. Sans paraben, ph\u00e9nocyethanols, phtalates, huiles min\u00e9rales, sodiums, sls, ingr\u00e9dients d'origine animale.","og_url":"https:\/\/pharmadreams.shop\/index.php\/product\/cereza-perfect-eau-micellaire-demaquillante-eclaircissante-400ml\/","og_site_name":"pharmadreams","article_modified_time":"2023-12-19T18:31:13+00:00","og_image":[{"width":976,"height":1904,"url":"https:\/\/pharmadreams.shop\/wp-content\/uploads\/2023\/12\/cereza-eau.png","type":"image\/png"}],"twitter_card":"summary_large_image","schema":{"@context":"https:\/\/schema.org","@graph":[{"@type":"WebPage","@id":"https:\/\/pharmadreams.shop\/index.php\/product\/cereza-perfect-eau-micellaire-demaquillante-eclaircissante-400ml\/","url":"https:\/\/pharmadreams.shop\/index.php\/product\/cereza-perfect-eau-micellaire-demaquillante-eclaircissante-400ml\/","name":"Cereza perfect eau micellaire d\u00e9maquillante \u00e9claircissante 400ml - pharmadreams","isPartOf":{"@id":"https:\/\/pharmadreams.shop\/#website"},"primaryImageOfPage":{"@id":"https:\/\/pharmadreams.shop\/index.php\/product\/cereza-perfect-eau-micellaire-demaquillante-eclaircissante-400ml\/#primaryimage"},"image":{"@id":"https:\/\/pharmadreams.shop\/index.php\/product\/cereza-perfect-eau-micellaire-demaquillante-eclaircissante-400ml\/#primaryimage"},"thumbnailUrl":"https:\/\/pharmadreams.shop\/wp-content\/uploads\/2023\/12\/cereza-eau.png","datePublished":"2023-12-19T18:29:18+00:00","dateModified":"2023-12-19T18:31:13+00:00","breadcrumb":{"@id":"https:\/\/pharmadreams.shop\/index.php\/product\/cereza-perfect-eau-micellaire-demaquillante-eclaircissante-400ml\/#breadcrumb"},"inLanguage":"fr-FR","potentialAction":[{"@type":"ReadAction","target":["https:\/\/pharmadreams.shop\/index.php\/product\/cereza-perfect-eau-micellaire-demaquillante-eclaircissante-400ml\/"]}]},{"@type":"ImageObject","inLanguage":"fr-FR","@id":"https:\/\/pharmadreams.shop\/index.php\/product\/cereza-perfect-eau-micellaire-demaquillante-eclaircissante-400ml\/#primaryimage","url":"https:\/\/pharmadreams.shop\/wp-content\/uploads\/2023\/12\/cereza-eau.png","contentUrl":"https:\/\/pharmadreams.shop\/wp-content\/uploads\/2023\/12\/cereza-eau.png","width":976,"height":1904},{"@type":"BreadcrumbList","@id":"https:\/\/pharmadreams.shop\/index.php\/product\/cereza-perfect-eau-micellaire-demaquillante-eclaircissante-400ml\/#breadcrumb","itemListElement":[{"@type":"ListItem","position":1,"name":"Accueil","item":"https:\/\/pharmadreams.shop\/"},{"@type":"ListItem","position":2,"name":"Shop","item":"https:\/\/pharmadreams.shop\/index.php\/shop\/"},{"@type":"ListItem","position":3,"name":"Cereza perfect eau micellaire d\u00e9maquillante \u00e9claircissante 400ml"}]},{"@type":"WebSite","@id":"https:\/\/pharmadreams.shop\/#website","url":"https:\/\/pharmadreams.shop\/","name":"pharmadreams","description":"Parapharmacie en ligne","potentialAction":[{"@type":"SearchAction","target":{"@type":"EntryPoint","urlTemplate":"https:\/\/pharmadreams.shop\/?s={search_term_string}"},"query-input":"required name=search_term_string"}],"inLanguage":"fr-FR"}]}},"_links":{"self":[{"href":"https:\/\/pharmadreams.shop\/index.php\/wp-json\/wp\/v2\/product\/16135","targetHints":{"allow":["GET"]}}],"collection":[{"href":"https:\/\/pharmadreams.shop\/index.php\/wp-json\/wp\/v2\/product"}],"about":[{"href":"https:\/\/pharmadreams.shop\/index.php\/wp-json\/wp\/v2\/types\/product"}],"replies":[{"embeddable":true,"href":"https:\/\/pharmadreams.shop\/index.php\/wp-json\/wp\/v2\/comments?post=16135"}],"version-history":[{"count":0,"href":"https:\/\/pharmadreams.shop\/index.php\/wp-json\/wp\/v2\/product\/16135\/revisions"}],"wp:featuredmedia":[{"embeddable":true,"href":"https:\/\/pharmadreams.shop\/index.php\/wp-json\/wp\/v2\/media\/16220"}],"wp:attachment":[{"href":"https:\/\/pharmadreams.shop\/index.php\/wp-json\/wp\/v2\/media?parent=16135"}],"wp:term":[{"taxonomy":"product_brand","embeddable":true,"href":"https:\/\/pharmadreams.shop\/index.php\/wp-json\/wp\/v2\/product_brand?post=16135"},{"taxonomy":"product_cat","embeddable":true,"href":"https:\/\/pharmadreams.shop\/index.php\/wp-json\/wp\/v2\/product_cat?post=16135"},{"taxonomy":"product_tag","embeddable":true,"href":"https:\/\/pharmadreams.shop\/index.php\/wp-json\/wp\/v2\/product_tag?post=16135"}],"curies":[{"name":"wp","href":"https:\/\/api.w.org\/{rel}","templated":true}]}}