{"id":16169,"date":"2023-12-19T19:30:14","date_gmt":"2023-12-19T18:30:14","guid":{"rendered":"https:\/\/venuspara.com\/?post_type=product&#038;p=16169"},"modified":"2023-12-19T19:31:24","modified_gmt":"2023-12-19T18:31:24","slug":"liperol-plus-shampooing-150ml","status":"publish","type":"product","link":"https:\/\/pharmadreams.shop\/index.php\/product\/liperol-plus-shampooing-150ml\/","title":{"rendered":"Liperol plus shampooing 150ml"},"content":{"rendered":"","protected":false},"excerpt":{"rendered":"<p>Huile Shampoing Traitement Actif du cuir chevelu et des cheveux un respect total de la physiologie de la peau.<\/p>\n<p>Sp\u00e9cifique pour un nettoyage physiologique, hydratant et apaisant du cuir chevelu.<\/p>\n<p>Il est particuli\u00e8rement indiqu\u00e9 aux sujets pr\u00e9dispos\u00e9s aux rougeurs et aux desquamations du cuir chevelu, pr\u00e9venant ainsi la chute des cheveux<\/p>\n","protected":false},"featured_media":16232,"comment_status":"open","ping_status":"closed","template":"","meta":[],"product_brand":[],"product_cat":[106,111,104,110,112],"product_tag":[],"class_list":{"0":"post-16169","1":"product","2":"type-product","3":"status-publish","4":"has-post-thumbnail","6":"product_cat-brillance","7":"product_cat-huil-shampooing","8":"product_cat-protection","9":"product_cat-soin-cheveux","10":"product_cat-traitement-cheveux","12":"first","13":"instock","14":"shipping-taxable","15":"purchasable","16":"product-type-simple"},"yoast_head":"<!-- This site is optimized with the Yoast SEO plugin v23.0 - https:\/\/yoast.com\/wordpress\/plugins\/seo\/ -->\n<title>Liperol plus shampooing 150ml - pharmadreams<\/title>\n<meta name=\"robots\" content=\"index, follow, max-snippet:-1, max-image-preview:large, max-video-preview:-1\" \/>\n<link rel=\"canonical\" href=\"https:\/\/pharmadreams.shop\/index.php\/product\/liperol-plus-shampooing-150ml\/\" \/>\n<meta property=\"og:locale\" content=\"fr_FR\" \/>\n<meta property=\"og:type\" content=\"article\" \/>\n<meta property=\"og:title\" content=\"Liperol plus shampooing 150ml - pharmadreams\" \/>\n<meta property=\"og:description\" content=\"Huile Shampoing Traitement Actif du cuir chevelu et des cheveux un respect total de la physiologie de la peau.  Sp\u00e9cifique pour un nettoyage physiologique, hydratant et apaisant du cuir chevelu.  Il est particuli\u00e8rement indiqu\u00e9 aux sujets pr\u00e9dispos\u00e9s aux rougeurs et aux desquamations du cuir chevelu, pr\u00e9venant ainsi la chute des cheveux\" \/>\n<meta property=\"og:url\" content=\"https:\/\/pharmadreams.shop\/index.php\/product\/liperol-plus-shampooing-150ml\/\" \/>\n<meta property=\"og:site_name\" content=\"pharmadreams\" \/>\n<meta property=\"article:modified_time\" content=\"2023-12-19T18:31:24+00:00\" \/>\n<meta property=\"og:image\" content=\"https:\/\/pharmadreams.shop\/wp-content\/uploads\/2023\/12\/liperol.png\" \/>\n\t<meta property=\"og:image:width\" content=\"1192\" \/>\n\t<meta property=\"og:image:height\" content=\"1240\" \/>\n\t<meta property=\"og:image:type\" content=\"image\/png\" \/>\n<meta name=\"twitter:card\" content=\"summary_large_image\" \/>\n<script type=\"application\/ld+json\" class=\"yoast-schema-graph\">{\"@context\":\"https:\/\/schema.org\",\"@graph\":[{\"@type\":\"WebPage\",\"@id\":\"https:\/\/pharmadreams.shop\/index.php\/product\/liperol-plus-shampooing-150ml\/\",\"url\":\"https:\/\/pharmadreams.shop\/index.php\/product\/liperol-plus-shampooing-150ml\/\",\"name\":\"Liperol plus shampooing 150ml - pharmadreams\",\"isPartOf\":{\"@id\":\"https:\/\/pharmadreams.shop\/#website\"},\"primaryImageOfPage\":{\"@id\":\"https:\/\/pharmadreams.shop\/index.php\/product\/liperol-plus-shampooing-150ml\/#primaryimage\"},\"image\":{\"@id\":\"https:\/\/pharmadreams.shop\/index.php\/product\/liperol-plus-shampooing-150ml\/#primaryimage\"},\"thumbnailUrl\":\"https:\/\/pharmadreams.shop\/wp-content\/uploads\/2023\/12\/liperol.png\",\"datePublished\":\"2023-12-19T18:30:14+00:00\",\"dateModified\":\"2023-12-19T18:31:24+00:00\",\"breadcrumb\":{\"@id\":\"https:\/\/pharmadreams.shop\/index.php\/product\/liperol-plus-shampooing-150ml\/#breadcrumb\"},\"inLanguage\":\"fr-FR\",\"potentialAction\":[{\"@type\":\"ReadAction\",\"target\":[\"https:\/\/pharmadreams.shop\/index.php\/product\/liperol-plus-shampooing-150ml\/\"]}]},{\"@type\":\"ImageObject\",\"inLanguage\":\"fr-FR\",\"@id\":\"https:\/\/pharmadreams.shop\/index.php\/product\/liperol-plus-shampooing-150ml\/#primaryimage\",\"url\":\"https:\/\/pharmadreams.shop\/wp-content\/uploads\/2023\/12\/liperol.png\",\"contentUrl\":\"https:\/\/pharmadreams.shop\/wp-content\/uploads\/2023\/12\/liperol.png\",\"width\":1192,\"height\":1240},{\"@type\":\"BreadcrumbList\",\"@id\":\"https:\/\/pharmadreams.shop\/index.php\/product\/liperol-plus-shampooing-150ml\/#breadcrumb\",\"itemListElement\":[{\"@type\":\"ListItem\",\"position\":1,\"name\":\"Accueil\",\"item\":\"https:\/\/pharmadreams.shop\/\"},{\"@type\":\"ListItem\",\"position\":2,\"name\":\"Shop\",\"item\":\"https:\/\/pharmadreams.shop\/index.php\/shop\/\"},{\"@type\":\"ListItem\",\"position\":3,\"name\":\"Liperol plus shampooing 150ml\"}]},{\"@type\":\"WebSite\",\"@id\":\"https:\/\/pharmadreams.shop\/#website\",\"url\":\"https:\/\/pharmadreams.shop\/\",\"name\":\"pharmadreams\",\"description\":\"Parapharmacie en ligne\",\"potentialAction\":[{\"@type\":\"SearchAction\",\"target\":{\"@type\":\"EntryPoint\",\"urlTemplate\":\"https:\/\/pharmadreams.shop\/?s={search_term_string}\"},\"query-input\":\"required name=search_term_string\"}],\"inLanguage\":\"fr-FR\"}]}<\/script>\n<!-- \/ Yoast SEO plugin. -->","yoast_head_json":{"title":"Liperol plus shampooing 150ml - pharmadreams","robots":{"index":"index","follow":"follow","max-snippet":"max-snippet:-1","max-image-preview":"max-image-preview:large","max-video-preview":"max-video-preview:-1"},"canonical":"https:\/\/pharmadreams.shop\/index.php\/product\/liperol-plus-shampooing-150ml\/","og_locale":"fr_FR","og_type":"article","og_title":"Liperol plus shampooing 150ml - pharmadreams","og_description":"Huile Shampoing Traitement Actif du cuir chevelu et des cheveux un respect total de la physiologie de la peau.  Sp\u00e9cifique pour un nettoyage physiologique, hydratant et apaisant du cuir chevelu.  Il est particuli\u00e8rement indiqu\u00e9 aux sujets pr\u00e9dispos\u00e9s aux rougeurs et aux desquamations du cuir chevelu, pr\u00e9venant ainsi la chute des cheveux","og_url":"https:\/\/pharmadreams.shop\/index.php\/product\/liperol-plus-shampooing-150ml\/","og_site_name":"pharmadreams","article_modified_time":"2023-12-19T18:31:24+00:00","og_image":[{"width":1192,"height":1240,"url":"https:\/\/pharmadreams.shop\/wp-content\/uploads\/2023\/12\/liperol.png","type":"image\/png"}],"twitter_card":"summary_large_image","schema":{"@context":"https:\/\/schema.org","@graph":[{"@type":"WebPage","@id":"https:\/\/pharmadreams.shop\/index.php\/product\/liperol-plus-shampooing-150ml\/","url":"https:\/\/pharmadreams.shop\/index.php\/product\/liperol-plus-shampooing-150ml\/","name":"Liperol plus shampooing 150ml - pharmadreams","isPartOf":{"@id":"https:\/\/pharmadreams.shop\/#website"},"primaryImageOfPage":{"@id":"https:\/\/pharmadreams.shop\/index.php\/product\/liperol-plus-shampooing-150ml\/#primaryimage"},"image":{"@id":"https:\/\/pharmadreams.shop\/index.php\/product\/liperol-plus-shampooing-150ml\/#primaryimage"},"thumbnailUrl":"https:\/\/pharmadreams.shop\/wp-content\/uploads\/2023\/12\/liperol.png","datePublished":"2023-12-19T18:30:14+00:00","dateModified":"2023-12-19T18:31:24+00:00","breadcrumb":{"@id":"https:\/\/pharmadreams.shop\/index.php\/product\/liperol-plus-shampooing-150ml\/#breadcrumb"},"inLanguage":"fr-FR","potentialAction":[{"@type":"ReadAction","target":["https:\/\/pharmadreams.shop\/index.php\/product\/liperol-plus-shampooing-150ml\/"]}]},{"@type":"ImageObject","inLanguage":"fr-FR","@id":"https:\/\/pharmadreams.shop\/index.php\/product\/liperol-plus-shampooing-150ml\/#primaryimage","url":"https:\/\/pharmadreams.shop\/wp-content\/uploads\/2023\/12\/liperol.png","contentUrl":"https:\/\/pharmadreams.shop\/wp-content\/uploads\/2023\/12\/liperol.png","width":1192,"height":1240},{"@type":"BreadcrumbList","@id":"https:\/\/pharmadreams.shop\/index.php\/product\/liperol-plus-shampooing-150ml\/#breadcrumb","itemListElement":[{"@type":"ListItem","position":1,"name":"Accueil","item":"https:\/\/pharmadreams.shop\/"},{"@type":"ListItem","position":2,"name":"Shop","item":"https:\/\/pharmadreams.shop\/index.php\/shop\/"},{"@type":"ListItem","position":3,"name":"Liperol plus shampooing 150ml"}]},{"@type":"WebSite","@id":"https:\/\/pharmadreams.shop\/#website","url":"https:\/\/pharmadreams.shop\/","name":"pharmadreams","description":"Parapharmacie en ligne","potentialAction":[{"@type":"SearchAction","target":{"@type":"EntryPoint","urlTemplate":"https:\/\/pharmadreams.shop\/?s={search_term_string}"},"query-input":"required name=search_term_string"}],"inLanguage":"fr-FR"}]}},"_links":{"self":[{"href":"https:\/\/pharmadreams.shop\/index.php\/wp-json\/wp\/v2\/product\/16169","targetHints":{"allow":["GET"]}}],"collection":[{"href":"https:\/\/pharmadreams.shop\/index.php\/wp-json\/wp\/v2\/product"}],"about":[{"href":"https:\/\/pharmadreams.shop\/index.php\/wp-json\/wp\/v2\/types\/product"}],"replies":[{"embeddable":true,"href":"https:\/\/pharmadreams.shop\/index.php\/wp-json\/wp\/v2\/comments?post=16169"}],"version-history":[{"count":0,"href":"https:\/\/pharmadreams.shop\/index.php\/wp-json\/wp\/v2\/product\/16169\/revisions"}],"wp:featuredmedia":[{"embeddable":true,"href":"https:\/\/pharmadreams.shop\/index.php\/wp-json\/wp\/v2\/media\/16232"}],"wp:attachment":[{"href":"https:\/\/pharmadreams.shop\/index.php\/wp-json\/wp\/v2\/media?parent=16169"}],"wp:term":[{"taxonomy":"product_brand","embeddable":true,"href":"https:\/\/pharmadreams.shop\/index.php\/wp-json\/wp\/v2\/product_brand?post=16169"},{"taxonomy":"product_cat","embeddable":true,"href":"https:\/\/pharmadreams.shop\/index.php\/wp-json\/wp\/v2\/product_cat?post=16169"},{"taxonomy":"product_tag","embeddable":true,"href":"https:\/\/pharmadreams.shop\/index.php\/wp-json\/wp\/v2\/product_tag?post=16169"}],"curies":[{"name":"wp","href":"https:\/\/api.w.org\/{rel}","templated":true}]}}