{"id":16192,"date":"2023-12-19T19:30:39","date_gmt":"2023-12-19T18:30:39","guid":{"rendered":"https:\/\/venuspara.com\/?post_type=product&#038;p=16192"},"modified":"2023-12-19T19:32:02","modified_gmt":"2023-12-19T18:32:02","slug":"innovatouch-cosmetic-shampooing-au-lait-de-chevre-250ml","status":"publish","type":"product","link":"https:\/\/pharmadreams.shop\/index.php\/product\/innovatouch-cosmetic-shampooing-au-lait-de-chevre-250ml\/","title":{"rendered":"Innovatouch cosmetic shampooing au lait de ch\u00e8vre 250ml"},"content":{"rendered":"","protected":false},"excerpt":{"rendered":"<p>Le shampooing au lait de ch\u00e8vre Innovatouch Cosmetic rend vos cheveux doux et l\u00e9gers gr\u00e2ce \u00e0 sa formule sans sulfates. Enrichi en lait de ch\u00e8vre, il permet \u00e0 la fois de nourrir les cheveux et de prendre soin des cuirs chevelus m\u00eame les plus sensibles<\/p>\n","protected":false},"featured_media":16271,"comment_status":"open","ping_status":"closed","template":"","meta":[],"product_brand":[],"product_cat":[119,82,110],"product_tag":[],"class_list":{"0":"post-16192","1":"product","2":"type-product","3":"status-publish","4":"has-post-thumbnail","6":"product_cat-cheveux-doux-et-legers","7":"product_cat-shampooing","8":"product_cat-soin-cheveux","10":"first","11":"instock","12":"shipping-taxable","13":"purchasable","14":"product-type-simple"},"yoast_head":"<!-- This site is optimized with the Yoast SEO plugin v23.0 - https:\/\/yoast.com\/wordpress\/plugins\/seo\/ -->\n<title>Innovatouch cosmetic shampooing au lait de ch\u00e8vre 250ml - pharmadreams<\/title>\n<meta name=\"robots\" content=\"index, follow, max-snippet:-1, max-image-preview:large, max-video-preview:-1\" \/>\n<link rel=\"canonical\" href=\"https:\/\/pharmadreams.shop\/index.php\/product\/innovatouch-cosmetic-shampooing-au-lait-de-chevre-250ml\/\" \/>\n<meta property=\"og:locale\" content=\"fr_FR\" \/>\n<meta property=\"og:type\" content=\"article\" \/>\n<meta property=\"og:title\" content=\"Innovatouch cosmetic shampooing au lait de ch\u00e8vre 250ml - pharmadreams\" \/>\n<meta property=\"og:description\" content=\"Le shampooing au lait de ch\u00e8vre Innovatouch Cosmetic rend vos cheveux doux et l\u00e9gers gr\u00e2ce \u00e0 sa formule sans sulfates. Enrichi en lait de ch\u00e8vre, il permet \u00e0 la fois de nourrir les cheveux et de prendre soin des cuirs chevelus m\u00eame les plus sensibles\" \/>\n<meta property=\"og:url\" content=\"https:\/\/pharmadreams.shop\/index.php\/product\/innovatouch-cosmetic-shampooing-au-lait-de-chevre-250ml\/\" \/>\n<meta property=\"og:site_name\" content=\"pharmadreams\" \/>\n<meta property=\"article:modified_time\" content=\"2023-12-19T18:32:02+00:00\" \/>\n<meta property=\"og:image\" content=\"https:\/\/pharmadreams.shop\/wp-content\/uploads\/2023\/12\/laite-de-chevre.png\" \/>\n\t<meta property=\"og:image:width\" content=\"824\" \/>\n\t<meta property=\"og:image:height\" content=\"1208\" \/>\n\t<meta property=\"og:image:type\" content=\"image\/png\" \/>\n<meta name=\"twitter:card\" content=\"summary_large_image\" \/>\n<script type=\"application\/ld+json\" class=\"yoast-schema-graph\">{\"@context\":\"https:\/\/schema.org\",\"@graph\":[{\"@type\":\"WebPage\",\"@id\":\"https:\/\/pharmadreams.shop\/index.php\/product\/innovatouch-cosmetic-shampooing-au-lait-de-chevre-250ml\/\",\"url\":\"https:\/\/pharmadreams.shop\/index.php\/product\/innovatouch-cosmetic-shampooing-au-lait-de-chevre-250ml\/\",\"name\":\"Innovatouch cosmetic shampooing au lait de ch\u00e8vre 250ml - pharmadreams\",\"isPartOf\":{\"@id\":\"https:\/\/pharmadreams.shop\/#website\"},\"primaryImageOfPage\":{\"@id\":\"https:\/\/pharmadreams.shop\/index.php\/product\/innovatouch-cosmetic-shampooing-au-lait-de-chevre-250ml\/#primaryimage\"},\"image\":{\"@id\":\"https:\/\/pharmadreams.shop\/index.php\/product\/innovatouch-cosmetic-shampooing-au-lait-de-chevre-250ml\/#primaryimage\"},\"thumbnailUrl\":\"https:\/\/pharmadreams.shop\/wp-content\/uploads\/2023\/12\/laite-de-chevre.png\",\"datePublished\":\"2023-12-19T18:30:39+00:00\",\"dateModified\":\"2023-12-19T18:32:02+00:00\",\"breadcrumb\":{\"@id\":\"https:\/\/pharmadreams.shop\/index.php\/product\/innovatouch-cosmetic-shampooing-au-lait-de-chevre-250ml\/#breadcrumb\"},\"inLanguage\":\"fr-FR\",\"potentialAction\":[{\"@type\":\"ReadAction\",\"target\":[\"https:\/\/pharmadreams.shop\/index.php\/product\/innovatouch-cosmetic-shampooing-au-lait-de-chevre-250ml\/\"]}]},{\"@type\":\"ImageObject\",\"inLanguage\":\"fr-FR\",\"@id\":\"https:\/\/pharmadreams.shop\/index.php\/product\/innovatouch-cosmetic-shampooing-au-lait-de-chevre-250ml\/#primaryimage\",\"url\":\"https:\/\/pharmadreams.shop\/wp-content\/uploads\/2023\/12\/laite-de-chevre.png\",\"contentUrl\":\"https:\/\/pharmadreams.shop\/wp-content\/uploads\/2023\/12\/laite-de-chevre.png\",\"width\":824,\"height\":1208},{\"@type\":\"BreadcrumbList\",\"@id\":\"https:\/\/pharmadreams.shop\/index.php\/product\/innovatouch-cosmetic-shampooing-au-lait-de-chevre-250ml\/#breadcrumb\",\"itemListElement\":[{\"@type\":\"ListItem\",\"position\":1,\"name\":\"Accueil\",\"item\":\"https:\/\/pharmadreams.shop\/\"},{\"@type\":\"ListItem\",\"position\":2,\"name\":\"Shop\",\"item\":\"https:\/\/pharmadreams.shop\/index.php\/shop\/\"},{\"@type\":\"ListItem\",\"position\":3,\"name\":\"Innovatouch cosmetic shampooing au lait de ch\u00e8vre 250ml\"}]},{\"@type\":\"WebSite\",\"@id\":\"https:\/\/pharmadreams.shop\/#website\",\"url\":\"https:\/\/pharmadreams.shop\/\",\"name\":\"pharmadreams\",\"description\":\"Parapharmacie en ligne\",\"potentialAction\":[{\"@type\":\"SearchAction\",\"target\":{\"@type\":\"EntryPoint\",\"urlTemplate\":\"https:\/\/pharmadreams.shop\/?s={search_term_string}\"},\"query-input\":\"required name=search_term_string\"}],\"inLanguage\":\"fr-FR\"}]}<\/script>\n<!-- \/ Yoast SEO plugin. -->","yoast_head_json":{"title":"Innovatouch cosmetic shampooing au lait de ch\u00e8vre 250ml - pharmadreams","robots":{"index":"index","follow":"follow","max-snippet":"max-snippet:-1","max-image-preview":"max-image-preview:large","max-video-preview":"max-video-preview:-1"},"canonical":"https:\/\/pharmadreams.shop\/index.php\/product\/innovatouch-cosmetic-shampooing-au-lait-de-chevre-250ml\/","og_locale":"fr_FR","og_type":"article","og_title":"Innovatouch cosmetic shampooing au lait de ch\u00e8vre 250ml - pharmadreams","og_description":"Le shampooing au lait de ch\u00e8vre Innovatouch Cosmetic rend vos cheveux doux et l\u00e9gers gr\u00e2ce \u00e0 sa formule sans sulfates. Enrichi en lait de ch\u00e8vre, il permet \u00e0 la fois de nourrir les cheveux et de prendre soin des cuirs chevelus m\u00eame les plus sensibles","og_url":"https:\/\/pharmadreams.shop\/index.php\/product\/innovatouch-cosmetic-shampooing-au-lait-de-chevre-250ml\/","og_site_name":"pharmadreams","article_modified_time":"2023-12-19T18:32:02+00:00","og_image":[{"width":824,"height":1208,"url":"https:\/\/pharmadreams.shop\/wp-content\/uploads\/2023\/12\/laite-de-chevre.png","type":"image\/png"}],"twitter_card":"summary_large_image","schema":{"@context":"https:\/\/schema.org","@graph":[{"@type":"WebPage","@id":"https:\/\/pharmadreams.shop\/index.php\/product\/innovatouch-cosmetic-shampooing-au-lait-de-chevre-250ml\/","url":"https:\/\/pharmadreams.shop\/index.php\/product\/innovatouch-cosmetic-shampooing-au-lait-de-chevre-250ml\/","name":"Innovatouch cosmetic shampooing au lait de ch\u00e8vre 250ml - pharmadreams","isPartOf":{"@id":"https:\/\/pharmadreams.shop\/#website"},"primaryImageOfPage":{"@id":"https:\/\/pharmadreams.shop\/index.php\/product\/innovatouch-cosmetic-shampooing-au-lait-de-chevre-250ml\/#primaryimage"},"image":{"@id":"https:\/\/pharmadreams.shop\/index.php\/product\/innovatouch-cosmetic-shampooing-au-lait-de-chevre-250ml\/#primaryimage"},"thumbnailUrl":"https:\/\/pharmadreams.shop\/wp-content\/uploads\/2023\/12\/laite-de-chevre.png","datePublished":"2023-12-19T18:30:39+00:00","dateModified":"2023-12-19T18:32:02+00:00","breadcrumb":{"@id":"https:\/\/pharmadreams.shop\/index.php\/product\/innovatouch-cosmetic-shampooing-au-lait-de-chevre-250ml\/#breadcrumb"},"inLanguage":"fr-FR","potentialAction":[{"@type":"ReadAction","target":["https:\/\/pharmadreams.shop\/index.php\/product\/innovatouch-cosmetic-shampooing-au-lait-de-chevre-250ml\/"]}]},{"@type":"ImageObject","inLanguage":"fr-FR","@id":"https:\/\/pharmadreams.shop\/index.php\/product\/innovatouch-cosmetic-shampooing-au-lait-de-chevre-250ml\/#primaryimage","url":"https:\/\/pharmadreams.shop\/wp-content\/uploads\/2023\/12\/laite-de-chevre.png","contentUrl":"https:\/\/pharmadreams.shop\/wp-content\/uploads\/2023\/12\/laite-de-chevre.png","width":824,"height":1208},{"@type":"BreadcrumbList","@id":"https:\/\/pharmadreams.shop\/index.php\/product\/innovatouch-cosmetic-shampooing-au-lait-de-chevre-250ml\/#breadcrumb","itemListElement":[{"@type":"ListItem","position":1,"name":"Accueil","item":"https:\/\/pharmadreams.shop\/"},{"@type":"ListItem","position":2,"name":"Shop","item":"https:\/\/pharmadreams.shop\/index.php\/shop\/"},{"@type":"ListItem","position":3,"name":"Innovatouch cosmetic shampooing au lait de ch\u00e8vre 250ml"}]},{"@type":"WebSite","@id":"https:\/\/pharmadreams.shop\/#website","url":"https:\/\/pharmadreams.shop\/","name":"pharmadreams","description":"Parapharmacie en ligne","potentialAction":[{"@type":"SearchAction","target":{"@type":"EntryPoint","urlTemplate":"https:\/\/pharmadreams.shop\/?s={search_term_string}"},"query-input":"required name=search_term_string"}],"inLanguage":"fr-FR"}]}},"_links":{"self":[{"href":"https:\/\/pharmadreams.shop\/index.php\/wp-json\/wp\/v2\/product\/16192","targetHints":{"allow":["GET"]}}],"collection":[{"href":"https:\/\/pharmadreams.shop\/index.php\/wp-json\/wp\/v2\/product"}],"about":[{"href":"https:\/\/pharmadreams.shop\/index.php\/wp-json\/wp\/v2\/types\/product"}],"replies":[{"embeddable":true,"href":"https:\/\/pharmadreams.shop\/index.php\/wp-json\/wp\/v2\/comments?post=16192"}],"version-history":[{"count":0,"href":"https:\/\/pharmadreams.shop\/index.php\/wp-json\/wp\/v2\/product\/16192\/revisions"}],"wp:featuredmedia":[{"embeddable":true,"href":"https:\/\/pharmadreams.shop\/index.php\/wp-json\/wp\/v2\/media\/16271"}],"wp:attachment":[{"href":"https:\/\/pharmadreams.shop\/index.php\/wp-json\/wp\/v2\/media?parent=16192"}],"wp:term":[{"taxonomy":"product_brand","embeddable":true,"href":"https:\/\/pharmadreams.shop\/index.php\/wp-json\/wp\/v2\/product_brand?post=16192"},{"taxonomy":"product_cat","embeddable":true,"href":"https:\/\/pharmadreams.shop\/index.php\/wp-json\/wp\/v2\/product_cat?post=16192"},{"taxonomy":"product_tag","embeddable":true,"href":"https:\/\/pharmadreams.shop\/index.php\/wp-json\/wp\/v2\/product_tag?post=16192"}],"curies":[{"name":"wp","href":"https:\/\/api.w.org\/{rel}","templated":true}]}}