{"id":16208,"date":"2023-12-19T19:31:04","date_gmt":"2023-12-19T18:31:04","guid":{"rendered":"https:\/\/venuspara.com\/?post_type=product&#038;p=16208"},"modified":"2023-12-19T19:32:10","modified_gmt":"2023-12-19T18:32:10","slug":"hyfac-sun-protection-solaire-teintee-spf50-40ml","status":"publish","type":"product","link":"https:\/\/pharmadreams.shop\/index.php\/product\/hyfac-sun-protection-solaire-teintee-spf50-40ml\/","title":{"rendered":"Hyfac sun protection solaire teint\u00e9e spf50 40ml"},"content":{"rendered":"","protected":false},"excerpt":{"rendered":"<p>Le soin de protection solaire teint\u00e9 Hyfac Sun offre une haute protection solaire SPF50 pour les peaux les plus fragiles.<br \/>\nLes extraits de graines de Moringa sont r\u00e9put\u00e9s pour faciliter la protection de l&rsquo;\u00e9piderme. Cette cr\u00e8me vous assure une protection optimale contre le soleil et les agressions ext\u00e9rieures ainsi que la lumi\u00e8re bleue. Elle contient des pigments rouges et noirs qui absorbent en partie les rayons bleus et violets.<br \/>\nSa texture non grasse, offre un toucher sec et ne laisse aucune trace blanche<\/p>\n","protected":false},"featured_media":16279,"comment_status":"open","ping_status":"closed","template":"","meta":[],"product_brand":[],"product_cat":[104,107],"product_tag":[],"class_list":{"0":"post-16208","1":"product","2":"type-product","3":"status-publish","4":"has-post-thumbnail","6":"product_cat-protection","7":"product_cat-soin-solaire","9":"first","10":"instock","11":"shipping-taxable","12":"purchasable","13":"product-type-simple"},"yoast_head":"<!-- This site is optimized with the Yoast SEO plugin v23.0 - https:\/\/yoast.com\/wordpress\/plugins\/seo\/ -->\n<title>Hyfac sun protection solaire teint\u00e9e spf50 40ml - pharmadreams<\/title>\n<meta name=\"robots\" content=\"index, follow, max-snippet:-1, max-image-preview:large, max-video-preview:-1\" \/>\n<link rel=\"canonical\" href=\"https:\/\/pharmadreams.shop\/index.php\/product\/hyfac-sun-protection-solaire-teintee-spf50-40ml\/\" \/>\n<meta property=\"og:locale\" content=\"fr_FR\" \/>\n<meta property=\"og:type\" content=\"article\" \/>\n<meta property=\"og:title\" content=\"Hyfac sun protection solaire teint\u00e9e spf50 40ml - pharmadreams\" \/>\n<meta property=\"og:description\" content=\"Le soin de protection solaire teint\u00e9 Hyfac Sun offre une haute protection solaire SPF50 pour les peaux les plus fragiles. Les extraits de graines de Moringa sont r\u00e9put\u00e9s pour faciliter la protection de l&#039;\u00e9piderme. Cette cr\u00e8me vous assure une protection optimale contre le soleil et les agressions ext\u00e9rieures ainsi que la lumi\u00e8re bleue. Elle contient des pigments rouges et noirs qui absorbent en partie les rayons bleus et violets. Sa texture non grasse, offre un toucher sec et ne laisse aucune trace blanche\" \/>\n<meta property=\"og:url\" content=\"https:\/\/pharmadreams.shop\/index.php\/product\/hyfac-sun-protection-solaire-teintee-spf50-40ml\/\" \/>\n<meta property=\"og:site_name\" content=\"pharmadreams\" \/>\n<meta property=\"article:modified_time\" content=\"2023-12-19T18:32:10+00:00\" \/>\n<meta property=\"og:image\" content=\"https:\/\/pharmadreams.shop\/wp-content\/uploads\/2023\/12\/hyfac-teinte.png\" \/>\n\t<meta property=\"og:image:width\" content=\"560\" \/>\n\t<meta property=\"og:image:height\" content=\"776\" \/>\n\t<meta property=\"og:image:type\" content=\"image\/png\" \/>\n<meta name=\"twitter:card\" content=\"summary_large_image\" \/>\n<script type=\"application\/ld+json\" class=\"yoast-schema-graph\">{\"@context\":\"https:\/\/schema.org\",\"@graph\":[{\"@type\":\"WebPage\",\"@id\":\"https:\/\/pharmadreams.shop\/index.php\/product\/hyfac-sun-protection-solaire-teintee-spf50-40ml\/\",\"url\":\"https:\/\/pharmadreams.shop\/index.php\/product\/hyfac-sun-protection-solaire-teintee-spf50-40ml\/\",\"name\":\"Hyfac sun protection solaire teint\u00e9e spf50 40ml - pharmadreams\",\"isPartOf\":{\"@id\":\"https:\/\/pharmadreams.shop\/#website\"},\"primaryImageOfPage\":{\"@id\":\"https:\/\/pharmadreams.shop\/index.php\/product\/hyfac-sun-protection-solaire-teintee-spf50-40ml\/#primaryimage\"},\"image\":{\"@id\":\"https:\/\/pharmadreams.shop\/index.php\/product\/hyfac-sun-protection-solaire-teintee-spf50-40ml\/#primaryimage\"},\"thumbnailUrl\":\"https:\/\/pharmadreams.shop\/wp-content\/uploads\/2023\/12\/hyfac-teinte.png\",\"datePublished\":\"2023-12-19T18:31:04+00:00\",\"dateModified\":\"2023-12-19T18:32:10+00:00\",\"breadcrumb\":{\"@id\":\"https:\/\/pharmadreams.shop\/index.php\/product\/hyfac-sun-protection-solaire-teintee-spf50-40ml\/#breadcrumb\"},\"inLanguage\":\"fr-FR\",\"potentialAction\":[{\"@type\":\"ReadAction\",\"target\":[\"https:\/\/pharmadreams.shop\/index.php\/product\/hyfac-sun-protection-solaire-teintee-spf50-40ml\/\"]}]},{\"@type\":\"ImageObject\",\"inLanguage\":\"fr-FR\",\"@id\":\"https:\/\/pharmadreams.shop\/index.php\/product\/hyfac-sun-protection-solaire-teintee-spf50-40ml\/#primaryimage\",\"url\":\"https:\/\/pharmadreams.shop\/wp-content\/uploads\/2023\/12\/hyfac-teinte.png\",\"contentUrl\":\"https:\/\/pharmadreams.shop\/wp-content\/uploads\/2023\/12\/hyfac-teinte.png\",\"width\":560,\"height\":776},{\"@type\":\"BreadcrumbList\",\"@id\":\"https:\/\/pharmadreams.shop\/index.php\/product\/hyfac-sun-protection-solaire-teintee-spf50-40ml\/#breadcrumb\",\"itemListElement\":[{\"@type\":\"ListItem\",\"position\":1,\"name\":\"Accueil\",\"item\":\"https:\/\/pharmadreams.shop\/\"},{\"@type\":\"ListItem\",\"position\":2,\"name\":\"Shop\",\"item\":\"https:\/\/pharmadreams.shop\/index.php\/shop\/\"},{\"@type\":\"ListItem\",\"position\":3,\"name\":\"Hyfac sun protection solaire teint\u00e9e spf50 40ml\"}]},{\"@type\":\"WebSite\",\"@id\":\"https:\/\/pharmadreams.shop\/#website\",\"url\":\"https:\/\/pharmadreams.shop\/\",\"name\":\"pharmadreams\",\"description\":\"Parapharmacie en ligne\",\"potentialAction\":[{\"@type\":\"SearchAction\",\"target\":{\"@type\":\"EntryPoint\",\"urlTemplate\":\"https:\/\/pharmadreams.shop\/?s={search_term_string}\"},\"query-input\":\"required name=search_term_string\"}],\"inLanguage\":\"fr-FR\"}]}<\/script>\n<!-- \/ Yoast SEO plugin. -->","yoast_head_json":{"title":"Hyfac sun protection solaire teint\u00e9e spf50 40ml - pharmadreams","robots":{"index":"index","follow":"follow","max-snippet":"max-snippet:-1","max-image-preview":"max-image-preview:large","max-video-preview":"max-video-preview:-1"},"canonical":"https:\/\/pharmadreams.shop\/index.php\/product\/hyfac-sun-protection-solaire-teintee-spf50-40ml\/","og_locale":"fr_FR","og_type":"article","og_title":"Hyfac sun protection solaire teint\u00e9e spf50 40ml - pharmadreams","og_description":"Le soin de protection solaire teint\u00e9 Hyfac Sun offre une haute protection solaire SPF50 pour les peaux les plus fragiles. Les extraits de graines de Moringa sont r\u00e9put\u00e9s pour faciliter la protection de l'\u00e9piderme. Cette cr\u00e8me vous assure une protection optimale contre le soleil et les agressions ext\u00e9rieures ainsi que la lumi\u00e8re bleue. Elle contient des pigments rouges et noirs qui absorbent en partie les rayons bleus et violets. Sa texture non grasse, offre un toucher sec et ne laisse aucune trace blanche","og_url":"https:\/\/pharmadreams.shop\/index.php\/product\/hyfac-sun-protection-solaire-teintee-spf50-40ml\/","og_site_name":"pharmadreams","article_modified_time":"2023-12-19T18:32:10+00:00","og_image":[{"width":560,"height":776,"url":"https:\/\/pharmadreams.shop\/wp-content\/uploads\/2023\/12\/hyfac-teinte.png","type":"image\/png"}],"twitter_card":"summary_large_image","schema":{"@context":"https:\/\/schema.org","@graph":[{"@type":"WebPage","@id":"https:\/\/pharmadreams.shop\/index.php\/product\/hyfac-sun-protection-solaire-teintee-spf50-40ml\/","url":"https:\/\/pharmadreams.shop\/index.php\/product\/hyfac-sun-protection-solaire-teintee-spf50-40ml\/","name":"Hyfac sun protection solaire teint\u00e9e spf50 40ml - pharmadreams","isPartOf":{"@id":"https:\/\/pharmadreams.shop\/#website"},"primaryImageOfPage":{"@id":"https:\/\/pharmadreams.shop\/index.php\/product\/hyfac-sun-protection-solaire-teintee-spf50-40ml\/#primaryimage"},"image":{"@id":"https:\/\/pharmadreams.shop\/index.php\/product\/hyfac-sun-protection-solaire-teintee-spf50-40ml\/#primaryimage"},"thumbnailUrl":"https:\/\/pharmadreams.shop\/wp-content\/uploads\/2023\/12\/hyfac-teinte.png","datePublished":"2023-12-19T18:31:04+00:00","dateModified":"2023-12-19T18:32:10+00:00","breadcrumb":{"@id":"https:\/\/pharmadreams.shop\/index.php\/product\/hyfac-sun-protection-solaire-teintee-spf50-40ml\/#breadcrumb"},"inLanguage":"fr-FR","potentialAction":[{"@type":"ReadAction","target":["https:\/\/pharmadreams.shop\/index.php\/product\/hyfac-sun-protection-solaire-teintee-spf50-40ml\/"]}]},{"@type":"ImageObject","inLanguage":"fr-FR","@id":"https:\/\/pharmadreams.shop\/index.php\/product\/hyfac-sun-protection-solaire-teintee-spf50-40ml\/#primaryimage","url":"https:\/\/pharmadreams.shop\/wp-content\/uploads\/2023\/12\/hyfac-teinte.png","contentUrl":"https:\/\/pharmadreams.shop\/wp-content\/uploads\/2023\/12\/hyfac-teinte.png","width":560,"height":776},{"@type":"BreadcrumbList","@id":"https:\/\/pharmadreams.shop\/index.php\/product\/hyfac-sun-protection-solaire-teintee-spf50-40ml\/#breadcrumb","itemListElement":[{"@type":"ListItem","position":1,"name":"Accueil","item":"https:\/\/pharmadreams.shop\/"},{"@type":"ListItem","position":2,"name":"Shop","item":"https:\/\/pharmadreams.shop\/index.php\/shop\/"},{"@type":"ListItem","position":3,"name":"Hyfac sun protection solaire teint\u00e9e spf50 40ml"}]},{"@type":"WebSite","@id":"https:\/\/pharmadreams.shop\/#website","url":"https:\/\/pharmadreams.shop\/","name":"pharmadreams","description":"Parapharmacie en ligne","potentialAction":[{"@type":"SearchAction","target":{"@type":"EntryPoint","urlTemplate":"https:\/\/pharmadreams.shop\/?s={search_term_string}"},"query-input":"required name=search_term_string"}],"inLanguage":"fr-FR"}]}},"_links":{"self":[{"href":"https:\/\/pharmadreams.shop\/index.php\/wp-json\/wp\/v2\/product\/16208","targetHints":{"allow":["GET"]}}],"collection":[{"href":"https:\/\/pharmadreams.shop\/index.php\/wp-json\/wp\/v2\/product"}],"about":[{"href":"https:\/\/pharmadreams.shop\/index.php\/wp-json\/wp\/v2\/types\/product"}],"replies":[{"embeddable":true,"href":"https:\/\/pharmadreams.shop\/index.php\/wp-json\/wp\/v2\/comments?post=16208"}],"version-history":[{"count":0,"href":"https:\/\/pharmadreams.shop\/index.php\/wp-json\/wp\/v2\/product\/16208\/revisions"}],"wp:featuredmedia":[{"embeddable":true,"href":"https:\/\/pharmadreams.shop\/index.php\/wp-json\/wp\/v2\/media\/16279"}],"wp:attachment":[{"href":"https:\/\/pharmadreams.shop\/index.php\/wp-json\/wp\/v2\/media?parent=16208"}],"wp:term":[{"taxonomy":"product_brand","embeddable":true,"href":"https:\/\/pharmadreams.shop\/index.php\/wp-json\/wp\/v2\/product_brand?post=16208"},{"taxonomy":"product_cat","embeddable":true,"href":"https:\/\/pharmadreams.shop\/index.php\/wp-json\/wp\/v2\/product_cat?post=16208"},{"taxonomy":"product_tag","embeddable":true,"href":"https:\/\/pharmadreams.shop\/index.php\/wp-json\/wp\/v2\/product_tag?post=16208"}],"curies":[{"name":"wp","href":"https:\/\/api.w.org\/{rel}","templated":true}]}}