{"id":16237,"date":"2023-12-19T19:31:29","date_gmt":"2023-12-19T18:31:29","guid":{"rendered":"https:\/\/venuspara.com\/?post_type=product&#038;p=16237"},"modified":"2024-03-16T00:27:44","modified_gmt":"2024-03-15T23:27:44","slug":"filorga-skin-unify-intensive-serum-uniformisant-illuminateur-30ml","status":"publish","type":"product","link":"https:\/\/pharmadreams.shop\/index.php\/product\/filorga-skin-unify-intensive-serum-uniformisant-illuminateur-30ml\/","title":{"rendered":"Filorga skin-unify intensive s\u00e9rum uniformisant illuminateur 30ml"},"content":{"rendered":"","protected":false},"excerpt":{"rendered":"<p>Ce s\u00e9rum anti-taches visage est inspir\u00e9 de 3 techniques de m\u00e9decine esth\u00e9tique, il uniformise et illumine la peau pour un teint sublim\u00e9.<\/p>\n<p class=\"default\">Uniformisant et illuminateur, ce s\u00e9rum visage abrite un\u00a0c\u0153ur\u00a0de formule cosm\u00e9tique inspir\u00e9 du laser, du peeling et du medical strobing : la nouvelle technique esth\u00e9tique r\u00e9v\u00e9latrice d\u2019\u00e9clat. Ses actifs de pointe r\u00e9duisent les taches, unifient le teint et repulpent la peau pour recr\u00e9er les zones de lumi\u00e8re. Son + : un actif antioxydant pour une action protectrice et anti-pollution.<\/p>\n<p class=\"default\"><b>&#8211; Action anti-taches [inspiration laser] :<\/b>\u00a0Le soin anti-taches visage SKIN-UNIFY INTENSIVE est formul\u00e9 avec une association de 3 actifs uniformisants [vitamine C + glabridine + extrait d\u2019algue] pour r\u00e9duire efficacement les taches pigmentaires.<\/p>\n<p class=\"default\"><b>&#8211; Action r\u00e9uniformisante [inspiration peeling] :<\/b>\u00a0Un actif resurfa\u00e7ant d\u2019origine v\u00e9g\u00e9tale, extrait de l\u2019achill\u00e9e millefeuille, pour retrouver un teint visiblement plus homog\u00e8ne.<\/p>\n<p class=\"default\"><b>&#8211; Action illuminatrice [inspiration medical strobing] :<\/b>\u00a0Un acide hyaluronique de haut poids mol\u00e9culaire, encapsul\u00e9 dans des microsph\u00e8res, repulpe la peau pour qu\u2019elle puisse mieux refl\u00e9ter la lumi\u00e8re.<\/p>\n<p>Le + : Un peptide au pouvoir antioxydant et anti-pollution pour contrer les effets des impuret\u00e9s responsables de l\u2019apparition des taches et d\u2019un teint terne<\/p>\n","protected":false},"featured_media":16306,"comment_status":"open","ping_status":"closed","template":"","meta":[],"product_brand":[],"product_cat":[97,90,94],"product_tag":[],"class_list":{"0":"post-16237","1":"product","2":"type-product","3":"status-publish","4":"has-post-thumbnail","6":"product_cat-anti-imperfection","7":"product_cat-anti-tache","8":"product_cat-serum","10":"first","11":"instock","12":"shipping-taxable","13":"purchasable","14":"product-type-simple"},"yoast_head":"<!-- This site is optimized with the Yoast SEO plugin v23.0 - https:\/\/yoast.com\/wordpress\/plugins\/seo\/ -->\n<title>Filorga skin-unify intensive s\u00e9rum uniformisant illuminateur 30ml - pharmadreams<\/title>\n<meta name=\"robots\" content=\"index, follow, max-snippet:-1, max-image-preview:large, max-video-preview:-1\" \/>\n<link rel=\"canonical\" href=\"https:\/\/pharmadreams.shop\/index.php\/product\/filorga-skin-unify-intensive-serum-uniformisant-illuminateur-30ml\/\" \/>\n<meta property=\"og:locale\" content=\"fr_FR\" \/>\n<meta property=\"og:type\" content=\"article\" \/>\n<meta property=\"og:title\" content=\"Filorga skin-unify intensive s\u00e9rum uniformisant illuminateur 30ml - pharmadreams\" \/>\n<meta property=\"og:description\" content=\"Ce s\u00e9rum anti-taches visage est inspir\u00e9 de 3 techniques de m\u00e9decine esth\u00e9tique, il uniformise et illumine la peau pour un teint sublim\u00e9. Uniformisant et illuminateur, ce s\u00e9rum visage abrite un\u00a0c\u0153ur\u00a0de formule cosm\u00e9tique inspir\u00e9 du laser, du peeling et du medical strobing : la nouvelle technique esth\u00e9tique r\u00e9v\u00e9latrice d\u2019\u00e9clat. Ses actifs de pointe r\u00e9duisent les taches, unifient le teint et repulpent la peau pour recr\u00e9er les zones de lumi\u00e8re. Son + : un actif antioxydant pour une action protectrice et anti-pollution. - Action anti-taches [inspiration laser] :\u00a0Le soin anti-taches visage SKIN-UNIFY INTENSIVE est formul\u00e9 avec une association de 3 actifs uniformisants [vitamine C + glabridine + extrait d\u2019algue] pour r\u00e9duire efficacement les taches pigmentaires. - Action r\u00e9uniformisante [inspiration peeling] :\u00a0Un actif resurfa\u00e7ant d\u2019origine v\u00e9g\u00e9tale, extrait de l\u2019achill\u00e9e millefeuille, pour retrouver un teint visiblement plus homog\u00e8ne. - Action illuminatrice [inspiration medical strobing] :\u00a0Un acide hyaluronique de haut poids mol\u00e9culaire, encapsul\u00e9 dans des microsph\u00e8res, repulpe la peau pour qu\u2019elle puisse mieux refl\u00e9ter la lumi\u00e8re. Le + : Un peptide au pouvoir antioxydant et anti-pollution pour contrer les effets des impuret\u00e9s responsables de l\u2019apparition des taches et d\u2019un teint terne\" \/>\n<meta property=\"og:url\" content=\"https:\/\/pharmadreams.shop\/index.php\/product\/filorga-skin-unify-intensive-serum-uniformisant-illuminateur-30ml\/\" \/>\n<meta property=\"og:site_name\" content=\"pharmadreams\" \/>\n<meta property=\"article:modified_time\" content=\"2024-03-15T23:27:44+00:00\" \/>\n<meta property=\"og:image\" content=\"https:\/\/pharmadreams.shop\/wp-content\/uploads\/2023\/12\/skin-intensif-1.png\" \/>\n\t<meta property=\"og:image:width\" content=\"496\" \/>\n\t<meta property=\"og:image:height\" content=\"616\" \/>\n\t<meta property=\"og:image:type\" content=\"image\/png\" \/>\n<meta name=\"twitter:card\" content=\"summary_large_image\" \/>\n<meta name=\"twitter:label1\" content=\"Dur\u00e9e de lecture estim\u00e9e\" \/>\n\t<meta name=\"twitter:data1\" content=\"1 minute\" \/>\n<script type=\"application\/ld+json\" class=\"yoast-schema-graph\">{\"@context\":\"https:\/\/schema.org\",\"@graph\":[{\"@type\":\"WebPage\",\"@id\":\"https:\/\/pharmadreams.shop\/index.php\/product\/filorga-skin-unify-intensive-serum-uniformisant-illuminateur-30ml\/\",\"url\":\"https:\/\/pharmadreams.shop\/index.php\/product\/filorga-skin-unify-intensive-serum-uniformisant-illuminateur-30ml\/\",\"name\":\"Filorga skin-unify intensive s\u00e9rum uniformisant illuminateur 30ml - pharmadreams\",\"isPartOf\":{\"@id\":\"https:\/\/pharmadreams.shop\/#website\"},\"primaryImageOfPage\":{\"@id\":\"https:\/\/pharmadreams.shop\/index.php\/product\/filorga-skin-unify-intensive-serum-uniformisant-illuminateur-30ml\/#primaryimage\"},\"image\":{\"@id\":\"https:\/\/pharmadreams.shop\/index.php\/product\/filorga-skin-unify-intensive-serum-uniformisant-illuminateur-30ml\/#primaryimage\"},\"thumbnailUrl\":\"https:\/\/pharmadreams.shop\/wp-content\/uploads\/2023\/12\/skin-intensif-1.png\",\"datePublished\":\"2023-12-19T18:31:29+00:00\",\"dateModified\":\"2024-03-15T23:27:44+00:00\",\"breadcrumb\":{\"@id\":\"https:\/\/pharmadreams.shop\/index.php\/product\/filorga-skin-unify-intensive-serum-uniformisant-illuminateur-30ml\/#breadcrumb\"},\"inLanguage\":\"fr-FR\",\"potentialAction\":[{\"@type\":\"ReadAction\",\"target\":[\"https:\/\/pharmadreams.shop\/index.php\/product\/filorga-skin-unify-intensive-serum-uniformisant-illuminateur-30ml\/\"]}]},{\"@type\":\"ImageObject\",\"inLanguage\":\"fr-FR\",\"@id\":\"https:\/\/pharmadreams.shop\/index.php\/product\/filorga-skin-unify-intensive-serum-uniformisant-illuminateur-30ml\/#primaryimage\",\"url\":\"https:\/\/pharmadreams.shop\/wp-content\/uploads\/2023\/12\/skin-intensif-1.png\",\"contentUrl\":\"https:\/\/pharmadreams.shop\/wp-content\/uploads\/2023\/12\/skin-intensif-1.png\",\"width\":496,\"height\":616},{\"@type\":\"BreadcrumbList\",\"@id\":\"https:\/\/pharmadreams.shop\/index.php\/product\/filorga-skin-unify-intensive-serum-uniformisant-illuminateur-30ml\/#breadcrumb\",\"itemListElement\":[{\"@type\":\"ListItem\",\"position\":1,\"name\":\"Accueil\",\"item\":\"https:\/\/pharmadreams.shop\/\"},{\"@type\":\"ListItem\",\"position\":2,\"name\":\"Shop\",\"item\":\"https:\/\/pharmadreams.shop\/index.php\/shop\/\"},{\"@type\":\"ListItem\",\"position\":3,\"name\":\"Filorga skin-unify intensive s\u00e9rum uniformisant illuminateur 30ml\"}]},{\"@type\":\"WebSite\",\"@id\":\"https:\/\/pharmadreams.shop\/#website\",\"url\":\"https:\/\/pharmadreams.shop\/\",\"name\":\"pharmadreams\",\"description\":\"Parapharmacie en ligne\",\"potentialAction\":[{\"@type\":\"SearchAction\",\"target\":{\"@type\":\"EntryPoint\",\"urlTemplate\":\"https:\/\/pharmadreams.shop\/?s={search_term_string}\"},\"query-input\":\"required name=search_term_string\"}],\"inLanguage\":\"fr-FR\"}]}<\/script>\n<!-- \/ Yoast SEO plugin. -->","yoast_head_json":{"title":"Filorga skin-unify intensive s\u00e9rum uniformisant illuminateur 30ml - pharmadreams","robots":{"index":"index","follow":"follow","max-snippet":"max-snippet:-1","max-image-preview":"max-image-preview:large","max-video-preview":"max-video-preview:-1"},"canonical":"https:\/\/pharmadreams.shop\/index.php\/product\/filorga-skin-unify-intensive-serum-uniformisant-illuminateur-30ml\/","og_locale":"fr_FR","og_type":"article","og_title":"Filorga skin-unify intensive s\u00e9rum uniformisant illuminateur 30ml - pharmadreams","og_description":"Ce s\u00e9rum anti-taches visage est inspir\u00e9 de 3 techniques de m\u00e9decine esth\u00e9tique, il uniformise et illumine la peau pour un teint sublim\u00e9. Uniformisant et illuminateur, ce s\u00e9rum visage abrite un\u00a0c\u0153ur\u00a0de formule cosm\u00e9tique inspir\u00e9 du laser, du peeling et du medical strobing : la nouvelle technique esth\u00e9tique r\u00e9v\u00e9latrice d\u2019\u00e9clat. Ses actifs de pointe r\u00e9duisent les taches, unifient le teint et repulpent la peau pour recr\u00e9er les zones de lumi\u00e8re. Son + : un actif antioxydant pour une action protectrice et anti-pollution. - Action anti-taches [inspiration laser] :\u00a0Le soin anti-taches visage SKIN-UNIFY INTENSIVE est formul\u00e9 avec une association de 3 actifs uniformisants [vitamine C + glabridine + extrait d\u2019algue] pour r\u00e9duire efficacement les taches pigmentaires. - Action r\u00e9uniformisante [inspiration peeling] :\u00a0Un actif resurfa\u00e7ant d\u2019origine v\u00e9g\u00e9tale, extrait de l\u2019achill\u00e9e millefeuille, pour retrouver un teint visiblement plus homog\u00e8ne. - Action illuminatrice [inspiration medical strobing] :\u00a0Un acide hyaluronique de haut poids mol\u00e9culaire, encapsul\u00e9 dans des microsph\u00e8res, repulpe la peau pour qu\u2019elle puisse mieux refl\u00e9ter la lumi\u00e8re. Le + : Un peptide au pouvoir antioxydant et anti-pollution pour contrer les effets des impuret\u00e9s responsables de l\u2019apparition des taches et d\u2019un teint terne","og_url":"https:\/\/pharmadreams.shop\/index.php\/product\/filorga-skin-unify-intensive-serum-uniformisant-illuminateur-30ml\/","og_site_name":"pharmadreams","article_modified_time":"2024-03-15T23:27:44+00:00","og_image":[{"width":496,"height":616,"url":"https:\/\/pharmadreams.shop\/wp-content\/uploads\/2023\/12\/skin-intensif-1.png","type":"image\/png"}],"twitter_card":"summary_large_image","twitter_misc":{"Dur\u00e9e de lecture estim\u00e9e":"1 minute"},"schema":{"@context":"https:\/\/schema.org","@graph":[{"@type":"WebPage","@id":"https:\/\/pharmadreams.shop\/index.php\/product\/filorga-skin-unify-intensive-serum-uniformisant-illuminateur-30ml\/","url":"https:\/\/pharmadreams.shop\/index.php\/product\/filorga-skin-unify-intensive-serum-uniformisant-illuminateur-30ml\/","name":"Filorga skin-unify intensive s\u00e9rum uniformisant illuminateur 30ml - pharmadreams","isPartOf":{"@id":"https:\/\/pharmadreams.shop\/#website"},"primaryImageOfPage":{"@id":"https:\/\/pharmadreams.shop\/index.php\/product\/filorga-skin-unify-intensive-serum-uniformisant-illuminateur-30ml\/#primaryimage"},"image":{"@id":"https:\/\/pharmadreams.shop\/index.php\/product\/filorga-skin-unify-intensive-serum-uniformisant-illuminateur-30ml\/#primaryimage"},"thumbnailUrl":"https:\/\/pharmadreams.shop\/wp-content\/uploads\/2023\/12\/skin-intensif-1.png","datePublished":"2023-12-19T18:31:29+00:00","dateModified":"2024-03-15T23:27:44+00:00","breadcrumb":{"@id":"https:\/\/pharmadreams.shop\/index.php\/product\/filorga-skin-unify-intensive-serum-uniformisant-illuminateur-30ml\/#breadcrumb"},"inLanguage":"fr-FR","potentialAction":[{"@type":"ReadAction","target":["https:\/\/pharmadreams.shop\/index.php\/product\/filorga-skin-unify-intensive-serum-uniformisant-illuminateur-30ml\/"]}]},{"@type":"ImageObject","inLanguage":"fr-FR","@id":"https:\/\/pharmadreams.shop\/index.php\/product\/filorga-skin-unify-intensive-serum-uniformisant-illuminateur-30ml\/#primaryimage","url":"https:\/\/pharmadreams.shop\/wp-content\/uploads\/2023\/12\/skin-intensif-1.png","contentUrl":"https:\/\/pharmadreams.shop\/wp-content\/uploads\/2023\/12\/skin-intensif-1.png","width":496,"height":616},{"@type":"BreadcrumbList","@id":"https:\/\/pharmadreams.shop\/index.php\/product\/filorga-skin-unify-intensive-serum-uniformisant-illuminateur-30ml\/#breadcrumb","itemListElement":[{"@type":"ListItem","position":1,"name":"Accueil","item":"https:\/\/pharmadreams.shop\/"},{"@type":"ListItem","position":2,"name":"Shop","item":"https:\/\/pharmadreams.shop\/index.php\/shop\/"},{"@type":"ListItem","position":3,"name":"Filorga skin-unify intensive s\u00e9rum uniformisant illuminateur 30ml"}]},{"@type":"WebSite","@id":"https:\/\/pharmadreams.shop\/#website","url":"https:\/\/pharmadreams.shop\/","name":"pharmadreams","description":"Parapharmacie en ligne","potentialAction":[{"@type":"SearchAction","target":{"@type":"EntryPoint","urlTemplate":"https:\/\/pharmadreams.shop\/?s={search_term_string}"},"query-input":"required name=search_term_string"}],"inLanguage":"fr-FR"}]}},"_links":{"self":[{"href":"https:\/\/pharmadreams.shop\/index.php\/wp-json\/wp\/v2\/product\/16237","targetHints":{"allow":["GET"]}}],"collection":[{"href":"https:\/\/pharmadreams.shop\/index.php\/wp-json\/wp\/v2\/product"}],"about":[{"href":"https:\/\/pharmadreams.shop\/index.php\/wp-json\/wp\/v2\/types\/product"}],"replies":[{"embeddable":true,"href":"https:\/\/pharmadreams.shop\/index.php\/wp-json\/wp\/v2\/comments?post=16237"}],"version-history":[{"count":0,"href":"https:\/\/pharmadreams.shop\/index.php\/wp-json\/wp\/v2\/product\/16237\/revisions"}],"wp:featuredmedia":[{"embeddable":true,"href":"https:\/\/pharmadreams.shop\/index.php\/wp-json\/wp\/v2\/media\/16306"}],"wp:attachment":[{"href":"https:\/\/pharmadreams.shop\/index.php\/wp-json\/wp\/v2\/media?parent=16237"}],"wp:term":[{"taxonomy":"product_brand","embeddable":true,"href":"https:\/\/pharmadreams.shop\/index.php\/wp-json\/wp\/v2\/product_brand?post=16237"},{"taxonomy":"product_cat","embeddable":true,"href":"https:\/\/pharmadreams.shop\/index.php\/wp-json\/wp\/v2\/product_cat?post=16237"},{"taxonomy":"product_tag","embeddable":true,"href":"https:\/\/pharmadreams.shop\/index.php\/wp-json\/wp\/v2\/product_tag?post=16237"}],"curies":[{"name":"wp","href":"https:\/\/api.w.org\/{rel}","templated":true}]}}