{"id":16320,"date":"2023-12-19T19:32:46","date_gmt":"2023-12-19T18:32:46","guid":{"rendered":"https:\/\/venuspara.com\/?post_type=product&#038;p=16320"},"modified":"2023-12-19T19:33:42","modified_gmt":"2023-12-19T18:33:42","slug":"huile-vegetale-de-noix-de-coco-90ml-bio-orient","status":"publish","type":"product","link":"https:\/\/pharmadreams.shop\/index.php\/product\/huile-vegetale-de-noix-de-coco-90ml-bio-orient\/","title":{"rendered":"Huile v\u00e9g\u00e9tale de noix de coco, 90ml &#8211; bio orient"},"content":{"rendered":"","protected":false},"excerpt":{"rendered":"<p>L&rsquo;huile de coco convient \u00e0 tous les types de peau, mais plus particuli\u00e8rement aux peaux tr\u00e8s sensibles.<\/p>\n<ul>\n<li>Elle fortifie les cheveux, leur rendant brillance et tonicit\u00e9<\/li>\n<li>Le massage du cuir chevelu avec l&rsquo;huile de coco contribue \u00e0 \u00e9paissir et \u00e0 prot\u00e9ger tous les types de cheveux.<\/li>\n<li>Tr\u00e8s nourrissante, l&rsquo;huile de coco r\u00e9duit consid\u00e9rablement la d\u00e9shydratation de la peau<\/li>\n<\/ul>\n","protected":false},"featured_media":16390,"comment_status":"open","ping_status":"closed","template":"","meta":[],"product_brand":[],"product_cat":[113,98,79,95,81],"product_tag":[137],"class_list":{"0":"post-16320","1":"product","2":"type-product","3":"status-publish","4":"has-post-thumbnail","6":"product_cat-cuir-chevelu","7":"product_cat-hydratation","8":"product_cat-peaux-seches","9":"product_cat-skin-care","10":"product_cat-soins-hydratants","11":"product_tag-huil","13":"first","14":"instock","15":"shipping-taxable","16":"purchasable","17":"product-type-simple"},"yoast_head":"<!-- This site is optimized with the Yoast SEO plugin v23.0 - https:\/\/yoast.com\/wordpress\/plugins\/seo\/ -->\n<title>Huile v\u00e9g\u00e9tale de noix de coco, 90ml - bio orient - pharmadreams<\/title>\n<meta name=\"robots\" content=\"index, follow, max-snippet:-1, max-image-preview:large, max-video-preview:-1\" \/>\n<link rel=\"canonical\" href=\"https:\/\/pharmadreams.shop\/index.php\/product\/huile-vegetale-de-noix-de-coco-90ml-bio-orient\/\" \/>\n<meta property=\"og:locale\" content=\"fr_FR\" \/>\n<meta property=\"og:type\" content=\"article\" \/>\n<meta property=\"og:title\" content=\"Huile v\u00e9g\u00e9tale de noix de coco, 90ml - bio orient - pharmadreams\" \/>\n<meta property=\"og:description\" content=\"L&#039;huile de coco convient \u00e0 tous les types de peau, mais plus particuli\u00e8rement aux peaux tr\u00e8s sensibles.   Elle fortifie les cheveux, leur rendant brillance et tonicit\u00e9  Le massage du cuir chevelu avec l&#039;huile de coco contribue \u00e0 \u00e9paissir et \u00e0 prot\u00e9ger tous les types de cheveux.  Tr\u00e8s nourrissante, l&#039;huile de coco r\u00e9duit consid\u00e9rablement la d\u00e9shydratation de la peau\" \/>\n<meta property=\"og:url\" content=\"https:\/\/pharmadreams.shop\/index.php\/product\/huile-vegetale-de-noix-de-coco-90ml-bio-orient\/\" \/>\n<meta property=\"og:site_name\" content=\"pharmadreams\" \/>\n<meta property=\"article:modified_time\" content=\"2023-12-19T18:33:42+00:00\" \/>\n<meta property=\"og:image\" content=\"https:\/\/pharmadreams.shop\/wp-content\/uploads\/2023\/12\/noix-de-cc.png\" \/>\n\t<meta property=\"og:image:width\" content=\"656\" \/>\n\t<meta property=\"og:image:height\" content=\"776\" \/>\n\t<meta property=\"og:image:type\" content=\"image\/png\" \/>\n<meta name=\"twitter:card\" content=\"summary_large_image\" \/>\n<script type=\"application\/ld+json\" class=\"yoast-schema-graph\">{\"@context\":\"https:\/\/schema.org\",\"@graph\":[{\"@type\":\"WebPage\",\"@id\":\"https:\/\/pharmadreams.shop\/index.php\/product\/huile-vegetale-de-noix-de-coco-90ml-bio-orient\/\",\"url\":\"https:\/\/pharmadreams.shop\/index.php\/product\/huile-vegetale-de-noix-de-coco-90ml-bio-orient\/\",\"name\":\"Huile v\u00e9g\u00e9tale de noix de coco, 90ml - bio orient - pharmadreams\",\"isPartOf\":{\"@id\":\"https:\/\/pharmadreams.shop\/#website\"},\"primaryImageOfPage\":{\"@id\":\"https:\/\/pharmadreams.shop\/index.php\/product\/huile-vegetale-de-noix-de-coco-90ml-bio-orient\/#primaryimage\"},\"image\":{\"@id\":\"https:\/\/pharmadreams.shop\/index.php\/product\/huile-vegetale-de-noix-de-coco-90ml-bio-orient\/#primaryimage\"},\"thumbnailUrl\":\"https:\/\/pharmadreams.shop\/wp-content\/uploads\/2023\/12\/noix-de-cc.png\",\"datePublished\":\"2023-12-19T18:32:46+00:00\",\"dateModified\":\"2023-12-19T18:33:42+00:00\",\"breadcrumb\":{\"@id\":\"https:\/\/pharmadreams.shop\/index.php\/product\/huile-vegetale-de-noix-de-coco-90ml-bio-orient\/#breadcrumb\"},\"inLanguage\":\"fr-FR\",\"potentialAction\":[{\"@type\":\"ReadAction\",\"target\":[\"https:\/\/pharmadreams.shop\/index.php\/product\/huile-vegetale-de-noix-de-coco-90ml-bio-orient\/\"]}]},{\"@type\":\"ImageObject\",\"inLanguage\":\"fr-FR\",\"@id\":\"https:\/\/pharmadreams.shop\/index.php\/product\/huile-vegetale-de-noix-de-coco-90ml-bio-orient\/#primaryimage\",\"url\":\"https:\/\/pharmadreams.shop\/wp-content\/uploads\/2023\/12\/noix-de-cc.png\",\"contentUrl\":\"https:\/\/pharmadreams.shop\/wp-content\/uploads\/2023\/12\/noix-de-cc.png\",\"width\":656,\"height\":776},{\"@type\":\"BreadcrumbList\",\"@id\":\"https:\/\/pharmadreams.shop\/index.php\/product\/huile-vegetale-de-noix-de-coco-90ml-bio-orient\/#breadcrumb\",\"itemListElement\":[{\"@type\":\"ListItem\",\"position\":1,\"name\":\"Accueil\",\"item\":\"https:\/\/pharmadreams.shop\/\"},{\"@type\":\"ListItem\",\"position\":2,\"name\":\"Shop\",\"item\":\"https:\/\/pharmadreams.shop\/index.php\/shop\/\"},{\"@type\":\"ListItem\",\"position\":3,\"name\":\"Huile v\u00e9g\u00e9tale de noix de coco, 90ml &#8211; bio orient\"}]},{\"@type\":\"WebSite\",\"@id\":\"https:\/\/pharmadreams.shop\/#website\",\"url\":\"https:\/\/pharmadreams.shop\/\",\"name\":\"pharmadreams\",\"description\":\"Parapharmacie en ligne\",\"potentialAction\":[{\"@type\":\"SearchAction\",\"target\":{\"@type\":\"EntryPoint\",\"urlTemplate\":\"https:\/\/pharmadreams.shop\/?s={search_term_string}\"},\"query-input\":\"required name=search_term_string\"}],\"inLanguage\":\"fr-FR\"}]}<\/script>\n<!-- \/ Yoast SEO plugin. -->","yoast_head_json":{"title":"Huile v\u00e9g\u00e9tale de noix de coco, 90ml - bio orient - pharmadreams","robots":{"index":"index","follow":"follow","max-snippet":"max-snippet:-1","max-image-preview":"max-image-preview:large","max-video-preview":"max-video-preview:-1"},"canonical":"https:\/\/pharmadreams.shop\/index.php\/product\/huile-vegetale-de-noix-de-coco-90ml-bio-orient\/","og_locale":"fr_FR","og_type":"article","og_title":"Huile v\u00e9g\u00e9tale de noix de coco, 90ml - bio orient - pharmadreams","og_description":"L'huile de coco convient \u00e0 tous les types de peau, mais plus particuli\u00e8rement aux peaux tr\u00e8s sensibles.   Elle fortifie les cheveux, leur rendant brillance et tonicit\u00e9  Le massage du cuir chevelu avec l'huile de coco contribue \u00e0 \u00e9paissir et \u00e0 prot\u00e9ger tous les types de cheveux.  Tr\u00e8s nourrissante, l'huile de coco r\u00e9duit consid\u00e9rablement la d\u00e9shydratation de la peau","og_url":"https:\/\/pharmadreams.shop\/index.php\/product\/huile-vegetale-de-noix-de-coco-90ml-bio-orient\/","og_site_name":"pharmadreams","article_modified_time":"2023-12-19T18:33:42+00:00","og_image":[{"width":656,"height":776,"url":"https:\/\/pharmadreams.shop\/wp-content\/uploads\/2023\/12\/noix-de-cc.png","type":"image\/png"}],"twitter_card":"summary_large_image","schema":{"@context":"https:\/\/schema.org","@graph":[{"@type":"WebPage","@id":"https:\/\/pharmadreams.shop\/index.php\/product\/huile-vegetale-de-noix-de-coco-90ml-bio-orient\/","url":"https:\/\/pharmadreams.shop\/index.php\/product\/huile-vegetale-de-noix-de-coco-90ml-bio-orient\/","name":"Huile v\u00e9g\u00e9tale de noix de coco, 90ml - bio orient - pharmadreams","isPartOf":{"@id":"https:\/\/pharmadreams.shop\/#website"},"primaryImageOfPage":{"@id":"https:\/\/pharmadreams.shop\/index.php\/product\/huile-vegetale-de-noix-de-coco-90ml-bio-orient\/#primaryimage"},"image":{"@id":"https:\/\/pharmadreams.shop\/index.php\/product\/huile-vegetale-de-noix-de-coco-90ml-bio-orient\/#primaryimage"},"thumbnailUrl":"https:\/\/pharmadreams.shop\/wp-content\/uploads\/2023\/12\/noix-de-cc.png","datePublished":"2023-12-19T18:32:46+00:00","dateModified":"2023-12-19T18:33:42+00:00","breadcrumb":{"@id":"https:\/\/pharmadreams.shop\/index.php\/product\/huile-vegetale-de-noix-de-coco-90ml-bio-orient\/#breadcrumb"},"inLanguage":"fr-FR","potentialAction":[{"@type":"ReadAction","target":["https:\/\/pharmadreams.shop\/index.php\/product\/huile-vegetale-de-noix-de-coco-90ml-bio-orient\/"]}]},{"@type":"ImageObject","inLanguage":"fr-FR","@id":"https:\/\/pharmadreams.shop\/index.php\/product\/huile-vegetale-de-noix-de-coco-90ml-bio-orient\/#primaryimage","url":"https:\/\/pharmadreams.shop\/wp-content\/uploads\/2023\/12\/noix-de-cc.png","contentUrl":"https:\/\/pharmadreams.shop\/wp-content\/uploads\/2023\/12\/noix-de-cc.png","width":656,"height":776},{"@type":"BreadcrumbList","@id":"https:\/\/pharmadreams.shop\/index.php\/product\/huile-vegetale-de-noix-de-coco-90ml-bio-orient\/#breadcrumb","itemListElement":[{"@type":"ListItem","position":1,"name":"Accueil","item":"https:\/\/pharmadreams.shop\/"},{"@type":"ListItem","position":2,"name":"Shop","item":"https:\/\/pharmadreams.shop\/index.php\/shop\/"},{"@type":"ListItem","position":3,"name":"Huile v\u00e9g\u00e9tale de noix de coco, 90ml &#8211; bio orient"}]},{"@type":"WebSite","@id":"https:\/\/pharmadreams.shop\/#website","url":"https:\/\/pharmadreams.shop\/","name":"pharmadreams","description":"Parapharmacie en ligne","potentialAction":[{"@type":"SearchAction","target":{"@type":"EntryPoint","urlTemplate":"https:\/\/pharmadreams.shop\/?s={search_term_string}"},"query-input":"required name=search_term_string"}],"inLanguage":"fr-FR"}]}},"_links":{"self":[{"href":"https:\/\/pharmadreams.shop\/index.php\/wp-json\/wp\/v2\/product\/16320","targetHints":{"allow":["GET"]}}],"collection":[{"href":"https:\/\/pharmadreams.shop\/index.php\/wp-json\/wp\/v2\/product"}],"about":[{"href":"https:\/\/pharmadreams.shop\/index.php\/wp-json\/wp\/v2\/types\/product"}],"replies":[{"embeddable":true,"href":"https:\/\/pharmadreams.shop\/index.php\/wp-json\/wp\/v2\/comments?post=16320"}],"version-history":[{"count":0,"href":"https:\/\/pharmadreams.shop\/index.php\/wp-json\/wp\/v2\/product\/16320\/revisions"}],"wp:featuredmedia":[{"embeddable":true,"href":"https:\/\/pharmadreams.shop\/index.php\/wp-json\/wp\/v2\/media\/16390"}],"wp:attachment":[{"href":"https:\/\/pharmadreams.shop\/index.php\/wp-json\/wp\/v2\/media?parent=16320"}],"wp:term":[{"taxonomy":"product_brand","embeddable":true,"href":"https:\/\/pharmadreams.shop\/index.php\/wp-json\/wp\/v2\/product_brand?post=16320"},{"taxonomy":"product_cat","embeddable":true,"href":"https:\/\/pharmadreams.shop\/index.php\/wp-json\/wp\/v2\/product_cat?post=16320"},{"taxonomy":"product_tag","embeddable":true,"href":"https:\/\/pharmadreams.shop\/index.php\/wp-json\/wp\/v2\/product_tag?post=16320"}],"curies":[{"name":"wp","href":"https:\/\/api.w.org\/{rel}","templated":true}]}}