{"id":16378,"date":"2023-12-19T19:33:35","date_gmt":"2023-12-19T18:33:35","guid":{"rendered":"https:\/\/venuspara.com\/?post_type=product&#038;p=16378"},"modified":"2023-12-19T19:34:40","modified_gmt":"2023-12-19T18:34:40","slug":"huile-vegetale-de-pepins-de-courge-10ml-bio-orient","status":"publish","type":"product","link":"https:\/\/pharmadreams.shop\/index.php\/product\/huile-vegetale-de-pepins-de-courge-10ml-bio-orient\/","title":{"rendered":"Huile v\u00e9g\u00e9tale de p\u00e9pins de courge 10ml &#8211; bio orient"},"content":{"rendered":"","protected":false},"excerpt":{"rendered":"<p>Cette huile est riche en carot\u00e9no\u00efdes (b\u00eata-carot\u00e8ne, lut\u00e9ine et z\u00e9axanthine), en phytost\u00e9rols, en l\u00e9cithine et en acides amin\u00e9s. Elle contient aussi de nombreux min\u00e9raux, oligo-\u00e9l\u00e9ments et vitamines (calcium, cuivre, fer, magn\u00e9sium, phosphore, potassium, zinc et vitamines A, B et E).<\/p>\n<ul>\n<li>Depuis quelques ann\u00e9es, l&rsquo;huile de p\u00e9pin de courge est utilis\u00e9e avec succ\u00e8s dans l&rsquo;hypertrophie b\u00e9nigne de la prostate.<\/li>\n<li>L&rsquo;huile de p\u00e9pins de courge est caract\u00e9ris\u00e9e par sa richesse en acide linol\u00e9ique, un acide gras essentiel, dans la r\u00e9gulation des processus inflammatoires, et par les st\u00e9rols qui inhibent la croissance du tissu prostatique, ce qui lui vaut ses excellentes propri\u00e9t\u00e9s pour lutter contre l&rsquo;hypertrophie de la prostate.<\/li>\n<li>L&rsquo;huile de p\u00e9pins de courge est \u00e9galement efficace en pr\u00e9vention de la carie dentaire et de la d\u00e9calcification car elle stimule l&rsquo;ost\u00e9ogen\u00e8se ou calcification osseuse.<\/li>\n<li>Par sa richesse en acide gras essentiel (acides ol\u00e9ique et linol\u00e9ique), l&rsquo;huile de P\u00e9pins de courge permet de r\u00e9guler la pr\u00e9sence d&rsquo;acides gras insatur\u00e9s.<\/li>\n<li>L&rsquo;huile de p\u00e9pins de courge poss\u00e8de une action b\u00e9n\u00e9fique sur le fonctionnement des reins, et des propri\u00e9t\u00e9s vermifuges. Elle est connue pour avoir un effet apaisant et purifiant sur l&rsquo;appareil digestif.<\/li>\n<li>Stimulante et tonifiante sur les syst\u00e8mes nerveux et cardiovasculaire, souvent tr\u00e8s utile pour les femmes enceintes ou allaitantes gr\u00e2ce a sont effet remin\u00e9ralisantes elle apporte une ressources compl\u00e9mentaire d\u00fb au d\u00e9penses \u00e9nerg\u00e9tiques journali\u00e8re.<\/li>\n<\/ul>\n","protected":false},"featured_media":16454,"comment_status":"open","ping_status":"closed","template":"","meta":[],"product_brand":[],"product_cat":[123],"product_tag":[],"class_list":{"0":"post-16378","1":"product","2":"type-product","3":"status-publish","4":"has-post-thumbnail","6":"product_cat-vitamines","8":"first","9":"instock","10":"shipping-taxable","11":"purchasable","12":"product-type-simple"},"yoast_head":"<!-- This site is optimized with the Yoast SEO plugin v23.0 - https:\/\/yoast.com\/wordpress\/plugins\/seo\/ -->\n<title>Huile v\u00e9g\u00e9tale de p\u00e9pins de courge 10ml - bio orient - pharmadreams<\/title>\n<meta name=\"robots\" content=\"index, follow, max-snippet:-1, max-image-preview:large, max-video-preview:-1\" \/>\n<link rel=\"canonical\" href=\"https:\/\/pharmadreams.shop\/index.php\/product\/huile-vegetale-de-pepins-de-courge-10ml-bio-orient\/\" \/>\n<meta property=\"og:locale\" content=\"fr_FR\" \/>\n<meta property=\"og:type\" content=\"article\" \/>\n<meta property=\"og:title\" content=\"Huile v\u00e9g\u00e9tale de p\u00e9pins de courge 10ml - bio orient - pharmadreams\" \/>\n<meta property=\"og:description\" content=\"Cette huile est riche en carot\u00e9no\u00efdes (b\u00eata-carot\u00e8ne, lut\u00e9ine et z\u00e9axanthine), en phytost\u00e9rols, en l\u00e9cithine et en acides amin\u00e9s. Elle contient aussi de nombreux min\u00e9raux, oligo-\u00e9l\u00e9ments et vitamines (calcium, cuivre, fer, magn\u00e9sium, phosphore, potassium, zinc et vitamines A, B et E).   Depuis quelques ann\u00e9es, l&#039;huile de p\u00e9pin de courge est utilis\u00e9e avec succ\u00e8s dans l&#039;hypertrophie b\u00e9nigne de la prostate.  L&#039;huile de p\u00e9pins de courge est caract\u00e9ris\u00e9e par sa richesse en acide linol\u00e9ique, un acide gras essentiel, dans la r\u00e9gulation des processus inflammatoires, et par les st\u00e9rols qui inhibent la croissance du tissu prostatique, ce qui lui vaut ses excellentes propri\u00e9t\u00e9s pour lutter contre l&#039;hypertrophie de la prostate.  L&#039;huile de p\u00e9pins de courge est \u00e9galement efficace en pr\u00e9vention de la carie dentaire et de la d\u00e9calcification car elle stimule l&#039;ost\u00e9ogen\u00e8se ou calcification osseuse.  Par sa richesse en acide gras essentiel (acides ol\u00e9ique et linol\u00e9ique), l&#039;huile de P\u00e9pins de courge permet de r\u00e9guler la pr\u00e9sence d&#039;acides gras insatur\u00e9s.  L&#039;huile de p\u00e9pins de courge poss\u00e8de une action b\u00e9n\u00e9fique sur le fonctionnement des reins, et des propri\u00e9t\u00e9s vermifuges. Elle est connue pour avoir un effet apaisant et purifiant sur l&#039;appareil digestif.  Stimulante et tonifiante sur les syst\u00e8mes nerveux et cardiovasculaire, souvent tr\u00e8s utile pour les femmes enceintes ou allaitantes gr\u00e2ce a sont effet remin\u00e9ralisantes elle apporte une ressources compl\u00e9mentaire d\u00fb au d\u00e9penses \u00e9nerg\u00e9tiques journali\u00e8re.\" \/>\n<meta property=\"og:url\" content=\"https:\/\/pharmadreams.shop\/index.php\/product\/huile-vegetale-de-pepins-de-courge-10ml-bio-orient\/\" \/>\n<meta property=\"og:site_name\" content=\"pharmadreams\" \/>\n<meta property=\"article:modified_time\" content=\"2023-12-19T18:34:40+00:00\" \/>\n<meta property=\"og:image\" content=\"https:\/\/pharmadreams.shop\/wp-content\/uploads\/2023\/12\/pepins.png\" \/>\n\t<meta property=\"og:image:width\" content=\"720\" \/>\n\t<meta property=\"og:image:height\" content=\"816\" \/>\n\t<meta property=\"og:image:type\" content=\"image\/png\" \/>\n<meta name=\"twitter:card\" content=\"summary_large_image\" \/>\n<script type=\"application\/ld+json\" class=\"yoast-schema-graph\">{\"@context\":\"https:\/\/schema.org\",\"@graph\":[{\"@type\":\"WebPage\",\"@id\":\"https:\/\/pharmadreams.shop\/index.php\/product\/huile-vegetale-de-pepins-de-courge-10ml-bio-orient\/\",\"url\":\"https:\/\/pharmadreams.shop\/index.php\/product\/huile-vegetale-de-pepins-de-courge-10ml-bio-orient\/\",\"name\":\"Huile v\u00e9g\u00e9tale de p\u00e9pins de courge 10ml - bio orient - pharmadreams\",\"isPartOf\":{\"@id\":\"https:\/\/pharmadreams.shop\/#website\"},\"primaryImageOfPage\":{\"@id\":\"https:\/\/pharmadreams.shop\/index.php\/product\/huile-vegetale-de-pepins-de-courge-10ml-bio-orient\/#primaryimage\"},\"image\":{\"@id\":\"https:\/\/pharmadreams.shop\/index.php\/product\/huile-vegetale-de-pepins-de-courge-10ml-bio-orient\/#primaryimage\"},\"thumbnailUrl\":\"https:\/\/pharmadreams.shop\/wp-content\/uploads\/2023\/12\/pepins.png\",\"datePublished\":\"2023-12-19T18:33:35+00:00\",\"dateModified\":\"2023-12-19T18:34:40+00:00\",\"breadcrumb\":{\"@id\":\"https:\/\/pharmadreams.shop\/index.php\/product\/huile-vegetale-de-pepins-de-courge-10ml-bio-orient\/#breadcrumb\"},\"inLanguage\":\"fr-FR\",\"potentialAction\":[{\"@type\":\"ReadAction\",\"target\":[\"https:\/\/pharmadreams.shop\/index.php\/product\/huile-vegetale-de-pepins-de-courge-10ml-bio-orient\/\"]}]},{\"@type\":\"ImageObject\",\"inLanguage\":\"fr-FR\",\"@id\":\"https:\/\/pharmadreams.shop\/index.php\/product\/huile-vegetale-de-pepins-de-courge-10ml-bio-orient\/#primaryimage\",\"url\":\"https:\/\/pharmadreams.shop\/wp-content\/uploads\/2023\/12\/pepins.png\",\"contentUrl\":\"https:\/\/pharmadreams.shop\/wp-content\/uploads\/2023\/12\/pepins.png\",\"width\":720,\"height\":816},{\"@type\":\"BreadcrumbList\",\"@id\":\"https:\/\/pharmadreams.shop\/index.php\/product\/huile-vegetale-de-pepins-de-courge-10ml-bio-orient\/#breadcrumb\",\"itemListElement\":[{\"@type\":\"ListItem\",\"position\":1,\"name\":\"Accueil\",\"item\":\"https:\/\/pharmadreams.shop\/\"},{\"@type\":\"ListItem\",\"position\":2,\"name\":\"Shop\",\"item\":\"https:\/\/pharmadreams.shop\/index.php\/shop\/\"},{\"@type\":\"ListItem\",\"position\":3,\"name\":\"Huile v\u00e9g\u00e9tale de p\u00e9pins de courge 10ml &#8211; bio orient\"}]},{\"@type\":\"WebSite\",\"@id\":\"https:\/\/pharmadreams.shop\/#website\",\"url\":\"https:\/\/pharmadreams.shop\/\",\"name\":\"pharmadreams\",\"description\":\"Parapharmacie en ligne\",\"potentialAction\":[{\"@type\":\"SearchAction\",\"target\":{\"@type\":\"EntryPoint\",\"urlTemplate\":\"https:\/\/pharmadreams.shop\/?s={search_term_string}\"},\"query-input\":\"required name=search_term_string\"}],\"inLanguage\":\"fr-FR\"}]}<\/script>\n<!-- \/ Yoast SEO plugin. -->","yoast_head_json":{"title":"Huile v\u00e9g\u00e9tale de p\u00e9pins de courge 10ml - bio orient - pharmadreams","robots":{"index":"index","follow":"follow","max-snippet":"max-snippet:-1","max-image-preview":"max-image-preview:large","max-video-preview":"max-video-preview:-1"},"canonical":"https:\/\/pharmadreams.shop\/index.php\/product\/huile-vegetale-de-pepins-de-courge-10ml-bio-orient\/","og_locale":"fr_FR","og_type":"article","og_title":"Huile v\u00e9g\u00e9tale de p\u00e9pins de courge 10ml - bio orient - pharmadreams","og_description":"Cette huile est riche en carot\u00e9no\u00efdes (b\u00eata-carot\u00e8ne, lut\u00e9ine et z\u00e9axanthine), en phytost\u00e9rols, en l\u00e9cithine et en acides amin\u00e9s. Elle contient aussi de nombreux min\u00e9raux, oligo-\u00e9l\u00e9ments et vitamines (calcium, cuivre, fer, magn\u00e9sium, phosphore, potassium, zinc et vitamines A, B et E).   Depuis quelques ann\u00e9es, l'huile de p\u00e9pin de courge est utilis\u00e9e avec succ\u00e8s dans l'hypertrophie b\u00e9nigne de la prostate.  L'huile de p\u00e9pins de courge est caract\u00e9ris\u00e9e par sa richesse en acide linol\u00e9ique, un acide gras essentiel, dans la r\u00e9gulation des processus inflammatoires, et par les st\u00e9rols qui inhibent la croissance du tissu prostatique, ce qui lui vaut ses excellentes propri\u00e9t\u00e9s pour lutter contre l'hypertrophie de la prostate.  L'huile de p\u00e9pins de courge est \u00e9galement efficace en pr\u00e9vention de la carie dentaire et de la d\u00e9calcification car elle stimule l'ost\u00e9ogen\u00e8se ou calcification osseuse.  Par sa richesse en acide gras essentiel (acides ol\u00e9ique et linol\u00e9ique), l'huile de P\u00e9pins de courge permet de r\u00e9guler la pr\u00e9sence d'acides gras insatur\u00e9s.  L'huile de p\u00e9pins de courge poss\u00e8de une action b\u00e9n\u00e9fique sur le fonctionnement des reins, et des propri\u00e9t\u00e9s vermifuges. Elle est connue pour avoir un effet apaisant et purifiant sur l'appareil digestif.  Stimulante et tonifiante sur les syst\u00e8mes nerveux et cardiovasculaire, souvent tr\u00e8s utile pour les femmes enceintes ou allaitantes gr\u00e2ce a sont effet remin\u00e9ralisantes elle apporte une ressources compl\u00e9mentaire d\u00fb au d\u00e9penses \u00e9nerg\u00e9tiques journali\u00e8re.","og_url":"https:\/\/pharmadreams.shop\/index.php\/product\/huile-vegetale-de-pepins-de-courge-10ml-bio-orient\/","og_site_name":"pharmadreams","article_modified_time":"2023-12-19T18:34:40+00:00","og_image":[{"width":720,"height":816,"url":"https:\/\/pharmadreams.shop\/wp-content\/uploads\/2023\/12\/pepins.png","type":"image\/png"}],"twitter_card":"summary_large_image","schema":{"@context":"https:\/\/schema.org","@graph":[{"@type":"WebPage","@id":"https:\/\/pharmadreams.shop\/index.php\/product\/huile-vegetale-de-pepins-de-courge-10ml-bio-orient\/","url":"https:\/\/pharmadreams.shop\/index.php\/product\/huile-vegetale-de-pepins-de-courge-10ml-bio-orient\/","name":"Huile v\u00e9g\u00e9tale de p\u00e9pins de courge 10ml - bio orient - pharmadreams","isPartOf":{"@id":"https:\/\/pharmadreams.shop\/#website"},"primaryImageOfPage":{"@id":"https:\/\/pharmadreams.shop\/index.php\/product\/huile-vegetale-de-pepins-de-courge-10ml-bio-orient\/#primaryimage"},"image":{"@id":"https:\/\/pharmadreams.shop\/index.php\/product\/huile-vegetale-de-pepins-de-courge-10ml-bio-orient\/#primaryimage"},"thumbnailUrl":"https:\/\/pharmadreams.shop\/wp-content\/uploads\/2023\/12\/pepins.png","datePublished":"2023-12-19T18:33:35+00:00","dateModified":"2023-12-19T18:34:40+00:00","breadcrumb":{"@id":"https:\/\/pharmadreams.shop\/index.php\/product\/huile-vegetale-de-pepins-de-courge-10ml-bio-orient\/#breadcrumb"},"inLanguage":"fr-FR","potentialAction":[{"@type":"ReadAction","target":["https:\/\/pharmadreams.shop\/index.php\/product\/huile-vegetale-de-pepins-de-courge-10ml-bio-orient\/"]}]},{"@type":"ImageObject","inLanguage":"fr-FR","@id":"https:\/\/pharmadreams.shop\/index.php\/product\/huile-vegetale-de-pepins-de-courge-10ml-bio-orient\/#primaryimage","url":"https:\/\/pharmadreams.shop\/wp-content\/uploads\/2023\/12\/pepins.png","contentUrl":"https:\/\/pharmadreams.shop\/wp-content\/uploads\/2023\/12\/pepins.png","width":720,"height":816},{"@type":"BreadcrumbList","@id":"https:\/\/pharmadreams.shop\/index.php\/product\/huile-vegetale-de-pepins-de-courge-10ml-bio-orient\/#breadcrumb","itemListElement":[{"@type":"ListItem","position":1,"name":"Accueil","item":"https:\/\/pharmadreams.shop\/"},{"@type":"ListItem","position":2,"name":"Shop","item":"https:\/\/pharmadreams.shop\/index.php\/shop\/"},{"@type":"ListItem","position":3,"name":"Huile v\u00e9g\u00e9tale de p\u00e9pins de courge 10ml &#8211; bio orient"}]},{"@type":"WebSite","@id":"https:\/\/pharmadreams.shop\/#website","url":"https:\/\/pharmadreams.shop\/","name":"pharmadreams","description":"Parapharmacie en ligne","potentialAction":[{"@type":"SearchAction","target":{"@type":"EntryPoint","urlTemplate":"https:\/\/pharmadreams.shop\/?s={search_term_string}"},"query-input":"required name=search_term_string"}],"inLanguage":"fr-FR"}]}},"_links":{"self":[{"href":"https:\/\/pharmadreams.shop\/index.php\/wp-json\/wp\/v2\/product\/16378","targetHints":{"allow":["GET"]}}],"collection":[{"href":"https:\/\/pharmadreams.shop\/index.php\/wp-json\/wp\/v2\/product"}],"about":[{"href":"https:\/\/pharmadreams.shop\/index.php\/wp-json\/wp\/v2\/types\/product"}],"replies":[{"embeddable":true,"href":"https:\/\/pharmadreams.shop\/index.php\/wp-json\/wp\/v2\/comments?post=16378"}],"version-history":[{"count":0,"href":"https:\/\/pharmadreams.shop\/index.php\/wp-json\/wp\/v2\/product\/16378\/revisions"}],"wp:featuredmedia":[{"embeddable":true,"href":"https:\/\/pharmadreams.shop\/index.php\/wp-json\/wp\/v2\/media\/16454"}],"wp:attachment":[{"href":"https:\/\/pharmadreams.shop\/index.php\/wp-json\/wp\/v2\/media?parent=16378"}],"wp:term":[{"taxonomy":"product_brand","embeddable":true,"href":"https:\/\/pharmadreams.shop\/index.php\/wp-json\/wp\/v2\/product_brand?post=16378"},{"taxonomy":"product_cat","embeddable":true,"href":"https:\/\/pharmadreams.shop\/index.php\/wp-json\/wp\/v2\/product_cat?post=16378"},{"taxonomy":"product_tag","embeddable":true,"href":"https:\/\/pharmadreams.shop\/index.php\/wp-json\/wp\/v2\/product_tag?post=16378"}],"curies":[{"name":"wp","href":"https:\/\/api.w.org\/{rel}","templated":true}]}}