{"id":16407,"date":"2023-12-19T19:34:00","date_gmt":"2023-12-19T18:34:00","guid":{"rendered":"https:\/\/venuspara.com\/?post_type=product&#038;p=16407"},"modified":"2023-12-19T19:34:57","modified_gmt":"2023-12-19T18:34:57","slug":"huile-essentielle-de-ylang-ylang-10ml-bio-orient","status":"publish","type":"product","link":"https:\/\/pharmadreams.shop\/index.php\/product\/huile-essentielle-de-ylang-ylang-10ml-bio-orient\/","title":{"rendered":"Huile essentielle de ylang ylang 10ml &#8211; bio orient"},"content":{"rendered":"","protected":false},"excerpt":{"rendered":"<p><u><strong>PROPRI\u00c9T\u00c9S DE SANTE<\/strong><\/u><\/p>\n<ul>\n<li>Antispasmodique, \u00e9quilibrante<\/li>\n<li>Calmant respiratoire et cardiaque<\/li>\n<li>Hypotenseur, antiarythmique<\/li>\n<li>Antidiab\u00e9tique<\/li>\n<\/ul>\n<p><u><strong>PROPRI\u00c9T\u00c9S DE BEAUTE<\/strong><\/u><\/p>\n<ul>\n<li>R\u00e9g\u00e9n\u00e9rateur cellulaire et antiseptique<\/li>\n<li>S\u00e9bor\u00e9gulatrice<\/li>\n<li>Tonique de la peau et des cheveux de tout type<\/li>\n<\/ul>\n<p><u><strong>PROPRI\u00c9T\u00c9S DE BIEN ETRE<\/strong><\/u><\/p>\n<ul>\n<li>Calmante<\/li>\n<li>Tonique, stimulant intellectuel et sexuel<\/li>\n<li>Equilibrante nerveuse, antid\u00e9pressive<\/li>\n<li>D\u00e9clenche l\u00e9g\u00e8ret\u00e9, joie et euphorie<\/li>\n<\/ul>\n","protected":false},"featured_media":16485,"comment_status":"open","ping_status":"closed","template":"","meta":[],"product_brand":[],"product_cat":[151,142],"product_tag":[],"class_list":{"0":"post-16407","1":"product","2":"type-product","3":"status-publish","4":"has-post-thumbnail","6":"product_cat-antispasmodique","7":"product_cat-calmant","9":"first","10":"instock","11":"shipping-taxable","12":"purchasable","13":"product-type-simple"},"yoast_head":"<!-- This site is optimized with the Yoast SEO plugin v23.0 - https:\/\/yoast.com\/wordpress\/plugins\/seo\/ -->\n<title>Huile essentielle de ylang ylang 10ml - bio orient - pharmadreams<\/title>\n<meta name=\"robots\" content=\"index, follow, max-snippet:-1, max-image-preview:large, max-video-preview:-1\" \/>\n<link rel=\"canonical\" href=\"https:\/\/pharmadreams.shop\/index.php\/product\/huile-essentielle-de-ylang-ylang-10ml-bio-orient\/\" \/>\n<meta property=\"og:locale\" content=\"fr_FR\" \/>\n<meta property=\"og:type\" content=\"article\" \/>\n<meta property=\"og:title\" content=\"Huile essentielle de ylang ylang 10ml - bio orient - pharmadreams\" \/>\n<meta property=\"og:description\" content=\"PROPRI\u00c9T\u00c9S DE SANTE   Antispasmodique, \u00e9quilibrante  Calmant respiratoire et cardiaque  Hypotenseur, antiarythmique  Antidiab\u00e9tique  PROPRI\u00c9T\u00c9S DE BEAUTE   R\u00e9g\u00e9n\u00e9rateur cellulaire et antiseptique  S\u00e9bor\u00e9gulatrice  Tonique de la peau et des cheveux de tout type  PROPRI\u00c9T\u00c9S DE BIEN ETRE   Calmante  Tonique, stimulant intellectuel et sexuel  Equilibrante nerveuse, antid\u00e9pressive  D\u00e9clenche l\u00e9g\u00e8ret\u00e9, joie et euphorie\" \/>\n<meta property=\"og:url\" content=\"https:\/\/pharmadreams.shop\/index.php\/product\/huile-essentielle-de-ylang-ylang-10ml-bio-orient\/\" \/>\n<meta property=\"og:site_name\" content=\"pharmadreams\" \/>\n<meta property=\"article:modified_time\" content=\"2023-12-19T18:34:57+00:00\" \/>\n<meta property=\"og:image\" content=\"https:\/\/pharmadreams.shop\/wp-content\/uploads\/2023\/12\/dylang.png\" \/>\n\t<meta property=\"og:image:width\" content=\"504\" \/>\n\t<meta property=\"og:image:height\" content=\"632\" \/>\n\t<meta property=\"og:image:type\" content=\"image\/png\" \/>\n<meta name=\"twitter:card\" content=\"summary_large_image\" \/>\n<script type=\"application\/ld+json\" class=\"yoast-schema-graph\">{\"@context\":\"https:\/\/schema.org\",\"@graph\":[{\"@type\":\"WebPage\",\"@id\":\"https:\/\/pharmadreams.shop\/index.php\/product\/huile-essentielle-de-ylang-ylang-10ml-bio-orient\/\",\"url\":\"https:\/\/pharmadreams.shop\/index.php\/product\/huile-essentielle-de-ylang-ylang-10ml-bio-orient\/\",\"name\":\"Huile essentielle de ylang ylang 10ml - bio orient - pharmadreams\",\"isPartOf\":{\"@id\":\"https:\/\/pharmadreams.shop\/#website\"},\"primaryImageOfPage\":{\"@id\":\"https:\/\/pharmadreams.shop\/index.php\/product\/huile-essentielle-de-ylang-ylang-10ml-bio-orient\/#primaryimage\"},\"image\":{\"@id\":\"https:\/\/pharmadreams.shop\/index.php\/product\/huile-essentielle-de-ylang-ylang-10ml-bio-orient\/#primaryimage\"},\"thumbnailUrl\":\"https:\/\/pharmadreams.shop\/wp-content\/uploads\/2023\/12\/dylang.png\",\"datePublished\":\"2023-12-19T18:34:00+00:00\",\"dateModified\":\"2023-12-19T18:34:57+00:00\",\"breadcrumb\":{\"@id\":\"https:\/\/pharmadreams.shop\/index.php\/product\/huile-essentielle-de-ylang-ylang-10ml-bio-orient\/#breadcrumb\"},\"inLanguage\":\"fr-FR\",\"potentialAction\":[{\"@type\":\"ReadAction\",\"target\":[\"https:\/\/pharmadreams.shop\/index.php\/product\/huile-essentielle-de-ylang-ylang-10ml-bio-orient\/\"]}]},{\"@type\":\"ImageObject\",\"inLanguage\":\"fr-FR\",\"@id\":\"https:\/\/pharmadreams.shop\/index.php\/product\/huile-essentielle-de-ylang-ylang-10ml-bio-orient\/#primaryimage\",\"url\":\"https:\/\/pharmadreams.shop\/wp-content\/uploads\/2023\/12\/dylang.png\",\"contentUrl\":\"https:\/\/pharmadreams.shop\/wp-content\/uploads\/2023\/12\/dylang.png\",\"width\":504,\"height\":632},{\"@type\":\"BreadcrumbList\",\"@id\":\"https:\/\/pharmadreams.shop\/index.php\/product\/huile-essentielle-de-ylang-ylang-10ml-bio-orient\/#breadcrumb\",\"itemListElement\":[{\"@type\":\"ListItem\",\"position\":1,\"name\":\"Accueil\",\"item\":\"https:\/\/pharmadreams.shop\/\"},{\"@type\":\"ListItem\",\"position\":2,\"name\":\"Shop\",\"item\":\"https:\/\/pharmadreams.shop\/index.php\/shop\/\"},{\"@type\":\"ListItem\",\"position\":3,\"name\":\"Huile essentielle de ylang ylang 10ml &#8211; bio orient\"}]},{\"@type\":\"WebSite\",\"@id\":\"https:\/\/pharmadreams.shop\/#website\",\"url\":\"https:\/\/pharmadreams.shop\/\",\"name\":\"pharmadreams\",\"description\":\"Parapharmacie en ligne\",\"potentialAction\":[{\"@type\":\"SearchAction\",\"target\":{\"@type\":\"EntryPoint\",\"urlTemplate\":\"https:\/\/pharmadreams.shop\/?s={search_term_string}\"},\"query-input\":\"required name=search_term_string\"}],\"inLanguage\":\"fr-FR\"}]}<\/script>\n<!-- \/ Yoast SEO plugin. -->","yoast_head_json":{"title":"Huile essentielle de ylang ylang 10ml - bio orient - pharmadreams","robots":{"index":"index","follow":"follow","max-snippet":"max-snippet:-1","max-image-preview":"max-image-preview:large","max-video-preview":"max-video-preview:-1"},"canonical":"https:\/\/pharmadreams.shop\/index.php\/product\/huile-essentielle-de-ylang-ylang-10ml-bio-orient\/","og_locale":"fr_FR","og_type":"article","og_title":"Huile essentielle de ylang ylang 10ml - bio orient - pharmadreams","og_description":"PROPRI\u00c9T\u00c9S DE SANTE   Antispasmodique, \u00e9quilibrante  Calmant respiratoire et cardiaque  Hypotenseur, antiarythmique  Antidiab\u00e9tique  PROPRI\u00c9T\u00c9S DE BEAUTE   R\u00e9g\u00e9n\u00e9rateur cellulaire et antiseptique  S\u00e9bor\u00e9gulatrice  Tonique de la peau et des cheveux de tout type  PROPRI\u00c9T\u00c9S DE BIEN ETRE   Calmante  Tonique, stimulant intellectuel et sexuel  Equilibrante nerveuse, antid\u00e9pressive  D\u00e9clenche l\u00e9g\u00e8ret\u00e9, joie et euphorie","og_url":"https:\/\/pharmadreams.shop\/index.php\/product\/huile-essentielle-de-ylang-ylang-10ml-bio-orient\/","og_site_name":"pharmadreams","article_modified_time":"2023-12-19T18:34:57+00:00","og_image":[{"width":504,"height":632,"url":"https:\/\/pharmadreams.shop\/wp-content\/uploads\/2023\/12\/dylang.png","type":"image\/png"}],"twitter_card":"summary_large_image","schema":{"@context":"https:\/\/schema.org","@graph":[{"@type":"WebPage","@id":"https:\/\/pharmadreams.shop\/index.php\/product\/huile-essentielle-de-ylang-ylang-10ml-bio-orient\/","url":"https:\/\/pharmadreams.shop\/index.php\/product\/huile-essentielle-de-ylang-ylang-10ml-bio-orient\/","name":"Huile essentielle de ylang ylang 10ml - bio orient - pharmadreams","isPartOf":{"@id":"https:\/\/pharmadreams.shop\/#website"},"primaryImageOfPage":{"@id":"https:\/\/pharmadreams.shop\/index.php\/product\/huile-essentielle-de-ylang-ylang-10ml-bio-orient\/#primaryimage"},"image":{"@id":"https:\/\/pharmadreams.shop\/index.php\/product\/huile-essentielle-de-ylang-ylang-10ml-bio-orient\/#primaryimage"},"thumbnailUrl":"https:\/\/pharmadreams.shop\/wp-content\/uploads\/2023\/12\/dylang.png","datePublished":"2023-12-19T18:34:00+00:00","dateModified":"2023-12-19T18:34:57+00:00","breadcrumb":{"@id":"https:\/\/pharmadreams.shop\/index.php\/product\/huile-essentielle-de-ylang-ylang-10ml-bio-orient\/#breadcrumb"},"inLanguage":"fr-FR","potentialAction":[{"@type":"ReadAction","target":["https:\/\/pharmadreams.shop\/index.php\/product\/huile-essentielle-de-ylang-ylang-10ml-bio-orient\/"]}]},{"@type":"ImageObject","inLanguage":"fr-FR","@id":"https:\/\/pharmadreams.shop\/index.php\/product\/huile-essentielle-de-ylang-ylang-10ml-bio-orient\/#primaryimage","url":"https:\/\/pharmadreams.shop\/wp-content\/uploads\/2023\/12\/dylang.png","contentUrl":"https:\/\/pharmadreams.shop\/wp-content\/uploads\/2023\/12\/dylang.png","width":504,"height":632},{"@type":"BreadcrumbList","@id":"https:\/\/pharmadreams.shop\/index.php\/product\/huile-essentielle-de-ylang-ylang-10ml-bio-orient\/#breadcrumb","itemListElement":[{"@type":"ListItem","position":1,"name":"Accueil","item":"https:\/\/pharmadreams.shop\/"},{"@type":"ListItem","position":2,"name":"Shop","item":"https:\/\/pharmadreams.shop\/index.php\/shop\/"},{"@type":"ListItem","position":3,"name":"Huile essentielle de ylang ylang 10ml &#8211; bio orient"}]},{"@type":"WebSite","@id":"https:\/\/pharmadreams.shop\/#website","url":"https:\/\/pharmadreams.shop\/","name":"pharmadreams","description":"Parapharmacie en ligne","potentialAction":[{"@type":"SearchAction","target":{"@type":"EntryPoint","urlTemplate":"https:\/\/pharmadreams.shop\/?s={search_term_string}"},"query-input":"required name=search_term_string"}],"inLanguage":"fr-FR"}]}},"_links":{"self":[{"href":"https:\/\/pharmadreams.shop\/index.php\/wp-json\/wp\/v2\/product\/16407","targetHints":{"allow":["GET"]}}],"collection":[{"href":"https:\/\/pharmadreams.shop\/index.php\/wp-json\/wp\/v2\/product"}],"about":[{"href":"https:\/\/pharmadreams.shop\/index.php\/wp-json\/wp\/v2\/types\/product"}],"replies":[{"embeddable":true,"href":"https:\/\/pharmadreams.shop\/index.php\/wp-json\/wp\/v2\/comments?post=16407"}],"version-history":[{"count":0,"href":"https:\/\/pharmadreams.shop\/index.php\/wp-json\/wp\/v2\/product\/16407\/revisions"}],"wp:featuredmedia":[{"embeddable":true,"href":"https:\/\/pharmadreams.shop\/index.php\/wp-json\/wp\/v2\/media\/16485"}],"wp:attachment":[{"href":"https:\/\/pharmadreams.shop\/index.php\/wp-json\/wp\/v2\/media?parent=16407"}],"wp:term":[{"taxonomy":"product_brand","embeddable":true,"href":"https:\/\/pharmadreams.shop\/index.php\/wp-json\/wp\/v2\/product_brand?post=16407"},{"taxonomy":"product_cat","embeddable":true,"href":"https:\/\/pharmadreams.shop\/index.php\/wp-json\/wp\/v2\/product_cat?post=16407"},{"taxonomy":"product_tag","embeddable":true,"href":"https:\/\/pharmadreams.shop\/index.php\/wp-json\/wp\/v2\/product_tag?post=16407"}],"curies":[{"name":"wp","href":"https:\/\/api.w.org\/{rel}","templated":true}]}}