{"id":16469,"date":"2023-12-19T19:34:47","date_gmt":"2023-12-19T18:34:47","guid":{"rendered":"https:\/\/venuspara.com\/?post_type=product&#038;p=16469"},"modified":"2023-12-19T19:35:42","modified_gmt":"2023-12-19T18:35:42","slug":"milva-olcare-ecran-solaire-teinte-beige-clair-50ml","status":"publish","type":"product","link":"https:\/\/pharmadreams.shop\/index.php\/product\/milva-olcare-ecran-solaire-teinte-beige-clair-50ml\/","title":{"rendered":"Milva olcare \u00e9cran solaire teinte beige clair 50ml"},"content":{"rendered":"","protected":false},"excerpt":{"rendered":"<p>L&rsquo;\u00e9cran solaire teint\u00e9 SPF50+ de OLCARE prot\u00e8ge contre les risques de dommages cellulaires gr\u00e2ce \u00e0 ses filtres anti UVA et UVB qui permet une protection \u00e0 long terme de la peau. Grace \u00e0 sa composition riche en huile d&rsquo;olive extra vierge, il apaise, hydrate l&rsquo;\u00e9piderme et permet de lutter durablement contre l&rsquo;installation et l&rsquo;aggravation des rougeurs. L\u00e9ger, non gras avec une texture satin\u00e9e facile \u00e0 \u00e9taler, rapidement absorb\u00e9 et garantissant un effet bonne mine. Il peut \u00eatre utilis\u00e9 pour les enfants de plus de 3 ans.<\/p>\n<p><strong>Mode d&#8217;emploi:<\/strong>\u00a0Avant de s&rsquo;exposer au soleil, appliquer une dose suffisante et homog\u00e8ne pour couvrir le visage et le cou, renouveler fr\u00e9quemment l&rsquo;application, surtout apr\u00e8s avoir transpir\u00e9, nag\u00e9 ou vous \u00eatre essuy\u00e9<\/p>\n","protected":false},"featured_media":16551,"comment_status":"open","ping_status":"closed","template":"","meta":[],"product_brand":[],"product_cat":[156,104,107],"product_tag":[],"class_list":{"0":"post-16469","1":"product","2":"type-product","3":"status-publish","4":"has-post-thumbnail","6":"product_cat-ecran","7":"product_cat-protection","8":"product_cat-soin-solaire","10":"first","11":"instock","12":"shipping-taxable","13":"purchasable","14":"product-type-simple"},"yoast_head":"<!-- This site is optimized with the Yoast SEO plugin v23.0 - https:\/\/yoast.com\/wordpress\/plugins\/seo\/ -->\n<title>Milva olcare \u00e9cran solaire teinte beige clair 50ml - pharmadreams<\/title>\n<meta name=\"robots\" content=\"index, follow, max-snippet:-1, max-image-preview:large, max-video-preview:-1\" \/>\n<link rel=\"canonical\" href=\"https:\/\/pharmadreams.shop\/index.php\/product\/milva-olcare-ecran-solaire-teinte-beige-clair-50ml\/\" \/>\n<meta property=\"og:locale\" content=\"fr_FR\" \/>\n<meta property=\"og:type\" content=\"article\" \/>\n<meta property=\"og:title\" content=\"Milva olcare \u00e9cran solaire teinte beige clair 50ml - pharmadreams\" \/>\n<meta property=\"og:description\" content=\"L&#039;\u00e9cran solaire teint\u00e9 SPF50+ de OLCARE prot\u00e8ge contre les risques de dommages cellulaires gr\u00e2ce \u00e0 ses filtres anti UVA et UVB qui permet une protection \u00e0 long terme de la peau. Grace \u00e0 sa composition riche en huile d&#039;olive extra vierge, il apaise, hydrate l&#039;\u00e9piderme et permet de lutter durablement contre l&#039;installation et l&#039;aggravation des rougeurs. L\u00e9ger, non gras avec une texture satin\u00e9e facile \u00e0 \u00e9taler, rapidement absorb\u00e9 et garantissant un effet bonne mine. Il peut \u00eatre utilis\u00e9 pour les enfants de plus de 3 ans.  Mode d&#039;emploi:\u00a0Avant de s&#039;exposer au soleil, appliquer une dose suffisante et homog\u00e8ne pour couvrir le visage et le cou, renouveler fr\u00e9quemment l&#039;application, surtout apr\u00e8s avoir transpir\u00e9, nag\u00e9 ou vous \u00eatre essuy\u00e9\" \/>\n<meta property=\"og:url\" content=\"https:\/\/pharmadreams.shop\/index.php\/product\/milva-olcare-ecran-solaire-teinte-beige-clair-50ml\/\" \/>\n<meta property=\"og:site_name\" content=\"pharmadreams\" \/>\n<meta property=\"article:modified_time\" content=\"2023-12-19T18:35:42+00:00\" \/>\n<meta property=\"og:image\" content=\"https:\/\/pharmadreams.shop\/wp-content\/uploads\/2023\/12\/olcare.png\" \/>\n\t<meta property=\"og:image:width\" content=\"810\" \/>\n\t<meta property=\"og:image:height\" content=\"888\" \/>\n\t<meta property=\"og:image:type\" content=\"image\/png\" \/>\n<meta name=\"twitter:card\" content=\"summary_large_image\" \/>\n<script type=\"application\/ld+json\" class=\"yoast-schema-graph\">{\"@context\":\"https:\/\/schema.org\",\"@graph\":[{\"@type\":\"WebPage\",\"@id\":\"https:\/\/pharmadreams.shop\/index.php\/product\/milva-olcare-ecran-solaire-teinte-beige-clair-50ml\/\",\"url\":\"https:\/\/pharmadreams.shop\/index.php\/product\/milva-olcare-ecran-solaire-teinte-beige-clair-50ml\/\",\"name\":\"Milva olcare \u00e9cran solaire teinte beige clair 50ml - pharmadreams\",\"isPartOf\":{\"@id\":\"https:\/\/pharmadreams.shop\/#website\"},\"primaryImageOfPage\":{\"@id\":\"https:\/\/pharmadreams.shop\/index.php\/product\/milva-olcare-ecran-solaire-teinte-beige-clair-50ml\/#primaryimage\"},\"image\":{\"@id\":\"https:\/\/pharmadreams.shop\/index.php\/product\/milva-olcare-ecran-solaire-teinte-beige-clair-50ml\/#primaryimage\"},\"thumbnailUrl\":\"https:\/\/pharmadreams.shop\/wp-content\/uploads\/2023\/12\/olcare.png\",\"datePublished\":\"2023-12-19T18:34:47+00:00\",\"dateModified\":\"2023-12-19T18:35:42+00:00\",\"breadcrumb\":{\"@id\":\"https:\/\/pharmadreams.shop\/index.php\/product\/milva-olcare-ecran-solaire-teinte-beige-clair-50ml\/#breadcrumb\"},\"inLanguage\":\"fr-FR\",\"potentialAction\":[{\"@type\":\"ReadAction\",\"target\":[\"https:\/\/pharmadreams.shop\/index.php\/product\/milva-olcare-ecran-solaire-teinte-beige-clair-50ml\/\"]}]},{\"@type\":\"ImageObject\",\"inLanguage\":\"fr-FR\",\"@id\":\"https:\/\/pharmadreams.shop\/index.php\/product\/milva-olcare-ecran-solaire-teinte-beige-clair-50ml\/#primaryimage\",\"url\":\"https:\/\/pharmadreams.shop\/wp-content\/uploads\/2023\/12\/olcare.png\",\"contentUrl\":\"https:\/\/pharmadreams.shop\/wp-content\/uploads\/2023\/12\/olcare.png\",\"width\":810,\"height\":888},{\"@type\":\"BreadcrumbList\",\"@id\":\"https:\/\/pharmadreams.shop\/index.php\/product\/milva-olcare-ecran-solaire-teinte-beige-clair-50ml\/#breadcrumb\",\"itemListElement\":[{\"@type\":\"ListItem\",\"position\":1,\"name\":\"Accueil\",\"item\":\"https:\/\/pharmadreams.shop\/\"},{\"@type\":\"ListItem\",\"position\":2,\"name\":\"Shop\",\"item\":\"https:\/\/pharmadreams.shop\/index.php\/shop\/\"},{\"@type\":\"ListItem\",\"position\":3,\"name\":\"Milva olcare \u00e9cran solaire teinte beige clair 50ml\"}]},{\"@type\":\"WebSite\",\"@id\":\"https:\/\/pharmadreams.shop\/#website\",\"url\":\"https:\/\/pharmadreams.shop\/\",\"name\":\"pharmadreams\",\"description\":\"Parapharmacie en ligne\",\"potentialAction\":[{\"@type\":\"SearchAction\",\"target\":{\"@type\":\"EntryPoint\",\"urlTemplate\":\"https:\/\/pharmadreams.shop\/?s={search_term_string}\"},\"query-input\":\"required name=search_term_string\"}],\"inLanguage\":\"fr-FR\"}]}<\/script>\n<!-- \/ Yoast SEO plugin. -->","yoast_head_json":{"title":"Milva olcare \u00e9cran solaire teinte beige clair 50ml - pharmadreams","robots":{"index":"index","follow":"follow","max-snippet":"max-snippet:-1","max-image-preview":"max-image-preview:large","max-video-preview":"max-video-preview:-1"},"canonical":"https:\/\/pharmadreams.shop\/index.php\/product\/milva-olcare-ecran-solaire-teinte-beige-clair-50ml\/","og_locale":"fr_FR","og_type":"article","og_title":"Milva olcare \u00e9cran solaire teinte beige clair 50ml - pharmadreams","og_description":"L'\u00e9cran solaire teint\u00e9 SPF50+ de OLCARE prot\u00e8ge contre les risques de dommages cellulaires gr\u00e2ce \u00e0 ses filtres anti UVA et UVB qui permet une protection \u00e0 long terme de la peau. Grace \u00e0 sa composition riche en huile d'olive extra vierge, il apaise, hydrate l'\u00e9piderme et permet de lutter durablement contre l'installation et l'aggravation des rougeurs. L\u00e9ger, non gras avec une texture satin\u00e9e facile \u00e0 \u00e9taler, rapidement absorb\u00e9 et garantissant un effet bonne mine. Il peut \u00eatre utilis\u00e9 pour les enfants de plus de 3 ans.  Mode d'emploi:\u00a0Avant de s'exposer au soleil, appliquer une dose suffisante et homog\u00e8ne pour couvrir le visage et le cou, renouveler fr\u00e9quemment l'application, surtout apr\u00e8s avoir transpir\u00e9, nag\u00e9 ou vous \u00eatre essuy\u00e9","og_url":"https:\/\/pharmadreams.shop\/index.php\/product\/milva-olcare-ecran-solaire-teinte-beige-clair-50ml\/","og_site_name":"pharmadreams","article_modified_time":"2023-12-19T18:35:42+00:00","og_image":[{"width":810,"height":888,"url":"https:\/\/pharmadreams.shop\/wp-content\/uploads\/2023\/12\/olcare.png","type":"image\/png"}],"twitter_card":"summary_large_image","schema":{"@context":"https:\/\/schema.org","@graph":[{"@type":"WebPage","@id":"https:\/\/pharmadreams.shop\/index.php\/product\/milva-olcare-ecran-solaire-teinte-beige-clair-50ml\/","url":"https:\/\/pharmadreams.shop\/index.php\/product\/milva-olcare-ecran-solaire-teinte-beige-clair-50ml\/","name":"Milva olcare \u00e9cran solaire teinte beige clair 50ml - pharmadreams","isPartOf":{"@id":"https:\/\/pharmadreams.shop\/#website"},"primaryImageOfPage":{"@id":"https:\/\/pharmadreams.shop\/index.php\/product\/milva-olcare-ecran-solaire-teinte-beige-clair-50ml\/#primaryimage"},"image":{"@id":"https:\/\/pharmadreams.shop\/index.php\/product\/milva-olcare-ecran-solaire-teinte-beige-clair-50ml\/#primaryimage"},"thumbnailUrl":"https:\/\/pharmadreams.shop\/wp-content\/uploads\/2023\/12\/olcare.png","datePublished":"2023-12-19T18:34:47+00:00","dateModified":"2023-12-19T18:35:42+00:00","breadcrumb":{"@id":"https:\/\/pharmadreams.shop\/index.php\/product\/milva-olcare-ecran-solaire-teinte-beige-clair-50ml\/#breadcrumb"},"inLanguage":"fr-FR","potentialAction":[{"@type":"ReadAction","target":["https:\/\/pharmadreams.shop\/index.php\/product\/milva-olcare-ecran-solaire-teinte-beige-clair-50ml\/"]}]},{"@type":"ImageObject","inLanguage":"fr-FR","@id":"https:\/\/pharmadreams.shop\/index.php\/product\/milva-olcare-ecran-solaire-teinte-beige-clair-50ml\/#primaryimage","url":"https:\/\/pharmadreams.shop\/wp-content\/uploads\/2023\/12\/olcare.png","contentUrl":"https:\/\/pharmadreams.shop\/wp-content\/uploads\/2023\/12\/olcare.png","width":810,"height":888},{"@type":"BreadcrumbList","@id":"https:\/\/pharmadreams.shop\/index.php\/product\/milva-olcare-ecran-solaire-teinte-beige-clair-50ml\/#breadcrumb","itemListElement":[{"@type":"ListItem","position":1,"name":"Accueil","item":"https:\/\/pharmadreams.shop\/"},{"@type":"ListItem","position":2,"name":"Shop","item":"https:\/\/pharmadreams.shop\/index.php\/shop\/"},{"@type":"ListItem","position":3,"name":"Milva olcare \u00e9cran solaire teinte beige clair 50ml"}]},{"@type":"WebSite","@id":"https:\/\/pharmadreams.shop\/#website","url":"https:\/\/pharmadreams.shop\/","name":"pharmadreams","description":"Parapharmacie en ligne","potentialAction":[{"@type":"SearchAction","target":{"@type":"EntryPoint","urlTemplate":"https:\/\/pharmadreams.shop\/?s={search_term_string}"},"query-input":"required name=search_term_string"}],"inLanguage":"fr-FR"}]}},"_links":{"self":[{"href":"https:\/\/pharmadreams.shop\/index.php\/wp-json\/wp\/v2\/product\/16469","targetHints":{"allow":["GET"]}}],"collection":[{"href":"https:\/\/pharmadreams.shop\/index.php\/wp-json\/wp\/v2\/product"}],"about":[{"href":"https:\/\/pharmadreams.shop\/index.php\/wp-json\/wp\/v2\/types\/product"}],"replies":[{"embeddable":true,"href":"https:\/\/pharmadreams.shop\/index.php\/wp-json\/wp\/v2\/comments?post=16469"}],"version-history":[{"count":0,"href":"https:\/\/pharmadreams.shop\/index.php\/wp-json\/wp\/v2\/product\/16469\/revisions"}],"wp:featuredmedia":[{"embeddable":true,"href":"https:\/\/pharmadreams.shop\/index.php\/wp-json\/wp\/v2\/media\/16551"}],"wp:attachment":[{"href":"https:\/\/pharmadreams.shop\/index.php\/wp-json\/wp\/v2\/media?parent=16469"}],"wp:term":[{"taxonomy":"product_brand","embeddable":true,"href":"https:\/\/pharmadreams.shop\/index.php\/wp-json\/wp\/v2\/product_brand?post=16469"},{"taxonomy":"product_cat","embeddable":true,"href":"https:\/\/pharmadreams.shop\/index.php\/wp-json\/wp\/v2\/product_cat?post=16469"},{"taxonomy":"product_tag","embeddable":true,"href":"https:\/\/pharmadreams.shop\/index.php\/wp-json\/wp\/v2\/product_tag?post=16469"}],"curies":[{"name":"wp","href":"https:\/\/api.w.org\/{rel}","templated":true}]}}