{"id":16505,"date":"2023-12-19T19:35:13","date_gmt":"2023-12-19T18:35:13","guid":{"rendered":"https:\/\/venuspara.com\/?post_type=product&#038;p=16505"},"modified":"2023-12-19T19:35:58","modified_gmt":"2023-12-19T18:35:58","slug":"soskin-serum-intense-clarifiant-30ml","status":"publish","type":"product","link":"https:\/\/pharmadreams.shop\/index.php\/product\/soskin-serum-intense-clarifiant-30ml\/","title":{"rendered":"Soskin s\u00e9rum intense clarifiant 30ml"},"content":{"rendered":"","protected":false},"excerpt":{"rendered":"<p style=\"font-weight: 400;\">Soin intensif pour les imperfections et les irr\u00e9gularit\u00e9s de couleur de la peau, pour le visage et le d\u00e9collet\u00e9.<\/p>\n<p style=\"font-weight: 400;\">Il laisse la peau visiblement plus lisse, gr\u00e2ce \u00e0 son action exfoliante douce. La tonalit\u00e9 de couleur devient plus lumineuse et les imperfections de couleur s&rsquo;estompent.<\/p>\n","protected":false},"featured_media":16569,"comment_status":"open","ping_status":"closed","template":"","meta":[],"product_brand":[],"product_cat":[97,94,107,80,20],"product_tag":[],"class_list":{"0":"post-16505","1":"product","2":"type-product","3":"status-publish","4":"has-post-thumbnail","6":"product_cat-anti-imperfection","7":"product_cat-serum","8":"product_cat-soin-solaire","9":"product_cat-soins","10":"product_cat-visage","12":"first","13":"instock","14":"shipping-taxable","15":"purchasable","16":"product-type-simple"},"yoast_head":"<!-- This site is optimized with the Yoast SEO plugin v23.0 - https:\/\/yoast.com\/wordpress\/plugins\/seo\/ -->\n<title>Soskin s\u00e9rum intense clarifiant 30ml - pharmadreams<\/title>\n<meta name=\"robots\" content=\"index, follow, max-snippet:-1, max-image-preview:large, max-video-preview:-1\" \/>\n<link rel=\"canonical\" href=\"https:\/\/pharmadreams.shop\/index.php\/product\/soskin-serum-intense-clarifiant-30ml\/\" \/>\n<meta property=\"og:locale\" content=\"fr_FR\" \/>\n<meta property=\"og:type\" content=\"article\" \/>\n<meta property=\"og:title\" content=\"Soskin s\u00e9rum intense clarifiant 30ml - pharmadreams\" \/>\n<meta property=\"og:description\" content=\"Soin intensif pour les imperfections et les irr\u00e9gularit\u00e9s de couleur de la peau, pour le visage et le d\u00e9collet\u00e9. Il laisse la peau visiblement plus lisse, gr\u00e2ce \u00e0 son action exfoliante douce. La tonalit\u00e9 de couleur devient plus lumineuse et les imperfections de couleur s&#039;estompent.\" \/>\n<meta property=\"og:url\" content=\"https:\/\/pharmadreams.shop\/index.php\/product\/soskin-serum-intense-clarifiant-30ml\/\" \/>\n<meta property=\"og:site_name\" content=\"pharmadreams\" \/>\n<meta property=\"article:modified_time\" content=\"2023-12-19T18:35:58+00:00\" \/>\n<meta property=\"og:image\" content=\"https:\/\/pharmadreams.shop\/wp-content\/uploads\/2023\/12\/soskin.png\" \/>\n\t<meta property=\"og:image:width\" content=\"1460\" \/>\n\t<meta property=\"og:image:height\" content=\"1086\" \/>\n\t<meta property=\"og:image:type\" content=\"image\/png\" \/>\n<meta name=\"twitter:card\" content=\"summary_large_image\" \/>\n<script type=\"application\/ld+json\" class=\"yoast-schema-graph\">{\"@context\":\"https:\/\/schema.org\",\"@graph\":[{\"@type\":\"WebPage\",\"@id\":\"https:\/\/pharmadreams.shop\/index.php\/product\/soskin-serum-intense-clarifiant-30ml\/\",\"url\":\"https:\/\/pharmadreams.shop\/index.php\/product\/soskin-serum-intense-clarifiant-30ml\/\",\"name\":\"Soskin s\u00e9rum intense clarifiant 30ml - pharmadreams\",\"isPartOf\":{\"@id\":\"https:\/\/pharmadreams.shop\/#website\"},\"primaryImageOfPage\":{\"@id\":\"https:\/\/pharmadreams.shop\/index.php\/product\/soskin-serum-intense-clarifiant-30ml\/#primaryimage\"},\"image\":{\"@id\":\"https:\/\/pharmadreams.shop\/index.php\/product\/soskin-serum-intense-clarifiant-30ml\/#primaryimage\"},\"thumbnailUrl\":\"https:\/\/pharmadreams.shop\/wp-content\/uploads\/2023\/12\/soskin.png\",\"datePublished\":\"2023-12-19T18:35:13+00:00\",\"dateModified\":\"2023-12-19T18:35:58+00:00\",\"breadcrumb\":{\"@id\":\"https:\/\/pharmadreams.shop\/index.php\/product\/soskin-serum-intense-clarifiant-30ml\/#breadcrumb\"},\"inLanguage\":\"fr-FR\",\"potentialAction\":[{\"@type\":\"ReadAction\",\"target\":[\"https:\/\/pharmadreams.shop\/index.php\/product\/soskin-serum-intense-clarifiant-30ml\/\"]}]},{\"@type\":\"ImageObject\",\"inLanguage\":\"fr-FR\",\"@id\":\"https:\/\/pharmadreams.shop\/index.php\/product\/soskin-serum-intense-clarifiant-30ml\/#primaryimage\",\"url\":\"https:\/\/pharmadreams.shop\/wp-content\/uploads\/2023\/12\/soskin.png\",\"contentUrl\":\"https:\/\/pharmadreams.shop\/wp-content\/uploads\/2023\/12\/soskin.png\",\"width\":1460,\"height\":1086},{\"@type\":\"BreadcrumbList\",\"@id\":\"https:\/\/pharmadreams.shop\/index.php\/product\/soskin-serum-intense-clarifiant-30ml\/#breadcrumb\",\"itemListElement\":[{\"@type\":\"ListItem\",\"position\":1,\"name\":\"Accueil\",\"item\":\"https:\/\/pharmadreams.shop\/\"},{\"@type\":\"ListItem\",\"position\":2,\"name\":\"Shop\",\"item\":\"https:\/\/pharmadreams.shop\/index.php\/shop\/\"},{\"@type\":\"ListItem\",\"position\":3,\"name\":\"Soskin s\u00e9rum intense clarifiant 30ml\"}]},{\"@type\":\"WebSite\",\"@id\":\"https:\/\/pharmadreams.shop\/#website\",\"url\":\"https:\/\/pharmadreams.shop\/\",\"name\":\"pharmadreams\",\"description\":\"Parapharmacie en ligne\",\"potentialAction\":[{\"@type\":\"SearchAction\",\"target\":{\"@type\":\"EntryPoint\",\"urlTemplate\":\"https:\/\/pharmadreams.shop\/?s={search_term_string}\"},\"query-input\":\"required name=search_term_string\"}],\"inLanguage\":\"fr-FR\"}]}<\/script>\n<!-- \/ Yoast SEO plugin. -->","yoast_head_json":{"title":"Soskin s\u00e9rum intense clarifiant 30ml - pharmadreams","robots":{"index":"index","follow":"follow","max-snippet":"max-snippet:-1","max-image-preview":"max-image-preview:large","max-video-preview":"max-video-preview:-1"},"canonical":"https:\/\/pharmadreams.shop\/index.php\/product\/soskin-serum-intense-clarifiant-30ml\/","og_locale":"fr_FR","og_type":"article","og_title":"Soskin s\u00e9rum intense clarifiant 30ml - pharmadreams","og_description":"Soin intensif pour les imperfections et les irr\u00e9gularit\u00e9s de couleur de la peau, pour le visage et le d\u00e9collet\u00e9. Il laisse la peau visiblement plus lisse, gr\u00e2ce \u00e0 son action exfoliante douce. La tonalit\u00e9 de couleur devient plus lumineuse et les imperfections de couleur s'estompent.","og_url":"https:\/\/pharmadreams.shop\/index.php\/product\/soskin-serum-intense-clarifiant-30ml\/","og_site_name":"pharmadreams","article_modified_time":"2023-12-19T18:35:58+00:00","og_image":[{"width":1460,"height":1086,"url":"https:\/\/pharmadreams.shop\/wp-content\/uploads\/2023\/12\/soskin.png","type":"image\/png"}],"twitter_card":"summary_large_image","schema":{"@context":"https:\/\/schema.org","@graph":[{"@type":"WebPage","@id":"https:\/\/pharmadreams.shop\/index.php\/product\/soskin-serum-intense-clarifiant-30ml\/","url":"https:\/\/pharmadreams.shop\/index.php\/product\/soskin-serum-intense-clarifiant-30ml\/","name":"Soskin s\u00e9rum intense clarifiant 30ml - pharmadreams","isPartOf":{"@id":"https:\/\/pharmadreams.shop\/#website"},"primaryImageOfPage":{"@id":"https:\/\/pharmadreams.shop\/index.php\/product\/soskin-serum-intense-clarifiant-30ml\/#primaryimage"},"image":{"@id":"https:\/\/pharmadreams.shop\/index.php\/product\/soskin-serum-intense-clarifiant-30ml\/#primaryimage"},"thumbnailUrl":"https:\/\/pharmadreams.shop\/wp-content\/uploads\/2023\/12\/soskin.png","datePublished":"2023-12-19T18:35:13+00:00","dateModified":"2023-12-19T18:35:58+00:00","breadcrumb":{"@id":"https:\/\/pharmadreams.shop\/index.php\/product\/soskin-serum-intense-clarifiant-30ml\/#breadcrumb"},"inLanguage":"fr-FR","potentialAction":[{"@type":"ReadAction","target":["https:\/\/pharmadreams.shop\/index.php\/product\/soskin-serum-intense-clarifiant-30ml\/"]}]},{"@type":"ImageObject","inLanguage":"fr-FR","@id":"https:\/\/pharmadreams.shop\/index.php\/product\/soskin-serum-intense-clarifiant-30ml\/#primaryimage","url":"https:\/\/pharmadreams.shop\/wp-content\/uploads\/2023\/12\/soskin.png","contentUrl":"https:\/\/pharmadreams.shop\/wp-content\/uploads\/2023\/12\/soskin.png","width":1460,"height":1086},{"@type":"BreadcrumbList","@id":"https:\/\/pharmadreams.shop\/index.php\/product\/soskin-serum-intense-clarifiant-30ml\/#breadcrumb","itemListElement":[{"@type":"ListItem","position":1,"name":"Accueil","item":"https:\/\/pharmadreams.shop\/"},{"@type":"ListItem","position":2,"name":"Shop","item":"https:\/\/pharmadreams.shop\/index.php\/shop\/"},{"@type":"ListItem","position":3,"name":"Soskin s\u00e9rum intense clarifiant 30ml"}]},{"@type":"WebSite","@id":"https:\/\/pharmadreams.shop\/#website","url":"https:\/\/pharmadreams.shop\/","name":"pharmadreams","description":"Parapharmacie en ligne","potentialAction":[{"@type":"SearchAction","target":{"@type":"EntryPoint","urlTemplate":"https:\/\/pharmadreams.shop\/?s={search_term_string}"},"query-input":"required name=search_term_string"}],"inLanguage":"fr-FR"}]}},"_links":{"self":[{"href":"https:\/\/pharmadreams.shop\/index.php\/wp-json\/wp\/v2\/product\/16505","targetHints":{"allow":["GET"]}}],"collection":[{"href":"https:\/\/pharmadreams.shop\/index.php\/wp-json\/wp\/v2\/product"}],"about":[{"href":"https:\/\/pharmadreams.shop\/index.php\/wp-json\/wp\/v2\/types\/product"}],"replies":[{"embeddable":true,"href":"https:\/\/pharmadreams.shop\/index.php\/wp-json\/wp\/v2\/comments?post=16505"}],"version-history":[{"count":0,"href":"https:\/\/pharmadreams.shop\/index.php\/wp-json\/wp\/v2\/product\/16505\/revisions"}],"wp:featuredmedia":[{"embeddable":true,"href":"https:\/\/pharmadreams.shop\/index.php\/wp-json\/wp\/v2\/media\/16569"}],"wp:attachment":[{"href":"https:\/\/pharmadreams.shop\/index.php\/wp-json\/wp\/v2\/media?parent=16505"}],"wp:term":[{"taxonomy":"product_brand","embeddable":true,"href":"https:\/\/pharmadreams.shop\/index.php\/wp-json\/wp\/v2\/product_brand?post=16505"},{"taxonomy":"product_cat","embeddable":true,"href":"https:\/\/pharmadreams.shop\/index.php\/wp-json\/wp\/v2\/product_cat?post=16505"},{"taxonomy":"product_tag","embeddable":true,"href":"https:\/\/pharmadreams.shop\/index.php\/wp-json\/wp\/v2\/product_tag?post=16505"}],"curies":[{"name":"wp","href":"https:\/\/api.w.org\/{rel}","templated":true}]}}