{"id":16508,"date":"2023-12-19T19:35:13","date_gmt":"2023-12-19T18:35:13","guid":{"rendered":"https:\/\/venuspara.com\/?post_type=product&#038;p=16508"},"modified":"2023-12-19T19:36:06","modified_gmt":"2023-12-19T18:36:06","slug":"soskin-gel-doux-nettoyant-purifiant-500ml","status":"publish","type":"product","link":"https:\/\/pharmadreams.shop\/index.php\/product\/soskin-gel-doux-nettoyant-purifiant-500ml\/","title":{"rendered":"Soskin gel doux nettoyant purifiant 500ml"},"content":{"rendered":"","protected":false},"excerpt":{"rendered":"<p><strong>PROPRIETES DES ACTIFS :\u00a0<\/strong>Formule sans savon.<\/p>\n<p>&#8211; Complexe v\u00e9g\u00e9tal anti-imperfections : myrrhe, bardane, plantain, mauve, thym pour une action pr\u00e9ventive.<br \/>\n&#8211; Huile essentielle d\u2019arbre \u00e0 th\u00e9 : aide \u00e0 r\u00e9duire l&rsquo;exc\u00e8s de s\u00e9bum.<br \/>\n&#8211; Extrait de concombre : riche en vitamines, oligo-\u00e9l\u00e9ments et min\u00e9raux. En plus d&rsquo;\u00eatre tr\u00e8s hydratant, le concombre est reconnu pour son action b\u00e9n\u00e9fique sur les peaux ternes, manquant de clart\u00e9 et de lumi\u00e8re<\/p>\n","protected":false},"featured_media":16586,"comment_status":"open","ping_status":"closed","template":"","meta":[],"product_brand":[],"product_cat":[158],"product_tag":[],"class_list":{"0":"post-16508","1":"product","2":"type-product","3":"status-publish","4":"has-post-thumbnail","6":"product_cat-gel-doux","8":"first","9":"instock","10":"shipping-taxable","11":"purchasable","12":"product-type-simple"},"yoast_head":"<!-- This site is optimized with the Yoast SEO plugin v23.0 - https:\/\/yoast.com\/wordpress\/plugins\/seo\/ -->\n<title>Soskin gel doux nettoyant purifiant 500ml - pharmadreams<\/title>\n<meta name=\"robots\" content=\"index, follow, max-snippet:-1, max-image-preview:large, max-video-preview:-1\" \/>\n<link rel=\"canonical\" href=\"https:\/\/pharmadreams.shop\/index.php\/product\/soskin-gel-doux-nettoyant-purifiant-500ml\/\" \/>\n<meta property=\"og:locale\" content=\"fr_FR\" \/>\n<meta property=\"og:type\" content=\"article\" \/>\n<meta property=\"og:title\" content=\"Soskin gel doux nettoyant purifiant 500ml - pharmadreams\" \/>\n<meta property=\"og:description\" content=\"PROPRIETES DES ACTIFS :\u00a0Formule sans savon.  - Complexe v\u00e9g\u00e9tal anti-imperfections : myrrhe, bardane, plantain, mauve, thym pour une action pr\u00e9ventive. - Huile essentielle d\u2019arbre \u00e0 th\u00e9 : aide \u00e0 r\u00e9duire l&#039;exc\u00e8s de s\u00e9bum. - Extrait de concombre : riche en vitamines, oligo-\u00e9l\u00e9ments et min\u00e9raux. En plus d&#039;\u00eatre tr\u00e8s hydratant, le concombre est reconnu pour son action b\u00e9n\u00e9fique sur les peaux ternes, manquant de clart\u00e9 et de lumi\u00e8re\" \/>\n<meta property=\"og:url\" content=\"https:\/\/pharmadreams.shop\/index.php\/product\/soskin-gel-doux-nettoyant-purifiant-500ml\/\" \/>\n<meta property=\"og:site_name\" content=\"pharmadreams\" \/>\n<meta property=\"article:modified_time\" content=\"2023-12-19T18:36:06+00:00\" \/>\n<meta property=\"og:image\" content=\"https:\/\/pharmadreams.shop\/wp-content\/uploads\/2023\/12\/sos-mousse-1.png\" \/>\n\t<meta property=\"og:image:width\" content=\"508\" \/>\n\t<meta property=\"og:image:height\" content=\"612\" \/>\n\t<meta property=\"og:image:type\" content=\"image\/png\" \/>\n<meta name=\"twitter:card\" content=\"summary_large_image\" \/>\n<script type=\"application\/ld+json\" class=\"yoast-schema-graph\">{\"@context\":\"https:\/\/schema.org\",\"@graph\":[{\"@type\":\"WebPage\",\"@id\":\"https:\/\/pharmadreams.shop\/index.php\/product\/soskin-gel-doux-nettoyant-purifiant-500ml\/\",\"url\":\"https:\/\/pharmadreams.shop\/index.php\/product\/soskin-gel-doux-nettoyant-purifiant-500ml\/\",\"name\":\"Soskin gel doux nettoyant purifiant 500ml - pharmadreams\",\"isPartOf\":{\"@id\":\"https:\/\/pharmadreams.shop\/#website\"},\"primaryImageOfPage\":{\"@id\":\"https:\/\/pharmadreams.shop\/index.php\/product\/soskin-gel-doux-nettoyant-purifiant-500ml\/#primaryimage\"},\"image\":{\"@id\":\"https:\/\/pharmadreams.shop\/index.php\/product\/soskin-gel-doux-nettoyant-purifiant-500ml\/#primaryimage\"},\"thumbnailUrl\":\"https:\/\/pharmadreams.shop\/wp-content\/uploads\/2023\/12\/sos-mousse-1.png\",\"datePublished\":\"2023-12-19T18:35:13+00:00\",\"dateModified\":\"2023-12-19T18:36:06+00:00\",\"breadcrumb\":{\"@id\":\"https:\/\/pharmadreams.shop\/index.php\/product\/soskin-gel-doux-nettoyant-purifiant-500ml\/#breadcrumb\"},\"inLanguage\":\"fr-FR\",\"potentialAction\":[{\"@type\":\"ReadAction\",\"target\":[\"https:\/\/pharmadreams.shop\/index.php\/product\/soskin-gel-doux-nettoyant-purifiant-500ml\/\"]}]},{\"@type\":\"ImageObject\",\"inLanguage\":\"fr-FR\",\"@id\":\"https:\/\/pharmadreams.shop\/index.php\/product\/soskin-gel-doux-nettoyant-purifiant-500ml\/#primaryimage\",\"url\":\"https:\/\/pharmadreams.shop\/wp-content\/uploads\/2023\/12\/sos-mousse-1.png\",\"contentUrl\":\"https:\/\/pharmadreams.shop\/wp-content\/uploads\/2023\/12\/sos-mousse-1.png\",\"width\":508,\"height\":612},{\"@type\":\"BreadcrumbList\",\"@id\":\"https:\/\/pharmadreams.shop\/index.php\/product\/soskin-gel-doux-nettoyant-purifiant-500ml\/#breadcrumb\",\"itemListElement\":[{\"@type\":\"ListItem\",\"position\":1,\"name\":\"Accueil\",\"item\":\"https:\/\/pharmadreams.shop\/\"},{\"@type\":\"ListItem\",\"position\":2,\"name\":\"Shop\",\"item\":\"https:\/\/pharmadreams.shop\/index.php\/shop\/\"},{\"@type\":\"ListItem\",\"position\":3,\"name\":\"Soskin gel doux nettoyant purifiant 500ml\"}]},{\"@type\":\"WebSite\",\"@id\":\"https:\/\/pharmadreams.shop\/#website\",\"url\":\"https:\/\/pharmadreams.shop\/\",\"name\":\"pharmadreams\",\"description\":\"Parapharmacie en ligne\",\"potentialAction\":[{\"@type\":\"SearchAction\",\"target\":{\"@type\":\"EntryPoint\",\"urlTemplate\":\"https:\/\/pharmadreams.shop\/?s={search_term_string}\"},\"query-input\":\"required name=search_term_string\"}],\"inLanguage\":\"fr-FR\"}]}<\/script>\n<!-- \/ Yoast SEO plugin. -->","yoast_head_json":{"title":"Soskin gel doux nettoyant purifiant 500ml - pharmadreams","robots":{"index":"index","follow":"follow","max-snippet":"max-snippet:-1","max-image-preview":"max-image-preview:large","max-video-preview":"max-video-preview:-1"},"canonical":"https:\/\/pharmadreams.shop\/index.php\/product\/soskin-gel-doux-nettoyant-purifiant-500ml\/","og_locale":"fr_FR","og_type":"article","og_title":"Soskin gel doux nettoyant purifiant 500ml - pharmadreams","og_description":"PROPRIETES DES ACTIFS :\u00a0Formule sans savon.  - Complexe v\u00e9g\u00e9tal anti-imperfections : myrrhe, bardane, plantain, mauve, thym pour une action pr\u00e9ventive. - Huile essentielle d\u2019arbre \u00e0 th\u00e9 : aide \u00e0 r\u00e9duire l'exc\u00e8s de s\u00e9bum. - Extrait de concombre : riche en vitamines, oligo-\u00e9l\u00e9ments et min\u00e9raux. En plus d'\u00eatre tr\u00e8s hydratant, le concombre est reconnu pour son action b\u00e9n\u00e9fique sur les peaux ternes, manquant de clart\u00e9 et de lumi\u00e8re","og_url":"https:\/\/pharmadreams.shop\/index.php\/product\/soskin-gel-doux-nettoyant-purifiant-500ml\/","og_site_name":"pharmadreams","article_modified_time":"2023-12-19T18:36:06+00:00","og_image":[{"width":508,"height":612,"url":"https:\/\/pharmadreams.shop\/wp-content\/uploads\/2023\/12\/sos-mousse-1.png","type":"image\/png"}],"twitter_card":"summary_large_image","schema":{"@context":"https:\/\/schema.org","@graph":[{"@type":"WebPage","@id":"https:\/\/pharmadreams.shop\/index.php\/product\/soskin-gel-doux-nettoyant-purifiant-500ml\/","url":"https:\/\/pharmadreams.shop\/index.php\/product\/soskin-gel-doux-nettoyant-purifiant-500ml\/","name":"Soskin gel doux nettoyant purifiant 500ml - pharmadreams","isPartOf":{"@id":"https:\/\/pharmadreams.shop\/#website"},"primaryImageOfPage":{"@id":"https:\/\/pharmadreams.shop\/index.php\/product\/soskin-gel-doux-nettoyant-purifiant-500ml\/#primaryimage"},"image":{"@id":"https:\/\/pharmadreams.shop\/index.php\/product\/soskin-gel-doux-nettoyant-purifiant-500ml\/#primaryimage"},"thumbnailUrl":"https:\/\/pharmadreams.shop\/wp-content\/uploads\/2023\/12\/sos-mousse-1.png","datePublished":"2023-12-19T18:35:13+00:00","dateModified":"2023-12-19T18:36:06+00:00","breadcrumb":{"@id":"https:\/\/pharmadreams.shop\/index.php\/product\/soskin-gel-doux-nettoyant-purifiant-500ml\/#breadcrumb"},"inLanguage":"fr-FR","potentialAction":[{"@type":"ReadAction","target":["https:\/\/pharmadreams.shop\/index.php\/product\/soskin-gel-doux-nettoyant-purifiant-500ml\/"]}]},{"@type":"ImageObject","inLanguage":"fr-FR","@id":"https:\/\/pharmadreams.shop\/index.php\/product\/soskin-gel-doux-nettoyant-purifiant-500ml\/#primaryimage","url":"https:\/\/pharmadreams.shop\/wp-content\/uploads\/2023\/12\/sos-mousse-1.png","contentUrl":"https:\/\/pharmadreams.shop\/wp-content\/uploads\/2023\/12\/sos-mousse-1.png","width":508,"height":612},{"@type":"BreadcrumbList","@id":"https:\/\/pharmadreams.shop\/index.php\/product\/soskin-gel-doux-nettoyant-purifiant-500ml\/#breadcrumb","itemListElement":[{"@type":"ListItem","position":1,"name":"Accueil","item":"https:\/\/pharmadreams.shop\/"},{"@type":"ListItem","position":2,"name":"Shop","item":"https:\/\/pharmadreams.shop\/index.php\/shop\/"},{"@type":"ListItem","position":3,"name":"Soskin gel doux nettoyant purifiant 500ml"}]},{"@type":"WebSite","@id":"https:\/\/pharmadreams.shop\/#website","url":"https:\/\/pharmadreams.shop\/","name":"pharmadreams","description":"Parapharmacie en ligne","potentialAction":[{"@type":"SearchAction","target":{"@type":"EntryPoint","urlTemplate":"https:\/\/pharmadreams.shop\/?s={search_term_string}"},"query-input":"required name=search_term_string"}],"inLanguage":"fr-FR"}]}},"_links":{"self":[{"href":"https:\/\/pharmadreams.shop\/index.php\/wp-json\/wp\/v2\/product\/16508","targetHints":{"allow":["GET"]}}],"collection":[{"href":"https:\/\/pharmadreams.shop\/index.php\/wp-json\/wp\/v2\/product"}],"about":[{"href":"https:\/\/pharmadreams.shop\/index.php\/wp-json\/wp\/v2\/types\/product"}],"replies":[{"embeddable":true,"href":"https:\/\/pharmadreams.shop\/index.php\/wp-json\/wp\/v2\/comments?post=16508"}],"version-history":[{"count":0,"href":"https:\/\/pharmadreams.shop\/index.php\/wp-json\/wp\/v2\/product\/16508\/revisions"}],"wp:featuredmedia":[{"embeddable":true,"href":"https:\/\/pharmadreams.shop\/index.php\/wp-json\/wp\/v2\/media\/16586"}],"wp:attachment":[{"href":"https:\/\/pharmadreams.shop\/index.php\/wp-json\/wp\/v2\/media?parent=16508"}],"wp:term":[{"taxonomy":"product_brand","embeddable":true,"href":"https:\/\/pharmadreams.shop\/index.php\/wp-json\/wp\/v2\/product_brand?post=16508"},{"taxonomy":"product_cat","embeddable":true,"href":"https:\/\/pharmadreams.shop\/index.php\/wp-json\/wp\/v2\/product_cat?post=16508"},{"taxonomy":"product_tag","embeddable":true,"href":"https:\/\/pharmadreams.shop\/index.php\/wp-json\/wp\/v2\/product_tag?post=16508"}],"curies":[{"name":"wp","href":"https:\/\/api.w.org\/{rel}","templated":true}]}}