{"id":16575,"date":"2023-12-19T19:36:02","date_gmt":"2023-12-19T18:36:02","guid":{"rendered":"https:\/\/venuspara.com\/?post_type=product&#038;p=16575"},"modified":"2023-12-19T19:36:45","modified_gmt":"2023-12-19T18:36:45","slug":"sesderma-lactyferrin-sanitizer-500ml","status":"publish","type":"product","link":"https:\/\/pharmadreams.shop\/index.php\/product\/sesderma-lactyferrin-sanitizer-500ml\/","title":{"rendered":"Sesderma lactyferrin sanitizer 500ml"},"content":{"rendered":"","protected":false},"excerpt":{"rendered":"<p>SESDERMA LACTYFERRIN Gel D\u00e9sinfectant 500ML SESDERMA LACTYFERRIN Sanitizer Gel est une combinaison d&rsquo;ingr\u00e9dients qui d\u00e9truit 99 % des germes au contact.<\/p>\n<p>Une combinaison unique des derni\u00e8res nanotechnologies et des meilleurs ingr\u00e9dients, tels que le chlorure de benzalkonium, l&rsquo;alcool \u00e9thylique, le digluconate de chlorhexidine, la lactoferrine et la lactoperoxydase. Cela \u00e9liminera \/ inhibera d\u00e9finitivement les virus et les bact\u00e9ries.<\/p>\n<p>Ce gel nettoyant unique laisse les mains douces, lisses, hydrat\u00e9es et saines &#8211; et il est respectueux de l&rsquo;environnement, s\u00fbr pour la maison et le bureau<\/p>\n","protected":false},"featured_media":16642,"comment_status":"open","ping_status":"closed","template":"","meta":[],"product_brand":[],"product_cat":[96],"product_tag":[],"class_list":{"0":"post-16575","1":"product","2":"type-product","3":"status-publish","4":"has-post-thumbnail","6":"product_cat-gel-nottoyant","8":"first","9":"instock","10":"shipping-taxable","11":"purchasable","12":"product-type-simple"},"yoast_head":"<!-- This site is optimized with the Yoast SEO plugin v23.0 - https:\/\/yoast.com\/wordpress\/plugins\/seo\/ -->\n<title>Sesderma lactyferrin sanitizer 500ml - pharmadreams<\/title>\n<meta name=\"robots\" content=\"index, follow, max-snippet:-1, max-image-preview:large, max-video-preview:-1\" \/>\n<link rel=\"canonical\" href=\"https:\/\/pharmadreams.shop\/index.php\/product\/sesderma-lactyferrin-sanitizer-500ml\/\" \/>\n<meta property=\"og:locale\" content=\"fr_FR\" \/>\n<meta property=\"og:type\" content=\"article\" \/>\n<meta property=\"og:title\" content=\"Sesderma lactyferrin sanitizer 500ml - pharmadreams\" \/>\n<meta property=\"og:description\" content=\"SESDERMA LACTYFERRIN Gel D\u00e9sinfectant 500ML SESDERMA LACTYFERRIN Sanitizer Gel est une combinaison d&#039;ingr\u00e9dients qui d\u00e9truit 99 % des germes au contact.  Une combinaison unique des derni\u00e8res nanotechnologies et des meilleurs ingr\u00e9dients, tels que le chlorure de benzalkonium, l&#039;alcool \u00e9thylique, le digluconate de chlorhexidine, la lactoferrine et la lactoperoxydase. Cela \u00e9liminera \/ inhibera d\u00e9finitivement les virus et les bact\u00e9ries.  Ce gel nettoyant unique laisse les mains douces, lisses, hydrat\u00e9es et saines - et il est respectueux de l&#039;environnement, s\u00fbr pour la maison et le bureau\" \/>\n<meta property=\"og:url\" content=\"https:\/\/pharmadreams.shop\/index.php\/product\/sesderma-lactyferrin-sanitizer-500ml\/\" \/>\n<meta property=\"og:site_name\" content=\"pharmadreams\" \/>\n<meta property=\"article:modified_time\" content=\"2023-12-19T18:36:45+00:00\" \/>\n<meta property=\"og:image\" content=\"https:\/\/pharmadreams.shop\/wp-content\/uploads\/2023\/12\/sesder.png\" \/>\n\t<meta property=\"og:image:width\" content=\"952\" \/>\n\t<meta property=\"og:image:height\" content=\"1152\" \/>\n\t<meta property=\"og:image:type\" content=\"image\/png\" \/>\n<meta name=\"twitter:card\" content=\"summary_large_image\" \/>\n<script type=\"application\/ld+json\" class=\"yoast-schema-graph\">{\"@context\":\"https:\/\/schema.org\",\"@graph\":[{\"@type\":\"WebPage\",\"@id\":\"https:\/\/pharmadreams.shop\/index.php\/product\/sesderma-lactyferrin-sanitizer-500ml\/\",\"url\":\"https:\/\/pharmadreams.shop\/index.php\/product\/sesderma-lactyferrin-sanitizer-500ml\/\",\"name\":\"Sesderma lactyferrin sanitizer 500ml - pharmadreams\",\"isPartOf\":{\"@id\":\"https:\/\/pharmadreams.shop\/#website\"},\"primaryImageOfPage\":{\"@id\":\"https:\/\/pharmadreams.shop\/index.php\/product\/sesderma-lactyferrin-sanitizer-500ml\/#primaryimage\"},\"image\":{\"@id\":\"https:\/\/pharmadreams.shop\/index.php\/product\/sesderma-lactyferrin-sanitizer-500ml\/#primaryimage\"},\"thumbnailUrl\":\"https:\/\/pharmadreams.shop\/wp-content\/uploads\/2023\/12\/sesder.png\",\"datePublished\":\"2023-12-19T18:36:02+00:00\",\"dateModified\":\"2023-12-19T18:36:45+00:00\",\"breadcrumb\":{\"@id\":\"https:\/\/pharmadreams.shop\/index.php\/product\/sesderma-lactyferrin-sanitizer-500ml\/#breadcrumb\"},\"inLanguage\":\"fr-FR\",\"potentialAction\":[{\"@type\":\"ReadAction\",\"target\":[\"https:\/\/pharmadreams.shop\/index.php\/product\/sesderma-lactyferrin-sanitizer-500ml\/\"]}]},{\"@type\":\"ImageObject\",\"inLanguage\":\"fr-FR\",\"@id\":\"https:\/\/pharmadreams.shop\/index.php\/product\/sesderma-lactyferrin-sanitizer-500ml\/#primaryimage\",\"url\":\"https:\/\/pharmadreams.shop\/wp-content\/uploads\/2023\/12\/sesder.png\",\"contentUrl\":\"https:\/\/pharmadreams.shop\/wp-content\/uploads\/2023\/12\/sesder.png\",\"width\":952,\"height\":1152},{\"@type\":\"BreadcrumbList\",\"@id\":\"https:\/\/pharmadreams.shop\/index.php\/product\/sesderma-lactyferrin-sanitizer-500ml\/#breadcrumb\",\"itemListElement\":[{\"@type\":\"ListItem\",\"position\":1,\"name\":\"Accueil\",\"item\":\"https:\/\/pharmadreams.shop\/\"},{\"@type\":\"ListItem\",\"position\":2,\"name\":\"Shop\",\"item\":\"https:\/\/pharmadreams.shop\/index.php\/shop\/\"},{\"@type\":\"ListItem\",\"position\":3,\"name\":\"Sesderma lactyferrin sanitizer 500ml\"}]},{\"@type\":\"WebSite\",\"@id\":\"https:\/\/pharmadreams.shop\/#website\",\"url\":\"https:\/\/pharmadreams.shop\/\",\"name\":\"pharmadreams\",\"description\":\"Parapharmacie en ligne\",\"potentialAction\":[{\"@type\":\"SearchAction\",\"target\":{\"@type\":\"EntryPoint\",\"urlTemplate\":\"https:\/\/pharmadreams.shop\/?s={search_term_string}\"},\"query-input\":\"required name=search_term_string\"}],\"inLanguage\":\"fr-FR\"}]}<\/script>\n<!-- \/ Yoast SEO plugin. -->","yoast_head_json":{"title":"Sesderma lactyferrin sanitizer 500ml - pharmadreams","robots":{"index":"index","follow":"follow","max-snippet":"max-snippet:-1","max-image-preview":"max-image-preview:large","max-video-preview":"max-video-preview:-1"},"canonical":"https:\/\/pharmadreams.shop\/index.php\/product\/sesderma-lactyferrin-sanitizer-500ml\/","og_locale":"fr_FR","og_type":"article","og_title":"Sesderma lactyferrin sanitizer 500ml - pharmadreams","og_description":"SESDERMA LACTYFERRIN Gel D\u00e9sinfectant 500ML SESDERMA LACTYFERRIN Sanitizer Gel est une combinaison d'ingr\u00e9dients qui d\u00e9truit 99 % des germes au contact.  Une combinaison unique des derni\u00e8res nanotechnologies et des meilleurs ingr\u00e9dients, tels que le chlorure de benzalkonium, l'alcool \u00e9thylique, le digluconate de chlorhexidine, la lactoferrine et la lactoperoxydase. Cela \u00e9liminera \/ inhibera d\u00e9finitivement les virus et les bact\u00e9ries.  Ce gel nettoyant unique laisse les mains douces, lisses, hydrat\u00e9es et saines - et il est respectueux de l'environnement, s\u00fbr pour la maison et le bureau","og_url":"https:\/\/pharmadreams.shop\/index.php\/product\/sesderma-lactyferrin-sanitizer-500ml\/","og_site_name":"pharmadreams","article_modified_time":"2023-12-19T18:36:45+00:00","og_image":[{"width":952,"height":1152,"url":"https:\/\/pharmadreams.shop\/wp-content\/uploads\/2023\/12\/sesder.png","type":"image\/png"}],"twitter_card":"summary_large_image","schema":{"@context":"https:\/\/schema.org","@graph":[{"@type":"WebPage","@id":"https:\/\/pharmadreams.shop\/index.php\/product\/sesderma-lactyferrin-sanitizer-500ml\/","url":"https:\/\/pharmadreams.shop\/index.php\/product\/sesderma-lactyferrin-sanitizer-500ml\/","name":"Sesderma lactyferrin sanitizer 500ml - pharmadreams","isPartOf":{"@id":"https:\/\/pharmadreams.shop\/#website"},"primaryImageOfPage":{"@id":"https:\/\/pharmadreams.shop\/index.php\/product\/sesderma-lactyferrin-sanitizer-500ml\/#primaryimage"},"image":{"@id":"https:\/\/pharmadreams.shop\/index.php\/product\/sesderma-lactyferrin-sanitizer-500ml\/#primaryimage"},"thumbnailUrl":"https:\/\/pharmadreams.shop\/wp-content\/uploads\/2023\/12\/sesder.png","datePublished":"2023-12-19T18:36:02+00:00","dateModified":"2023-12-19T18:36:45+00:00","breadcrumb":{"@id":"https:\/\/pharmadreams.shop\/index.php\/product\/sesderma-lactyferrin-sanitizer-500ml\/#breadcrumb"},"inLanguage":"fr-FR","potentialAction":[{"@type":"ReadAction","target":["https:\/\/pharmadreams.shop\/index.php\/product\/sesderma-lactyferrin-sanitizer-500ml\/"]}]},{"@type":"ImageObject","inLanguage":"fr-FR","@id":"https:\/\/pharmadreams.shop\/index.php\/product\/sesderma-lactyferrin-sanitizer-500ml\/#primaryimage","url":"https:\/\/pharmadreams.shop\/wp-content\/uploads\/2023\/12\/sesder.png","contentUrl":"https:\/\/pharmadreams.shop\/wp-content\/uploads\/2023\/12\/sesder.png","width":952,"height":1152},{"@type":"BreadcrumbList","@id":"https:\/\/pharmadreams.shop\/index.php\/product\/sesderma-lactyferrin-sanitizer-500ml\/#breadcrumb","itemListElement":[{"@type":"ListItem","position":1,"name":"Accueil","item":"https:\/\/pharmadreams.shop\/"},{"@type":"ListItem","position":2,"name":"Shop","item":"https:\/\/pharmadreams.shop\/index.php\/shop\/"},{"@type":"ListItem","position":3,"name":"Sesderma lactyferrin sanitizer 500ml"}]},{"@type":"WebSite","@id":"https:\/\/pharmadreams.shop\/#website","url":"https:\/\/pharmadreams.shop\/","name":"pharmadreams","description":"Parapharmacie en ligne","potentialAction":[{"@type":"SearchAction","target":{"@type":"EntryPoint","urlTemplate":"https:\/\/pharmadreams.shop\/?s={search_term_string}"},"query-input":"required name=search_term_string"}],"inLanguage":"fr-FR"}]}},"_links":{"self":[{"href":"https:\/\/pharmadreams.shop\/index.php\/wp-json\/wp\/v2\/product\/16575","targetHints":{"allow":["GET"]}}],"collection":[{"href":"https:\/\/pharmadreams.shop\/index.php\/wp-json\/wp\/v2\/product"}],"about":[{"href":"https:\/\/pharmadreams.shop\/index.php\/wp-json\/wp\/v2\/types\/product"}],"replies":[{"embeddable":true,"href":"https:\/\/pharmadreams.shop\/index.php\/wp-json\/wp\/v2\/comments?post=16575"}],"version-history":[{"count":0,"href":"https:\/\/pharmadreams.shop\/index.php\/wp-json\/wp\/v2\/product\/16575\/revisions"}],"wp:featuredmedia":[{"embeddable":true,"href":"https:\/\/pharmadreams.shop\/index.php\/wp-json\/wp\/v2\/media\/16642"}],"wp:attachment":[{"href":"https:\/\/pharmadreams.shop\/index.php\/wp-json\/wp\/v2\/media?parent=16575"}],"wp:term":[{"taxonomy":"product_brand","embeddable":true,"href":"https:\/\/pharmadreams.shop\/index.php\/wp-json\/wp\/v2\/product_brand?post=16575"},{"taxonomy":"product_cat","embeddable":true,"href":"https:\/\/pharmadreams.shop\/index.php\/wp-json\/wp\/v2\/product_cat?post=16575"},{"taxonomy":"product_tag","embeddable":true,"href":"https:\/\/pharmadreams.shop\/index.php\/wp-json\/wp\/v2\/product_tag?post=16575"}],"curies":[{"name":"wp","href":"https:\/\/api.w.org\/{rel}","templated":true}]}}