{"id":16611,"date":"2023-12-19T19:36:28","date_gmt":"2023-12-19T18:36:28","guid":{"rendered":"https:\/\/venuspara.com\/?post_type=product&#038;p=16611"},"modified":"2024-03-16T00:26:17","modified_gmt":"2024-03-15T23:26:17","slug":"filorga-ncef-intensive-serum-30ml","status":"publish","type":"product","link":"https:\/\/pharmadreams.shop\/index.php\/product\/filorga-ncef-intensive-serum-30ml\/","title":{"rendered":"Filorga ncef-intensive s\u00e9rum 30ml"},"content":{"rendered":"","protected":false},"excerpt":{"rendered":"<div id=\"nasa-single-product-tabs\" class=\"product-details\">\n<div class=\"nasa-tabs-content woocommerce-tabs\">\n<div class=\"nasa-panels nasa-desc-wrap\">\n<div id=\"nasa-tab-description\" class=\"nasa-panel nasa-content-description active\">\n<div class=\"row\">\n<div class=\"large-12 columns nasa-content-panel\">\n<p class=\"p1\"><span class=\"s1\"><b>FILORGA NCTF-INTENSIVE est un\u00a0<\/b>S\u00c9RUM R\u00c9G\u00c9N\u00c9RANT SUPREME [RIDES \u2013 FERMET\u00c9 \u2013 \u00c9CLAT]\u00a0<\/span><\/p>\n<p class=\"p1\"><span class=\"s1\">UN SERUM BOOSTER HAUTEMENT CONCENTR\u00c9 EN NCTF\u00a0POUR UNE REGENERATION INTENSE ET UNE ACTION ANTI-AGE DEMULTIPLI\u00c9E.<\/span><\/p>\n<p class=\"p1\"><span class=\"s1\">NCTF-INTENSIVE, le s\u00e9rum booster intensif \u00e0 l\u2019action suractiv\u00e9e sur les rides, la fermet\u00e9 et l\u2019\u00e9clat.<\/span><\/p>\n<p class=\"p2\"><span class=\"s2\">Correction anti-\u00e2ge boost\u00e9e [rides \u2013 fermet\u00e9 \u2013 \u00e9clat] : La puissance du R\u00e9tinol associ\u00e9 au complexe ADN + Vitamine C assure une efficacit\u00e9 d\u00e9cupl\u00e9e pour une peau visiblement rajeunie. Texture ultra-l\u00e9g\u00e8re \u00e0 haute p\u00e9n\u00e9tration.<\/span><\/p>\n<\/div>\n<\/div>\n<\/div>\n<div id=\"nasa-tab-reviews\" class=\"nasa-panel nasa-content-reviews\">\n<div class=\"row\">\n<div class=\"large-12 columns nasa-content-panel\">\n<div id=\"reviews\" class=\"woocommerce-Reviews\">\n<div id=\"review_form_wrapper\">\n<div id=\"review_form\">\n<div id=\"respond\" class=\"comment-respond\">\n<form id=\"commentform\" class=\"comment-form\" action=\"https:\/\/www.tunisiepara.com\/wp-comments-post.php\" enctype=\"multipart\/form-data\" method=\"post\">\n<div class=\"comment-form-rating\"><\/div>\n<\/form>\n<\/div>\n<\/div>\n<\/div>\n<\/div>\n<\/div>\n<\/div>\n<\/div>\n<\/div>\n<\/div>\n<\/div>\n","protected":false},"featured_media":16670,"comment_status":"open","ping_status":"closed","template":"","meta":[],"product_brand":[],"product_cat":[100,134,94],"product_tag":[],"class_list":{"0":"post-16611","1":"product","2":"type-product","3":"status-publish","4":"has-post-thumbnail","6":"product_cat-anti-age","7":"product_cat-eclat","8":"product_cat-serum","10":"first","11":"instock","12":"shipping-taxable","13":"purchasable","14":"product-type-simple"},"yoast_head":"<!-- This site is optimized with the Yoast SEO plugin v23.0 - https:\/\/yoast.com\/wordpress\/plugins\/seo\/ -->\n<title>Filorga ncef-intensive s\u00e9rum 30ml - pharmadreams<\/title>\n<meta name=\"robots\" content=\"index, follow, max-snippet:-1, max-image-preview:large, max-video-preview:-1\" \/>\n<link rel=\"canonical\" href=\"https:\/\/pharmadreams.shop\/index.php\/product\/filorga-ncef-intensive-serum-30ml\/\" \/>\n<meta property=\"og:locale\" content=\"fr_FR\" \/>\n<meta property=\"og:type\" content=\"article\" \/>\n<meta property=\"og:title\" content=\"Filorga ncef-intensive s\u00e9rum 30ml - pharmadreams\" \/>\n<meta property=\"og:description\" content=\"FILORGA NCTF-INTENSIVE est un\u00a0S\u00c9RUM R\u00c9G\u00c9N\u00c9RANT SUPREME [RIDES \u2013 FERMET\u00c9 \u2013 \u00c9CLAT]\u00a0 UN SERUM BOOSTER HAUTEMENT CONCENTR\u00c9 EN NCTF\u00a0POUR UNE REGENERATION INTENSE ET UNE ACTION ANTI-AGE DEMULTIPLI\u00c9E. NCTF-INTENSIVE, le s\u00e9rum booster intensif \u00e0 l\u2019action suractiv\u00e9e sur les rides, la fermet\u00e9 et l\u2019\u00e9clat. Correction anti-\u00e2ge boost\u00e9e [rides \u2013 fermet\u00e9 \u2013 \u00e9clat] : La puissance du R\u00e9tinol associ\u00e9 au complexe ADN + Vitamine C assure une efficacit\u00e9 d\u00e9cupl\u00e9e pour une peau visiblement rajeunie. Texture ultra-l\u00e9g\u00e8re \u00e0 haute p\u00e9n\u00e9tration.\" \/>\n<meta property=\"og:url\" content=\"https:\/\/pharmadreams.shop\/index.php\/product\/filorga-ncef-intensive-serum-30ml\/\" \/>\n<meta property=\"og:site_name\" content=\"pharmadreams\" \/>\n<meta property=\"article:modified_time\" content=\"2024-03-15T23:26:17+00:00\" \/>\n<meta property=\"og:image\" content=\"https:\/\/pharmadreams.shop\/wp-content\/uploads\/2023\/12\/filorgaaa-1.png\" \/>\n\t<meta property=\"og:image:width\" content=\"824\" \/>\n\t<meta property=\"og:image:height\" content=\"936\" \/>\n\t<meta property=\"og:image:type\" content=\"image\/png\" \/>\n<meta name=\"twitter:card\" content=\"summary_large_image\" \/>\n<meta name=\"twitter:label1\" content=\"Dur\u00e9e de lecture estim\u00e9e\" \/>\n\t<meta name=\"twitter:data1\" content=\"1 minute\" \/>\n<script type=\"application\/ld+json\" class=\"yoast-schema-graph\">{\"@context\":\"https:\/\/schema.org\",\"@graph\":[{\"@type\":\"WebPage\",\"@id\":\"https:\/\/pharmadreams.shop\/index.php\/product\/filorga-ncef-intensive-serum-30ml\/\",\"url\":\"https:\/\/pharmadreams.shop\/index.php\/product\/filorga-ncef-intensive-serum-30ml\/\",\"name\":\"Filorga ncef-intensive s\u00e9rum 30ml - pharmadreams\",\"isPartOf\":{\"@id\":\"https:\/\/pharmadreams.shop\/#website\"},\"primaryImageOfPage\":{\"@id\":\"https:\/\/pharmadreams.shop\/index.php\/product\/filorga-ncef-intensive-serum-30ml\/#primaryimage\"},\"image\":{\"@id\":\"https:\/\/pharmadreams.shop\/index.php\/product\/filorga-ncef-intensive-serum-30ml\/#primaryimage\"},\"thumbnailUrl\":\"https:\/\/pharmadreams.shop\/wp-content\/uploads\/2023\/12\/filorgaaa-1.png\",\"datePublished\":\"2023-12-19T18:36:28+00:00\",\"dateModified\":\"2024-03-15T23:26:17+00:00\",\"breadcrumb\":{\"@id\":\"https:\/\/pharmadreams.shop\/index.php\/product\/filorga-ncef-intensive-serum-30ml\/#breadcrumb\"},\"inLanguage\":\"fr-FR\",\"potentialAction\":[{\"@type\":\"ReadAction\",\"target\":[\"https:\/\/pharmadreams.shop\/index.php\/product\/filorga-ncef-intensive-serum-30ml\/\"]}]},{\"@type\":\"ImageObject\",\"inLanguage\":\"fr-FR\",\"@id\":\"https:\/\/pharmadreams.shop\/index.php\/product\/filorga-ncef-intensive-serum-30ml\/#primaryimage\",\"url\":\"https:\/\/pharmadreams.shop\/wp-content\/uploads\/2023\/12\/filorgaaa-1.png\",\"contentUrl\":\"https:\/\/pharmadreams.shop\/wp-content\/uploads\/2023\/12\/filorgaaa-1.png\",\"width\":824,\"height\":936},{\"@type\":\"BreadcrumbList\",\"@id\":\"https:\/\/pharmadreams.shop\/index.php\/product\/filorga-ncef-intensive-serum-30ml\/#breadcrumb\",\"itemListElement\":[{\"@type\":\"ListItem\",\"position\":1,\"name\":\"Accueil\",\"item\":\"https:\/\/pharmadreams.shop\/\"},{\"@type\":\"ListItem\",\"position\":2,\"name\":\"Shop\",\"item\":\"https:\/\/pharmadreams.shop\/index.php\/shop\/\"},{\"@type\":\"ListItem\",\"position\":3,\"name\":\"Filorga ncef-intensive s\u00e9rum 30ml\"}]},{\"@type\":\"WebSite\",\"@id\":\"https:\/\/pharmadreams.shop\/#website\",\"url\":\"https:\/\/pharmadreams.shop\/\",\"name\":\"pharmadreams\",\"description\":\"Parapharmacie en ligne\",\"potentialAction\":[{\"@type\":\"SearchAction\",\"target\":{\"@type\":\"EntryPoint\",\"urlTemplate\":\"https:\/\/pharmadreams.shop\/?s={search_term_string}\"},\"query-input\":\"required name=search_term_string\"}],\"inLanguage\":\"fr-FR\"}]}<\/script>\n<!-- \/ Yoast SEO plugin. -->","yoast_head_json":{"title":"Filorga ncef-intensive s\u00e9rum 30ml - pharmadreams","robots":{"index":"index","follow":"follow","max-snippet":"max-snippet:-1","max-image-preview":"max-image-preview:large","max-video-preview":"max-video-preview:-1"},"canonical":"https:\/\/pharmadreams.shop\/index.php\/product\/filorga-ncef-intensive-serum-30ml\/","og_locale":"fr_FR","og_type":"article","og_title":"Filorga ncef-intensive s\u00e9rum 30ml - pharmadreams","og_description":"FILORGA NCTF-INTENSIVE est un\u00a0S\u00c9RUM R\u00c9G\u00c9N\u00c9RANT SUPREME [RIDES \u2013 FERMET\u00c9 \u2013 \u00c9CLAT]\u00a0 UN SERUM BOOSTER HAUTEMENT CONCENTR\u00c9 EN NCTF\u00a0POUR UNE REGENERATION INTENSE ET UNE ACTION ANTI-AGE DEMULTIPLI\u00c9E. NCTF-INTENSIVE, le s\u00e9rum booster intensif \u00e0 l\u2019action suractiv\u00e9e sur les rides, la fermet\u00e9 et l\u2019\u00e9clat. Correction anti-\u00e2ge boost\u00e9e [rides \u2013 fermet\u00e9 \u2013 \u00e9clat] : La puissance du R\u00e9tinol associ\u00e9 au complexe ADN + Vitamine C assure une efficacit\u00e9 d\u00e9cupl\u00e9e pour une peau visiblement rajeunie. Texture ultra-l\u00e9g\u00e8re \u00e0 haute p\u00e9n\u00e9tration.","og_url":"https:\/\/pharmadreams.shop\/index.php\/product\/filorga-ncef-intensive-serum-30ml\/","og_site_name":"pharmadreams","article_modified_time":"2024-03-15T23:26:17+00:00","og_image":[{"width":824,"height":936,"url":"https:\/\/pharmadreams.shop\/wp-content\/uploads\/2023\/12\/filorgaaa-1.png","type":"image\/png"}],"twitter_card":"summary_large_image","twitter_misc":{"Dur\u00e9e de lecture estim\u00e9e":"1 minute"},"schema":{"@context":"https:\/\/schema.org","@graph":[{"@type":"WebPage","@id":"https:\/\/pharmadreams.shop\/index.php\/product\/filorga-ncef-intensive-serum-30ml\/","url":"https:\/\/pharmadreams.shop\/index.php\/product\/filorga-ncef-intensive-serum-30ml\/","name":"Filorga ncef-intensive s\u00e9rum 30ml - pharmadreams","isPartOf":{"@id":"https:\/\/pharmadreams.shop\/#website"},"primaryImageOfPage":{"@id":"https:\/\/pharmadreams.shop\/index.php\/product\/filorga-ncef-intensive-serum-30ml\/#primaryimage"},"image":{"@id":"https:\/\/pharmadreams.shop\/index.php\/product\/filorga-ncef-intensive-serum-30ml\/#primaryimage"},"thumbnailUrl":"https:\/\/pharmadreams.shop\/wp-content\/uploads\/2023\/12\/filorgaaa-1.png","datePublished":"2023-12-19T18:36:28+00:00","dateModified":"2024-03-15T23:26:17+00:00","breadcrumb":{"@id":"https:\/\/pharmadreams.shop\/index.php\/product\/filorga-ncef-intensive-serum-30ml\/#breadcrumb"},"inLanguage":"fr-FR","potentialAction":[{"@type":"ReadAction","target":["https:\/\/pharmadreams.shop\/index.php\/product\/filorga-ncef-intensive-serum-30ml\/"]}]},{"@type":"ImageObject","inLanguage":"fr-FR","@id":"https:\/\/pharmadreams.shop\/index.php\/product\/filorga-ncef-intensive-serum-30ml\/#primaryimage","url":"https:\/\/pharmadreams.shop\/wp-content\/uploads\/2023\/12\/filorgaaa-1.png","contentUrl":"https:\/\/pharmadreams.shop\/wp-content\/uploads\/2023\/12\/filorgaaa-1.png","width":824,"height":936},{"@type":"BreadcrumbList","@id":"https:\/\/pharmadreams.shop\/index.php\/product\/filorga-ncef-intensive-serum-30ml\/#breadcrumb","itemListElement":[{"@type":"ListItem","position":1,"name":"Accueil","item":"https:\/\/pharmadreams.shop\/"},{"@type":"ListItem","position":2,"name":"Shop","item":"https:\/\/pharmadreams.shop\/index.php\/shop\/"},{"@type":"ListItem","position":3,"name":"Filorga ncef-intensive s\u00e9rum 30ml"}]},{"@type":"WebSite","@id":"https:\/\/pharmadreams.shop\/#website","url":"https:\/\/pharmadreams.shop\/","name":"pharmadreams","description":"Parapharmacie en ligne","potentialAction":[{"@type":"SearchAction","target":{"@type":"EntryPoint","urlTemplate":"https:\/\/pharmadreams.shop\/?s={search_term_string}"},"query-input":"required name=search_term_string"}],"inLanguage":"fr-FR"}]}},"_links":{"self":[{"href":"https:\/\/pharmadreams.shop\/index.php\/wp-json\/wp\/v2\/product\/16611","targetHints":{"allow":["GET"]}}],"collection":[{"href":"https:\/\/pharmadreams.shop\/index.php\/wp-json\/wp\/v2\/product"}],"about":[{"href":"https:\/\/pharmadreams.shop\/index.php\/wp-json\/wp\/v2\/types\/product"}],"replies":[{"embeddable":true,"href":"https:\/\/pharmadreams.shop\/index.php\/wp-json\/wp\/v2\/comments?post=16611"}],"version-history":[{"count":0,"href":"https:\/\/pharmadreams.shop\/index.php\/wp-json\/wp\/v2\/product\/16611\/revisions"}],"wp:featuredmedia":[{"embeddable":true,"href":"https:\/\/pharmadreams.shop\/index.php\/wp-json\/wp\/v2\/media\/16670"}],"wp:attachment":[{"href":"https:\/\/pharmadreams.shop\/index.php\/wp-json\/wp\/v2\/media?parent=16611"}],"wp:term":[{"taxonomy":"product_brand","embeddable":true,"href":"https:\/\/pharmadreams.shop\/index.php\/wp-json\/wp\/v2\/product_brand?post=16611"},{"taxonomy":"product_cat","embeddable":true,"href":"https:\/\/pharmadreams.shop\/index.php\/wp-json\/wp\/v2\/product_cat?post=16611"},{"taxonomy":"product_tag","embeddable":true,"href":"https:\/\/pharmadreams.shop\/index.php\/wp-json\/wp\/v2\/product_tag?post=16611"}],"curies":[{"name":"wp","href":"https:\/\/api.w.org\/{rel}","templated":true}]}}