{"id":16612,"date":"2023-12-19T19:36:28","date_gmt":"2023-12-19T18:36:28","guid":{"rendered":"https:\/\/venuspara.com\/?post_type=product&#038;p=16612"},"modified":"2023-12-19T19:37:01","modified_gmt":"2023-12-19T18:37:01","slug":"clermine-creme-eclaircissante-30g","status":"publish","type":"product","link":"https:\/\/pharmadreams.shop\/index.php\/product\/clermine-creme-eclaircissante-30g\/","title":{"rendered":"clermine cr\u00e8me \u00e9claircissante, 30g"},"content":{"rendered":"","protected":false},"excerpt":{"rendered":"<p>Clermine cr\u00e8me r\u00e9novatrice et \u00e9claircissante qui combat les hyperpigmentations inesth\u00e9tiques aquises.<\/p>\n<p><strong>Double action:<\/strong><br \/>\n-L&rsquo;actif r\u00e9novateur favorise le renouvellement cellulaire et facilite ainsi la diffusion de l&rsquo;actif d\u00e9pigmentant dans les taches d&rsquo;hyperpigmentations.<br \/>\n-L&rsquo;actif d\u00e9pigmentant, gr\u00e0ce \u00e0 cette meilleure diffusion, freine de fa\u00e7on plus efficace la formation du pigment m\u00e9lanique par inhalation de la tyrosinase.<\/p>\n<p><strong>INDICATION:<\/strong><\/p>\n<p>taches brunes; taches de photosensibilisation; hyper pigmenatations cicatricielles; masque de grossesse.<\/p>\n","protected":false},"featured_media":16672,"comment_status":"open","ping_status":"closed","template":"","meta":[],"product_brand":[],"product_cat":[90],"product_tag":[],"class_list":{"0":"post-16612","1":"product","2":"type-product","3":"status-publish","4":"has-post-thumbnail","6":"product_cat-anti-tache","8":"first","9":"instock","10":"shipping-taxable","11":"purchasable","12":"product-type-simple"},"yoast_head":"<!-- This site is optimized with the Yoast SEO plugin v23.0 - https:\/\/yoast.com\/wordpress\/plugins\/seo\/ -->\n<title>clermine cr\u00e8me \u00e9claircissante, 30g - pharmadreams<\/title>\n<meta name=\"robots\" content=\"index, follow, max-snippet:-1, max-image-preview:large, max-video-preview:-1\" \/>\n<link rel=\"canonical\" href=\"https:\/\/pharmadreams.shop\/index.php\/product\/clermine-creme-eclaircissante-30g\/\" \/>\n<meta property=\"og:locale\" content=\"fr_FR\" \/>\n<meta property=\"og:type\" content=\"article\" \/>\n<meta property=\"og:title\" content=\"clermine cr\u00e8me \u00e9claircissante, 30g - pharmadreams\" \/>\n<meta property=\"og:description\" content=\"Clermine cr\u00e8me r\u00e9novatrice et \u00e9claircissante qui combat les hyperpigmentations inesth\u00e9tiques aquises.  Double action: -L&#039;actif r\u00e9novateur favorise le renouvellement cellulaire et facilite ainsi la diffusion de l&#039;actif d\u00e9pigmentant dans les taches d&#039;hyperpigmentations. -L&#039;actif d\u00e9pigmentant, gr\u00e0ce \u00e0 cette meilleure diffusion, freine de fa\u00e7on plus efficace la formation du pigment m\u00e9lanique par inhalation de la tyrosinase.  INDICATION:  taches brunes; taches de photosensibilisation; hyper pigmenatations cicatricielles; masque de grossesse.\" \/>\n<meta property=\"og:url\" content=\"https:\/\/pharmadreams.shop\/index.php\/product\/clermine-creme-eclaircissante-30g\/\" \/>\n<meta property=\"og:site_name\" content=\"pharmadreams\" \/>\n<meta property=\"article:modified_time\" content=\"2023-12-19T18:37:01+00:00\" \/>\n<meta property=\"og:image\" content=\"https:\/\/pharmadreams.shop\/wp-content\/uploads\/2023\/12\/dermosoins.png\" \/>\n\t<meta property=\"og:image:width\" content=\"614\" \/>\n\t<meta property=\"og:image:height\" content=\"689\" \/>\n\t<meta property=\"og:image:type\" content=\"image\/png\" \/>\n<meta name=\"twitter:card\" content=\"summary_large_image\" \/>\n<script type=\"application\/ld+json\" class=\"yoast-schema-graph\">{\"@context\":\"https:\/\/schema.org\",\"@graph\":[{\"@type\":\"WebPage\",\"@id\":\"https:\/\/pharmadreams.shop\/index.php\/product\/clermine-creme-eclaircissante-30g\/\",\"url\":\"https:\/\/pharmadreams.shop\/index.php\/product\/clermine-creme-eclaircissante-30g\/\",\"name\":\"clermine cr\u00e8me \u00e9claircissante, 30g - pharmadreams\",\"isPartOf\":{\"@id\":\"https:\/\/pharmadreams.shop\/#website\"},\"primaryImageOfPage\":{\"@id\":\"https:\/\/pharmadreams.shop\/index.php\/product\/clermine-creme-eclaircissante-30g\/#primaryimage\"},\"image\":{\"@id\":\"https:\/\/pharmadreams.shop\/index.php\/product\/clermine-creme-eclaircissante-30g\/#primaryimage\"},\"thumbnailUrl\":\"https:\/\/pharmadreams.shop\/wp-content\/uploads\/2023\/12\/dermosoins.png\",\"datePublished\":\"2023-12-19T18:36:28+00:00\",\"dateModified\":\"2023-12-19T18:37:01+00:00\",\"breadcrumb\":{\"@id\":\"https:\/\/pharmadreams.shop\/index.php\/product\/clermine-creme-eclaircissante-30g\/#breadcrumb\"},\"inLanguage\":\"fr-FR\",\"potentialAction\":[{\"@type\":\"ReadAction\",\"target\":[\"https:\/\/pharmadreams.shop\/index.php\/product\/clermine-creme-eclaircissante-30g\/\"]}]},{\"@type\":\"ImageObject\",\"inLanguage\":\"fr-FR\",\"@id\":\"https:\/\/pharmadreams.shop\/index.php\/product\/clermine-creme-eclaircissante-30g\/#primaryimage\",\"url\":\"https:\/\/pharmadreams.shop\/wp-content\/uploads\/2023\/12\/dermosoins.png\",\"contentUrl\":\"https:\/\/pharmadreams.shop\/wp-content\/uploads\/2023\/12\/dermosoins.png\",\"width\":614,\"height\":689},{\"@type\":\"BreadcrumbList\",\"@id\":\"https:\/\/pharmadreams.shop\/index.php\/product\/clermine-creme-eclaircissante-30g\/#breadcrumb\",\"itemListElement\":[{\"@type\":\"ListItem\",\"position\":1,\"name\":\"Accueil\",\"item\":\"https:\/\/pharmadreams.shop\/\"},{\"@type\":\"ListItem\",\"position\":2,\"name\":\"Shop\",\"item\":\"https:\/\/pharmadreams.shop\/index.php\/shop\/\"},{\"@type\":\"ListItem\",\"position\":3,\"name\":\"clermine cr\u00e8me \u00e9claircissante, 30g\"}]},{\"@type\":\"WebSite\",\"@id\":\"https:\/\/pharmadreams.shop\/#website\",\"url\":\"https:\/\/pharmadreams.shop\/\",\"name\":\"pharmadreams\",\"description\":\"Parapharmacie en ligne\",\"potentialAction\":[{\"@type\":\"SearchAction\",\"target\":{\"@type\":\"EntryPoint\",\"urlTemplate\":\"https:\/\/pharmadreams.shop\/?s={search_term_string}\"},\"query-input\":\"required name=search_term_string\"}],\"inLanguage\":\"fr-FR\"}]}<\/script>\n<!-- \/ Yoast SEO plugin. -->","yoast_head_json":{"title":"clermine cr\u00e8me \u00e9claircissante, 30g - pharmadreams","robots":{"index":"index","follow":"follow","max-snippet":"max-snippet:-1","max-image-preview":"max-image-preview:large","max-video-preview":"max-video-preview:-1"},"canonical":"https:\/\/pharmadreams.shop\/index.php\/product\/clermine-creme-eclaircissante-30g\/","og_locale":"fr_FR","og_type":"article","og_title":"clermine cr\u00e8me \u00e9claircissante, 30g - pharmadreams","og_description":"Clermine cr\u00e8me r\u00e9novatrice et \u00e9claircissante qui combat les hyperpigmentations inesth\u00e9tiques aquises.  Double action: -L'actif r\u00e9novateur favorise le renouvellement cellulaire et facilite ainsi la diffusion de l'actif d\u00e9pigmentant dans les taches d'hyperpigmentations. -L'actif d\u00e9pigmentant, gr\u00e0ce \u00e0 cette meilleure diffusion, freine de fa\u00e7on plus efficace la formation du pigment m\u00e9lanique par inhalation de la tyrosinase.  INDICATION:  taches brunes; taches de photosensibilisation; hyper pigmenatations cicatricielles; masque de grossesse.","og_url":"https:\/\/pharmadreams.shop\/index.php\/product\/clermine-creme-eclaircissante-30g\/","og_site_name":"pharmadreams","article_modified_time":"2023-12-19T18:37:01+00:00","og_image":[{"width":614,"height":689,"url":"https:\/\/pharmadreams.shop\/wp-content\/uploads\/2023\/12\/dermosoins.png","type":"image\/png"}],"twitter_card":"summary_large_image","schema":{"@context":"https:\/\/schema.org","@graph":[{"@type":"WebPage","@id":"https:\/\/pharmadreams.shop\/index.php\/product\/clermine-creme-eclaircissante-30g\/","url":"https:\/\/pharmadreams.shop\/index.php\/product\/clermine-creme-eclaircissante-30g\/","name":"clermine cr\u00e8me \u00e9claircissante, 30g - pharmadreams","isPartOf":{"@id":"https:\/\/pharmadreams.shop\/#website"},"primaryImageOfPage":{"@id":"https:\/\/pharmadreams.shop\/index.php\/product\/clermine-creme-eclaircissante-30g\/#primaryimage"},"image":{"@id":"https:\/\/pharmadreams.shop\/index.php\/product\/clermine-creme-eclaircissante-30g\/#primaryimage"},"thumbnailUrl":"https:\/\/pharmadreams.shop\/wp-content\/uploads\/2023\/12\/dermosoins.png","datePublished":"2023-12-19T18:36:28+00:00","dateModified":"2023-12-19T18:37:01+00:00","breadcrumb":{"@id":"https:\/\/pharmadreams.shop\/index.php\/product\/clermine-creme-eclaircissante-30g\/#breadcrumb"},"inLanguage":"fr-FR","potentialAction":[{"@type":"ReadAction","target":["https:\/\/pharmadreams.shop\/index.php\/product\/clermine-creme-eclaircissante-30g\/"]}]},{"@type":"ImageObject","inLanguage":"fr-FR","@id":"https:\/\/pharmadreams.shop\/index.php\/product\/clermine-creme-eclaircissante-30g\/#primaryimage","url":"https:\/\/pharmadreams.shop\/wp-content\/uploads\/2023\/12\/dermosoins.png","contentUrl":"https:\/\/pharmadreams.shop\/wp-content\/uploads\/2023\/12\/dermosoins.png","width":614,"height":689},{"@type":"BreadcrumbList","@id":"https:\/\/pharmadreams.shop\/index.php\/product\/clermine-creme-eclaircissante-30g\/#breadcrumb","itemListElement":[{"@type":"ListItem","position":1,"name":"Accueil","item":"https:\/\/pharmadreams.shop\/"},{"@type":"ListItem","position":2,"name":"Shop","item":"https:\/\/pharmadreams.shop\/index.php\/shop\/"},{"@type":"ListItem","position":3,"name":"clermine cr\u00e8me \u00e9claircissante, 30g"}]},{"@type":"WebSite","@id":"https:\/\/pharmadreams.shop\/#website","url":"https:\/\/pharmadreams.shop\/","name":"pharmadreams","description":"Parapharmacie en ligne","potentialAction":[{"@type":"SearchAction","target":{"@type":"EntryPoint","urlTemplate":"https:\/\/pharmadreams.shop\/?s={search_term_string}"},"query-input":"required name=search_term_string"}],"inLanguage":"fr-FR"}]}},"_links":{"self":[{"href":"https:\/\/pharmadreams.shop\/index.php\/wp-json\/wp\/v2\/product\/16612","targetHints":{"allow":["GET"]}}],"collection":[{"href":"https:\/\/pharmadreams.shop\/index.php\/wp-json\/wp\/v2\/product"}],"about":[{"href":"https:\/\/pharmadreams.shop\/index.php\/wp-json\/wp\/v2\/types\/product"}],"replies":[{"embeddable":true,"href":"https:\/\/pharmadreams.shop\/index.php\/wp-json\/wp\/v2\/comments?post=16612"}],"version-history":[{"count":0,"href":"https:\/\/pharmadreams.shop\/index.php\/wp-json\/wp\/v2\/product\/16612\/revisions"}],"wp:featuredmedia":[{"embeddable":true,"href":"https:\/\/pharmadreams.shop\/index.php\/wp-json\/wp\/v2\/media\/16672"}],"wp:attachment":[{"href":"https:\/\/pharmadreams.shop\/index.php\/wp-json\/wp\/v2\/media?parent=16612"}],"wp:term":[{"taxonomy":"product_brand","embeddable":true,"href":"https:\/\/pharmadreams.shop\/index.php\/wp-json\/wp\/v2\/product_brand?post=16612"},{"taxonomy":"product_cat","embeddable":true,"href":"https:\/\/pharmadreams.shop\/index.php\/wp-json\/wp\/v2\/product_cat?post=16612"},{"taxonomy":"product_tag","embeddable":true,"href":"https:\/\/pharmadreams.shop\/index.php\/wp-json\/wp\/v2\/product_tag?post=16612"}],"curies":[{"name":"wp","href":"https:\/\/api.w.org\/{rel}","templated":true}]}}