{"id":16616,"date":"2023-12-19T19:36:28","date_gmt":"2023-12-19T18:36:28","guid":{"rendered":"https:\/\/venuspara.com\/?post_type=product&#038;p=16616"},"modified":"2024-10-31T13:01:28","modified_gmt":"2024-10-31T12:01:28","slug":"fiderma-acnefid-soin-intensif-50ml","status":"publish","type":"product","link":"https:\/\/pharmadreams.shop\/index.php\/product\/fiderma-acnefid-soin-intensif-50ml\/","title":{"rendered":"Fiderma acnefid soin intensif 50ml"},"content":{"rendered":"","protected":false},"excerpt":{"rendered":"<h6>FIDERMA ACNEFID SOIN INTENSIF PEAUX MIXTES \u00c0 GRASSES aide \u00e0 neutraliser tous les facteurs responsables, r\u00e9duit la production excessive de s\u00e9bum, r\u00e9gularise la diff\u00e9rentiation k\u00e9ratinocytaire et contr\u00f4le la prolif\u00e9ration bact\u00e9rienne. Avec un effet exfoliant doux, sa formule \u00e9quilibr\u00e9e assure une parfaite hydratation et apaise les irritations<\/h6>\n","protected":false},"featured_media":16680,"comment_status":"open","ping_status":"closed","template":"","meta":[],"product_brand":[],"product_cat":[162,80],"product_tag":[],"class_list":{"0":"post-16616","1":"product","2":"type-product","3":"status-publish","4":"has-post-thumbnail","6":"product_cat-peaux-mixtes","7":"product_cat-soins","9":"first","10":"instock","11":"shipping-taxable","12":"purchasable","13":"product-type-simple"},"yoast_head":"<!-- This site is optimized with the Yoast SEO plugin v23.0 - https:\/\/yoast.com\/wordpress\/plugins\/seo\/ -->\n<title>Fiderma acnefid soin intensif 50ml - pharmadreams<\/title>\n<meta name=\"robots\" content=\"index, follow, max-snippet:-1, max-image-preview:large, max-video-preview:-1\" \/>\n<link rel=\"canonical\" href=\"https:\/\/pharmadreams.shop\/index.php\/product\/fiderma-acnefid-soin-intensif-50ml\/\" \/>\n<meta property=\"og:locale\" content=\"fr_FR\" \/>\n<meta property=\"og:type\" content=\"article\" \/>\n<meta property=\"og:title\" content=\"Fiderma acnefid soin intensif 50ml - pharmadreams\" \/>\n<meta property=\"og:description\" content=\"FIDERMA ACNEFID SOIN INTENSIF PEAUX MIXTES \u00c0 GRASSES aide \u00e0 neutraliser tous les facteurs responsables, r\u00e9duit la production excessive de s\u00e9bum, r\u00e9gularise la diff\u00e9rentiation k\u00e9ratinocytaire et contr\u00f4le la prolif\u00e9ration bact\u00e9rienne. Avec un effet exfoliant doux, sa formule \u00e9quilibr\u00e9e assure une parfaite hydratation et apaise les irritations\" \/>\n<meta property=\"og:url\" content=\"https:\/\/pharmadreams.shop\/index.php\/product\/fiderma-acnefid-soin-intensif-50ml\/\" \/>\n<meta property=\"og:site_name\" content=\"pharmadreams\" \/>\n<meta property=\"article:modified_time\" content=\"2024-10-31T12:01:28+00:00\" \/>\n<meta property=\"og:image\" content=\"https:\/\/pharmadreams.shop\/wp-content\/uploads\/2023\/12\/fiderma-2.png\" \/>\n\t<meta property=\"og:image:width\" content=\"708\" \/>\n\t<meta property=\"og:image:height\" content=\"796\" \/>\n\t<meta property=\"og:image:type\" content=\"image\/png\" \/>\n<meta name=\"twitter:card\" content=\"summary_large_image\" \/>\n<script type=\"application\/ld+json\" class=\"yoast-schema-graph\">{\"@context\":\"https:\/\/schema.org\",\"@graph\":[{\"@type\":\"WebPage\",\"@id\":\"https:\/\/pharmadreams.shop\/index.php\/product\/fiderma-acnefid-soin-intensif-50ml\/\",\"url\":\"https:\/\/pharmadreams.shop\/index.php\/product\/fiderma-acnefid-soin-intensif-50ml\/\",\"name\":\"Fiderma acnefid soin intensif 50ml - pharmadreams\",\"isPartOf\":{\"@id\":\"https:\/\/pharmadreams.shop\/#website\"},\"primaryImageOfPage\":{\"@id\":\"https:\/\/pharmadreams.shop\/index.php\/product\/fiderma-acnefid-soin-intensif-50ml\/#primaryimage\"},\"image\":{\"@id\":\"https:\/\/pharmadreams.shop\/index.php\/product\/fiderma-acnefid-soin-intensif-50ml\/#primaryimage\"},\"thumbnailUrl\":\"https:\/\/pharmadreams.shop\/wp-content\/uploads\/2023\/12\/fiderma-2.png\",\"datePublished\":\"2023-12-19T18:36:28+00:00\",\"dateModified\":\"2024-10-31T12:01:28+00:00\",\"breadcrumb\":{\"@id\":\"https:\/\/pharmadreams.shop\/index.php\/product\/fiderma-acnefid-soin-intensif-50ml\/#breadcrumb\"},\"inLanguage\":\"fr-FR\",\"potentialAction\":[{\"@type\":\"ReadAction\",\"target\":[\"https:\/\/pharmadreams.shop\/index.php\/product\/fiderma-acnefid-soin-intensif-50ml\/\"]}]},{\"@type\":\"ImageObject\",\"inLanguage\":\"fr-FR\",\"@id\":\"https:\/\/pharmadreams.shop\/index.php\/product\/fiderma-acnefid-soin-intensif-50ml\/#primaryimage\",\"url\":\"https:\/\/pharmadreams.shop\/wp-content\/uploads\/2023\/12\/fiderma-2.png\",\"contentUrl\":\"https:\/\/pharmadreams.shop\/wp-content\/uploads\/2023\/12\/fiderma-2.png\",\"width\":708,\"height\":796},{\"@type\":\"BreadcrumbList\",\"@id\":\"https:\/\/pharmadreams.shop\/index.php\/product\/fiderma-acnefid-soin-intensif-50ml\/#breadcrumb\",\"itemListElement\":[{\"@type\":\"ListItem\",\"position\":1,\"name\":\"Accueil\",\"item\":\"https:\/\/pharmadreams.shop\/\"},{\"@type\":\"ListItem\",\"position\":2,\"name\":\"Shop\",\"item\":\"https:\/\/pharmadreams.shop\/index.php\/shop\/\"},{\"@type\":\"ListItem\",\"position\":3,\"name\":\"Fiderma acnefid soin intensif 50ml\"}]},{\"@type\":\"WebSite\",\"@id\":\"https:\/\/pharmadreams.shop\/#website\",\"url\":\"https:\/\/pharmadreams.shop\/\",\"name\":\"pharmadreams\",\"description\":\"Parapharmacie en ligne\",\"potentialAction\":[{\"@type\":\"SearchAction\",\"target\":{\"@type\":\"EntryPoint\",\"urlTemplate\":\"https:\/\/pharmadreams.shop\/?s={search_term_string}\"},\"query-input\":\"required name=search_term_string\"}],\"inLanguage\":\"fr-FR\"}]}<\/script>\n<!-- \/ Yoast SEO plugin. -->","yoast_head_json":{"title":"Fiderma acnefid soin intensif 50ml - pharmadreams","robots":{"index":"index","follow":"follow","max-snippet":"max-snippet:-1","max-image-preview":"max-image-preview:large","max-video-preview":"max-video-preview:-1"},"canonical":"https:\/\/pharmadreams.shop\/index.php\/product\/fiderma-acnefid-soin-intensif-50ml\/","og_locale":"fr_FR","og_type":"article","og_title":"Fiderma acnefid soin intensif 50ml - pharmadreams","og_description":"FIDERMA ACNEFID SOIN INTENSIF PEAUX MIXTES \u00c0 GRASSES aide \u00e0 neutraliser tous les facteurs responsables, r\u00e9duit la production excessive de s\u00e9bum, r\u00e9gularise la diff\u00e9rentiation k\u00e9ratinocytaire et contr\u00f4le la prolif\u00e9ration bact\u00e9rienne. Avec un effet exfoliant doux, sa formule \u00e9quilibr\u00e9e assure une parfaite hydratation et apaise les irritations","og_url":"https:\/\/pharmadreams.shop\/index.php\/product\/fiderma-acnefid-soin-intensif-50ml\/","og_site_name":"pharmadreams","article_modified_time":"2024-10-31T12:01:28+00:00","og_image":[{"width":708,"height":796,"url":"https:\/\/pharmadreams.shop\/wp-content\/uploads\/2023\/12\/fiderma-2.png","type":"image\/png"}],"twitter_card":"summary_large_image","schema":{"@context":"https:\/\/schema.org","@graph":[{"@type":"WebPage","@id":"https:\/\/pharmadreams.shop\/index.php\/product\/fiderma-acnefid-soin-intensif-50ml\/","url":"https:\/\/pharmadreams.shop\/index.php\/product\/fiderma-acnefid-soin-intensif-50ml\/","name":"Fiderma acnefid soin intensif 50ml - pharmadreams","isPartOf":{"@id":"https:\/\/pharmadreams.shop\/#website"},"primaryImageOfPage":{"@id":"https:\/\/pharmadreams.shop\/index.php\/product\/fiderma-acnefid-soin-intensif-50ml\/#primaryimage"},"image":{"@id":"https:\/\/pharmadreams.shop\/index.php\/product\/fiderma-acnefid-soin-intensif-50ml\/#primaryimage"},"thumbnailUrl":"https:\/\/pharmadreams.shop\/wp-content\/uploads\/2023\/12\/fiderma-2.png","datePublished":"2023-12-19T18:36:28+00:00","dateModified":"2024-10-31T12:01:28+00:00","breadcrumb":{"@id":"https:\/\/pharmadreams.shop\/index.php\/product\/fiderma-acnefid-soin-intensif-50ml\/#breadcrumb"},"inLanguage":"fr-FR","potentialAction":[{"@type":"ReadAction","target":["https:\/\/pharmadreams.shop\/index.php\/product\/fiderma-acnefid-soin-intensif-50ml\/"]}]},{"@type":"ImageObject","inLanguage":"fr-FR","@id":"https:\/\/pharmadreams.shop\/index.php\/product\/fiderma-acnefid-soin-intensif-50ml\/#primaryimage","url":"https:\/\/pharmadreams.shop\/wp-content\/uploads\/2023\/12\/fiderma-2.png","contentUrl":"https:\/\/pharmadreams.shop\/wp-content\/uploads\/2023\/12\/fiderma-2.png","width":708,"height":796},{"@type":"BreadcrumbList","@id":"https:\/\/pharmadreams.shop\/index.php\/product\/fiderma-acnefid-soin-intensif-50ml\/#breadcrumb","itemListElement":[{"@type":"ListItem","position":1,"name":"Accueil","item":"https:\/\/pharmadreams.shop\/"},{"@type":"ListItem","position":2,"name":"Shop","item":"https:\/\/pharmadreams.shop\/index.php\/shop\/"},{"@type":"ListItem","position":3,"name":"Fiderma acnefid soin intensif 50ml"}]},{"@type":"WebSite","@id":"https:\/\/pharmadreams.shop\/#website","url":"https:\/\/pharmadreams.shop\/","name":"pharmadreams","description":"Parapharmacie en ligne","potentialAction":[{"@type":"SearchAction","target":{"@type":"EntryPoint","urlTemplate":"https:\/\/pharmadreams.shop\/?s={search_term_string}"},"query-input":"required name=search_term_string"}],"inLanguage":"fr-FR"}]}},"_links":{"self":[{"href":"https:\/\/pharmadreams.shop\/index.php\/wp-json\/wp\/v2\/product\/16616","targetHints":{"allow":["GET"]}}],"collection":[{"href":"https:\/\/pharmadreams.shop\/index.php\/wp-json\/wp\/v2\/product"}],"about":[{"href":"https:\/\/pharmadreams.shop\/index.php\/wp-json\/wp\/v2\/types\/product"}],"replies":[{"embeddable":true,"href":"https:\/\/pharmadreams.shop\/index.php\/wp-json\/wp\/v2\/comments?post=16616"}],"version-history":[{"count":0,"href":"https:\/\/pharmadreams.shop\/index.php\/wp-json\/wp\/v2\/product\/16616\/revisions"}],"wp:featuredmedia":[{"embeddable":true,"href":"https:\/\/pharmadreams.shop\/index.php\/wp-json\/wp\/v2\/media\/16680"}],"wp:attachment":[{"href":"https:\/\/pharmadreams.shop\/index.php\/wp-json\/wp\/v2\/media?parent=16616"}],"wp:term":[{"taxonomy":"product_brand","embeddable":true,"href":"https:\/\/pharmadreams.shop\/index.php\/wp-json\/wp\/v2\/product_brand?post=16616"},{"taxonomy":"product_cat","embeddable":true,"href":"https:\/\/pharmadreams.shop\/index.php\/wp-json\/wp\/v2\/product_cat?post=16616"},{"taxonomy":"product_tag","embeddable":true,"href":"https:\/\/pharmadreams.shop\/index.php\/wp-json\/wp\/v2\/product_tag?post=16616"}],"curies":[{"name":"wp","href":"https:\/\/api.w.org\/{rel}","templated":true}]}}