{"id":16656,"date":"2023-12-19T19:36:51","date_gmt":"2023-12-19T18:36:51","guid":{"rendered":"https:\/\/venuspara.com\/?post_type=product&#038;p=16656"},"modified":"2023-12-19T19:37:34","modified_gmt":"2023-12-19T18:37:34","slug":"pure-fleur-spray-neroli-dolce-150ml-iap-pharma","status":"publish","type":"product","link":"https:\/\/pharmadreams.shop\/index.php\/product\/pure-fleur-spray-neroli-dolce-150ml-iap-pharma\/","title":{"rendered":"Pure fleur spray N\u00e9roli Dolce &#8211; 150ml &#8211; IAP Pharma"},"content":{"rendered":"","protected":false},"excerpt":{"rendered":"<p><b>Iap Pharma Pure Fleur N\u00e9roli Dolce 150ml\u00a0<\/b>c&rsquo;est une eau de cologne de la marque Iap Pharma et qui fait partie de sa collection florale ou Pure Fleur. La marque qui d\u00e9veloppe ces produits, con\u00e7oit des parfums et des fragrances auteur depuis 2014 et est actuellement bien positionn\u00e9e dans son domaine gr\u00e2ce \u00e0 la haute qualit\u00e9 de son produit ainsi qu&rsquo;\u00e0 son abordabilit\u00e9.<\/p>\n","protected":false},"featured_media":16727,"comment_status":"open","ping_status":"closed","template":"","meta":[],"product_brand":[],"product_cat":[188,88],"product_tag":[189,190],"class_list":{"0":"post-16656","1":"product","2":"type-product","3":"status-publish","4":"has-post-thumbnail","6":"product_cat-beaute-et-hygiene","7":"product_cat-parfum","8":"product_tag-beaute-et-hygiene","9":"product_tag-parfum","11":"first","12":"instock","13":"shipping-taxable","14":"purchasable","15":"product-type-simple"},"yoast_head":"<!-- This site is optimized with the Yoast SEO plugin v23.0 - https:\/\/yoast.com\/wordpress\/plugins\/seo\/ -->\n<title>Pure fleur spray N\u00e9roli Dolce - 150ml - IAP Pharma - pharmadreams<\/title>\n<meta name=\"robots\" content=\"index, follow, max-snippet:-1, max-image-preview:large, max-video-preview:-1\" \/>\n<link rel=\"canonical\" href=\"https:\/\/pharmadreams.shop\/index.php\/product\/pure-fleur-spray-neroli-dolce-150ml-iap-pharma\/\" \/>\n<meta property=\"og:locale\" content=\"fr_FR\" \/>\n<meta property=\"og:type\" content=\"article\" \/>\n<meta property=\"og:title\" content=\"Pure fleur spray N\u00e9roli Dolce - 150ml - IAP Pharma - pharmadreams\" \/>\n<meta property=\"og:description\" content=\"Iap Pharma Pure Fleur N\u00e9roli Dolce 150ml\u00a0c&#039;est une eau de cologne de la marque Iap Pharma et qui fait partie de sa collection florale ou Pure Fleur. La marque qui d\u00e9veloppe ces produits, con\u00e7oit des parfums et des fragrances auteur depuis 2014 et est actuellement bien positionn\u00e9e dans son domaine gr\u00e2ce \u00e0 la haute qualit\u00e9 de son produit ainsi qu&#039;\u00e0 son abordabilit\u00e9.\" \/>\n<meta property=\"og:url\" content=\"https:\/\/pharmadreams.shop\/index.php\/product\/pure-fleur-spray-neroli-dolce-150ml-iap-pharma\/\" \/>\n<meta property=\"og:site_name\" content=\"pharmadreams\" \/>\n<meta property=\"article:modified_time\" content=\"2023-12-19T18:37:34+00:00\" \/>\n<meta property=\"og:image\" content=\"https:\/\/pharmadreams.shop\/wp-content\/uploads\/2023\/12\/Pure-fleur-spray-Neroli-Dolce-150ml-IAP-Pharma-parfum.jpg\" \/>\n\t<meta property=\"og:image:width\" content=\"800\" \/>\n\t<meta property=\"og:image:height\" content=\"800\" \/>\n\t<meta property=\"og:image:type\" content=\"image\/jpeg\" \/>\n<meta name=\"twitter:card\" content=\"summary_large_image\" \/>\n<script type=\"application\/ld+json\" class=\"yoast-schema-graph\">{\"@context\":\"https:\/\/schema.org\",\"@graph\":[{\"@type\":\"WebPage\",\"@id\":\"https:\/\/pharmadreams.shop\/index.php\/product\/pure-fleur-spray-neroli-dolce-150ml-iap-pharma\/\",\"url\":\"https:\/\/pharmadreams.shop\/index.php\/product\/pure-fleur-spray-neroli-dolce-150ml-iap-pharma\/\",\"name\":\"Pure fleur spray N\u00e9roli Dolce - 150ml - IAP Pharma - pharmadreams\",\"isPartOf\":{\"@id\":\"https:\/\/pharmadreams.shop\/#website\"},\"primaryImageOfPage\":{\"@id\":\"https:\/\/pharmadreams.shop\/index.php\/product\/pure-fleur-spray-neroli-dolce-150ml-iap-pharma\/#primaryimage\"},\"image\":{\"@id\":\"https:\/\/pharmadreams.shop\/index.php\/product\/pure-fleur-spray-neroli-dolce-150ml-iap-pharma\/#primaryimage\"},\"thumbnailUrl\":\"https:\/\/pharmadreams.shop\/wp-content\/uploads\/2023\/12\/Pure-fleur-spray-Neroli-Dolce-150ml-IAP-Pharma-parfum.jpg\",\"datePublished\":\"2023-12-19T18:36:51+00:00\",\"dateModified\":\"2023-12-19T18:37:34+00:00\",\"breadcrumb\":{\"@id\":\"https:\/\/pharmadreams.shop\/index.php\/product\/pure-fleur-spray-neroli-dolce-150ml-iap-pharma\/#breadcrumb\"},\"inLanguage\":\"fr-FR\",\"potentialAction\":[{\"@type\":\"ReadAction\",\"target\":[\"https:\/\/pharmadreams.shop\/index.php\/product\/pure-fleur-spray-neroli-dolce-150ml-iap-pharma\/\"]}]},{\"@type\":\"ImageObject\",\"inLanguage\":\"fr-FR\",\"@id\":\"https:\/\/pharmadreams.shop\/index.php\/product\/pure-fleur-spray-neroli-dolce-150ml-iap-pharma\/#primaryimage\",\"url\":\"https:\/\/pharmadreams.shop\/wp-content\/uploads\/2023\/12\/Pure-fleur-spray-Neroli-Dolce-150ml-IAP-Pharma-parfum.jpg\",\"contentUrl\":\"https:\/\/pharmadreams.shop\/wp-content\/uploads\/2023\/12\/Pure-fleur-spray-Neroli-Dolce-150ml-IAP-Pharma-parfum.jpg\",\"width\":800,\"height\":800},{\"@type\":\"BreadcrumbList\",\"@id\":\"https:\/\/pharmadreams.shop\/index.php\/product\/pure-fleur-spray-neroli-dolce-150ml-iap-pharma\/#breadcrumb\",\"itemListElement\":[{\"@type\":\"ListItem\",\"position\":1,\"name\":\"Accueil\",\"item\":\"https:\/\/pharmadreams.shop\/\"},{\"@type\":\"ListItem\",\"position\":2,\"name\":\"Shop\",\"item\":\"https:\/\/pharmadreams.shop\/index.php\/shop\/\"},{\"@type\":\"ListItem\",\"position\":3,\"name\":\"Pure fleur spray N\u00e9roli Dolce &#8211; 150ml &#8211; IAP Pharma\"}]},{\"@type\":\"WebSite\",\"@id\":\"https:\/\/pharmadreams.shop\/#website\",\"url\":\"https:\/\/pharmadreams.shop\/\",\"name\":\"pharmadreams\",\"description\":\"Parapharmacie en ligne\",\"potentialAction\":[{\"@type\":\"SearchAction\",\"target\":{\"@type\":\"EntryPoint\",\"urlTemplate\":\"https:\/\/pharmadreams.shop\/?s={search_term_string}\"},\"query-input\":\"required name=search_term_string\"}],\"inLanguage\":\"fr-FR\"}]}<\/script>\n<!-- \/ Yoast SEO plugin. -->","yoast_head_json":{"title":"Pure fleur spray N\u00e9roli Dolce - 150ml - IAP Pharma - pharmadreams","robots":{"index":"index","follow":"follow","max-snippet":"max-snippet:-1","max-image-preview":"max-image-preview:large","max-video-preview":"max-video-preview:-1"},"canonical":"https:\/\/pharmadreams.shop\/index.php\/product\/pure-fleur-spray-neroli-dolce-150ml-iap-pharma\/","og_locale":"fr_FR","og_type":"article","og_title":"Pure fleur spray N\u00e9roli Dolce - 150ml - IAP Pharma - pharmadreams","og_description":"Iap Pharma Pure Fleur N\u00e9roli Dolce 150ml\u00a0c'est une eau de cologne de la marque Iap Pharma et qui fait partie de sa collection florale ou Pure Fleur. La marque qui d\u00e9veloppe ces produits, con\u00e7oit des parfums et des fragrances auteur depuis 2014 et est actuellement bien positionn\u00e9e dans son domaine gr\u00e2ce \u00e0 la haute qualit\u00e9 de son produit ainsi qu'\u00e0 son abordabilit\u00e9.","og_url":"https:\/\/pharmadreams.shop\/index.php\/product\/pure-fleur-spray-neroli-dolce-150ml-iap-pharma\/","og_site_name":"pharmadreams","article_modified_time":"2023-12-19T18:37:34+00:00","og_image":[{"width":800,"height":800,"url":"https:\/\/pharmadreams.shop\/wp-content\/uploads\/2023\/12\/Pure-fleur-spray-Neroli-Dolce-150ml-IAP-Pharma-parfum.jpg","type":"image\/jpeg"}],"twitter_card":"summary_large_image","schema":{"@context":"https:\/\/schema.org","@graph":[{"@type":"WebPage","@id":"https:\/\/pharmadreams.shop\/index.php\/product\/pure-fleur-spray-neroli-dolce-150ml-iap-pharma\/","url":"https:\/\/pharmadreams.shop\/index.php\/product\/pure-fleur-spray-neroli-dolce-150ml-iap-pharma\/","name":"Pure fleur spray N\u00e9roli Dolce - 150ml - IAP Pharma - pharmadreams","isPartOf":{"@id":"https:\/\/pharmadreams.shop\/#website"},"primaryImageOfPage":{"@id":"https:\/\/pharmadreams.shop\/index.php\/product\/pure-fleur-spray-neroli-dolce-150ml-iap-pharma\/#primaryimage"},"image":{"@id":"https:\/\/pharmadreams.shop\/index.php\/product\/pure-fleur-spray-neroli-dolce-150ml-iap-pharma\/#primaryimage"},"thumbnailUrl":"https:\/\/pharmadreams.shop\/wp-content\/uploads\/2023\/12\/Pure-fleur-spray-Neroli-Dolce-150ml-IAP-Pharma-parfum.jpg","datePublished":"2023-12-19T18:36:51+00:00","dateModified":"2023-12-19T18:37:34+00:00","breadcrumb":{"@id":"https:\/\/pharmadreams.shop\/index.php\/product\/pure-fleur-spray-neroli-dolce-150ml-iap-pharma\/#breadcrumb"},"inLanguage":"fr-FR","potentialAction":[{"@type":"ReadAction","target":["https:\/\/pharmadreams.shop\/index.php\/product\/pure-fleur-spray-neroli-dolce-150ml-iap-pharma\/"]}]},{"@type":"ImageObject","inLanguage":"fr-FR","@id":"https:\/\/pharmadreams.shop\/index.php\/product\/pure-fleur-spray-neroli-dolce-150ml-iap-pharma\/#primaryimage","url":"https:\/\/pharmadreams.shop\/wp-content\/uploads\/2023\/12\/Pure-fleur-spray-Neroli-Dolce-150ml-IAP-Pharma-parfum.jpg","contentUrl":"https:\/\/pharmadreams.shop\/wp-content\/uploads\/2023\/12\/Pure-fleur-spray-Neroli-Dolce-150ml-IAP-Pharma-parfum.jpg","width":800,"height":800},{"@type":"BreadcrumbList","@id":"https:\/\/pharmadreams.shop\/index.php\/product\/pure-fleur-spray-neroli-dolce-150ml-iap-pharma\/#breadcrumb","itemListElement":[{"@type":"ListItem","position":1,"name":"Accueil","item":"https:\/\/pharmadreams.shop\/"},{"@type":"ListItem","position":2,"name":"Shop","item":"https:\/\/pharmadreams.shop\/index.php\/shop\/"},{"@type":"ListItem","position":3,"name":"Pure fleur spray N\u00e9roli Dolce &#8211; 150ml &#8211; IAP Pharma"}]},{"@type":"WebSite","@id":"https:\/\/pharmadreams.shop\/#website","url":"https:\/\/pharmadreams.shop\/","name":"pharmadreams","description":"Parapharmacie en ligne","potentialAction":[{"@type":"SearchAction","target":{"@type":"EntryPoint","urlTemplate":"https:\/\/pharmadreams.shop\/?s={search_term_string}"},"query-input":"required name=search_term_string"}],"inLanguage":"fr-FR"}]}},"_links":{"self":[{"href":"https:\/\/pharmadreams.shop\/index.php\/wp-json\/wp\/v2\/product\/16656","targetHints":{"allow":["GET"]}}],"collection":[{"href":"https:\/\/pharmadreams.shop\/index.php\/wp-json\/wp\/v2\/product"}],"about":[{"href":"https:\/\/pharmadreams.shop\/index.php\/wp-json\/wp\/v2\/types\/product"}],"replies":[{"embeddable":true,"href":"https:\/\/pharmadreams.shop\/index.php\/wp-json\/wp\/v2\/comments?post=16656"}],"version-history":[{"count":0,"href":"https:\/\/pharmadreams.shop\/index.php\/wp-json\/wp\/v2\/product\/16656\/revisions"}],"wp:featuredmedia":[{"embeddable":true,"href":"https:\/\/pharmadreams.shop\/index.php\/wp-json\/wp\/v2\/media\/16727"}],"wp:attachment":[{"href":"https:\/\/pharmadreams.shop\/index.php\/wp-json\/wp\/v2\/media?parent=16656"}],"wp:term":[{"taxonomy":"product_brand","embeddable":true,"href":"https:\/\/pharmadreams.shop\/index.php\/wp-json\/wp\/v2\/product_brand?post=16656"},{"taxonomy":"product_cat","embeddable":true,"href":"https:\/\/pharmadreams.shop\/index.php\/wp-json\/wp\/v2\/product_cat?post=16656"},{"taxonomy":"product_tag","embeddable":true,"href":"https:\/\/pharmadreams.shop\/index.php\/wp-json\/wp\/v2\/product_tag?post=16656"}],"curies":[{"name":"wp","href":"https:\/\/api.w.org\/{rel}","templated":true}]}}