{"id":16657,"date":"2023-12-19T19:36:51","date_gmt":"2023-12-19T18:36:51","guid":{"rendered":"https:\/\/venuspara.com\/?post_type=product&#038;p=16657"},"modified":"2023-12-19T19:37:35","modified_gmt":"2023-12-19T18:37:35","slug":"make-me-soft-mousse-net-150-ml-lirene","status":"publish","type":"product","link":"https:\/\/pharmadreams.shop\/index.php\/product\/make-me-soft-mousse-net-150-ml-lirene\/","title":{"rendered":"Make me soft mousse net &#8211; 150 ml &#8211; Lirene"},"content":{"rendered":"","protected":false},"excerpt":{"rendered":"<p><strong>Lirene mousse net make me soft<\/strong> est un produit qui <strong>nettoie la peau<\/strong> sans la dess\u00e9cher, renforce son microbiome naturel ce qui assure une protection de l\u2019\u00e9piderme contre les agressions de l\u2019ext\u00e9rieur. Il hydrate bien la peau et <strong>am\u00e9liore son l&rsquo;\u00e9lasticit\u00e9<\/strong>. Offrez \u00e0 votre peau un nettoyage efficace.<\/p>\n","protected":false},"featured_media":16729,"comment_status":"open","ping_status":"closed","template":"","meta":[],"product_brand":[],"product_cat":[98,191,95,20],"product_tag":[182,192,176,179],"class_list":{"0":"post-16657","1":"product","2":"type-product","3":"status-publish","4":"has-post-thumbnail","6":"product_cat-hydratation","7":"product_cat-nettoyant-et-demaquillant","8":"product_cat-skin-care","9":"product_cat-visage","10":"product_tag-hydratation","11":"product_tag-nettoyant-et-demaquillant","12":"product_tag-skin-care","13":"product_tag-visage","15":"first","16":"instock","17":"shipping-taxable","18":"purchasable","19":"product-type-simple"},"yoast_head":"<!-- This site is optimized with the Yoast SEO plugin v23.0 - https:\/\/yoast.com\/wordpress\/plugins\/seo\/ -->\n<title>Make me soft mousse net - 150 ml - Lirene - pharmadreams<\/title>\n<meta name=\"robots\" content=\"index, follow, max-snippet:-1, max-image-preview:large, max-video-preview:-1\" \/>\n<link rel=\"canonical\" href=\"https:\/\/pharmadreams.shop\/index.php\/product\/make-me-soft-mousse-net-150-ml-lirene\/\" \/>\n<meta property=\"og:locale\" content=\"fr_FR\" \/>\n<meta property=\"og:type\" content=\"article\" \/>\n<meta property=\"og:title\" content=\"Make me soft mousse net - 150 ml - Lirene - pharmadreams\" \/>\n<meta property=\"og:description\" content=\"Lirene mousse net make me soft est un produit qui nettoie la peau sans la dess\u00e9cher, renforce son microbiome naturel ce qui assure une protection de l\u2019\u00e9piderme contre les agressions de l\u2019ext\u00e9rieur. Il hydrate bien la peau et am\u00e9liore son l&#039;\u00e9lasticit\u00e9. Offrez \u00e0 votre peau un nettoyage efficace.\" \/>\n<meta property=\"og:url\" content=\"https:\/\/pharmadreams.shop\/index.php\/product\/make-me-soft-mousse-net-150-ml-lirene\/\" \/>\n<meta property=\"og:site_name\" content=\"pharmadreams\" \/>\n<meta property=\"article:modified_time\" content=\"2023-12-19T18:37:35+00:00\" \/>\n<meta property=\"og:image\" content=\"https:\/\/pharmadreams.shop\/wp-content\/uploads\/2023\/12\/Mousse-nettoyante-make-me-soft-lirene-150ml-hydratant.jpg\" \/>\n\t<meta property=\"og:image:width\" content=\"600\" \/>\n\t<meta property=\"og:image:height\" content=\"727\" \/>\n\t<meta property=\"og:image:type\" content=\"image\/jpeg\" \/>\n<meta name=\"twitter:card\" content=\"summary_large_image\" \/>\n<script type=\"application\/ld+json\" class=\"yoast-schema-graph\">{\"@context\":\"https:\/\/schema.org\",\"@graph\":[{\"@type\":\"WebPage\",\"@id\":\"https:\/\/pharmadreams.shop\/index.php\/product\/make-me-soft-mousse-net-150-ml-lirene\/\",\"url\":\"https:\/\/pharmadreams.shop\/index.php\/product\/make-me-soft-mousse-net-150-ml-lirene\/\",\"name\":\"Make me soft mousse net - 150 ml - Lirene - pharmadreams\",\"isPartOf\":{\"@id\":\"https:\/\/pharmadreams.shop\/#website\"},\"primaryImageOfPage\":{\"@id\":\"https:\/\/pharmadreams.shop\/index.php\/product\/make-me-soft-mousse-net-150-ml-lirene\/#primaryimage\"},\"image\":{\"@id\":\"https:\/\/pharmadreams.shop\/index.php\/product\/make-me-soft-mousse-net-150-ml-lirene\/#primaryimage\"},\"thumbnailUrl\":\"https:\/\/pharmadreams.shop\/wp-content\/uploads\/2023\/12\/Mousse-nettoyante-make-me-soft-lirene-150ml-hydratant.jpg\",\"datePublished\":\"2023-12-19T18:36:51+00:00\",\"dateModified\":\"2023-12-19T18:37:35+00:00\",\"breadcrumb\":{\"@id\":\"https:\/\/pharmadreams.shop\/index.php\/product\/make-me-soft-mousse-net-150-ml-lirene\/#breadcrumb\"},\"inLanguage\":\"fr-FR\",\"potentialAction\":[{\"@type\":\"ReadAction\",\"target\":[\"https:\/\/pharmadreams.shop\/index.php\/product\/make-me-soft-mousse-net-150-ml-lirene\/\"]}]},{\"@type\":\"ImageObject\",\"inLanguage\":\"fr-FR\",\"@id\":\"https:\/\/pharmadreams.shop\/index.php\/product\/make-me-soft-mousse-net-150-ml-lirene\/#primaryimage\",\"url\":\"https:\/\/pharmadreams.shop\/wp-content\/uploads\/2023\/12\/Mousse-nettoyante-make-me-soft-lirene-150ml-hydratant.jpg\",\"contentUrl\":\"https:\/\/pharmadreams.shop\/wp-content\/uploads\/2023\/12\/Mousse-nettoyante-make-me-soft-lirene-150ml-hydratant.jpg\",\"width\":600,\"height\":727},{\"@type\":\"BreadcrumbList\",\"@id\":\"https:\/\/pharmadreams.shop\/index.php\/product\/make-me-soft-mousse-net-150-ml-lirene\/#breadcrumb\",\"itemListElement\":[{\"@type\":\"ListItem\",\"position\":1,\"name\":\"Accueil\",\"item\":\"https:\/\/pharmadreams.shop\/\"},{\"@type\":\"ListItem\",\"position\":2,\"name\":\"Shop\",\"item\":\"https:\/\/pharmadreams.shop\/index.php\/shop\/\"},{\"@type\":\"ListItem\",\"position\":3,\"name\":\"Make me soft mousse net &#8211; 150 ml &#8211; Lirene\"}]},{\"@type\":\"WebSite\",\"@id\":\"https:\/\/pharmadreams.shop\/#website\",\"url\":\"https:\/\/pharmadreams.shop\/\",\"name\":\"pharmadreams\",\"description\":\"Parapharmacie en ligne\",\"potentialAction\":[{\"@type\":\"SearchAction\",\"target\":{\"@type\":\"EntryPoint\",\"urlTemplate\":\"https:\/\/pharmadreams.shop\/?s={search_term_string}\"},\"query-input\":\"required name=search_term_string\"}],\"inLanguage\":\"fr-FR\"}]}<\/script>\n<!-- \/ Yoast SEO plugin. -->","yoast_head_json":{"title":"Make me soft mousse net - 150 ml - Lirene - pharmadreams","robots":{"index":"index","follow":"follow","max-snippet":"max-snippet:-1","max-image-preview":"max-image-preview:large","max-video-preview":"max-video-preview:-1"},"canonical":"https:\/\/pharmadreams.shop\/index.php\/product\/make-me-soft-mousse-net-150-ml-lirene\/","og_locale":"fr_FR","og_type":"article","og_title":"Make me soft mousse net - 150 ml - Lirene - pharmadreams","og_description":"Lirene mousse net make me soft est un produit qui nettoie la peau sans la dess\u00e9cher, renforce son microbiome naturel ce qui assure une protection de l\u2019\u00e9piderme contre les agressions de l\u2019ext\u00e9rieur. Il hydrate bien la peau et am\u00e9liore son l'\u00e9lasticit\u00e9. Offrez \u00e0 votre peau un nettoyage efficace.","og_url":"https:\/\/pharmadreams.shop\/index.php\/product\/make-me-soft-mousse-net-150-ml-lirene\/","og_site_name":"pharmadreams","article_modified_time":"2023-12-19T18:37:35+00:00","og_image":[{"width":600,"height":727,"url":"https:\/\/pharmadreams.shop\/wp-content\/uploads\/2023\/12\/Mousse-nettoyante-make-me-soft-lirene-150ml-hydratant.jpg","type":"image\/jpeg"}],"twitter_card":"summary_large_image","schema":{"@context":"https:\/\/schema.org","@graph":[{"@type":"WebPage","@id":"https:\/\/pharmadreams.shop\/index.php\/product\/make-me-soft-mousse-net-150-ml-lirene\/","url":"https:\/\/pharmadreams.shop\/index.php\/product\/make-me-soft-mousse-net-150-ml-lirene\/","name":"Make me soft mousse net - 150 ml - Lirene - pharmadreams","isPartOf":{"@id":"https:\/\/pharmadreams.shop\/#website"},"primaryImageOfPage":{"@id":"https:\/\/pharmadreams.shop\/index.php\/product\/make-me-soft-mousse-net-150-ml-lirene\/#primaryimage"},"image":{"@id":"https:\/\/pharmadreams.shop\/index.php\/product\/make-me-soft-mousse-net-150-ml-lirene\/#primaryimage"},"thumbnailUrl":"https:\/\/pharmadreams.shop\/wp-content\/uploads\/2023\/12\/Mousse-nettoyante-make-me-soft-lirene-150ml-hydratant.jpg","datePublished":"2023-12-19T18:36:51+00:00","dateModified":"2023-12-19T18:37:35+00:00","breadcrumb":{"@id":"https:\/\/pharmadreams.shop\/index.php\/product\/make-me-soft-mousse-net-150-ml-lirene\/#breadcrumb"},"inLanguage":"fr-FR","potentialAction":[{"@type":"ReadAction","target":["https:\/\/pharmadreams.shop\/index.php\/product\/make-me-soft-mousse-net-150-ml-lirene\/"]}]},{"@type":"ImageObject","inLanguage":"fr-FR","@id":"https:\/\/pharmadreams.shop\/index.php\/product\/make-me-soft-mousse-net-150-ml-lirene\/#primaryimage","url":"https:\/\/pharmadreams.shop\/wp-content\/uploads\/2023\/12\/Mousse-nettoyante-make-me-soft-lirene-150ml-hydratant.jpg","contentUrl":"https:\/\/pharmadreams.shop\/wp-content\/uploads\/2023\/12\/Mousse-nettoyante-make-me-soft-lirene-150ml-hydratant.jpg","width":600,"height":727},{"@type":"BreadcrumbList","@id":"https:\/\/pharmadreams.shop\/index.php\/product\/make-me-soft-mousse-net-150-ml-lirene\/#breadcrumb","itemListElement":[{"@type":"ListItem","position":1,"name":"Accueil","item":"https:\/\/pharmadreams.shop\/"},{"@type":"ListItem","position":2,"name":"Shop","item":"https:\/\/pharmadreams.shop\/index.php\/shop\/"},{"@type":"ListItem","position":3,"name":"Make me soft mousse net &#8211; 150 ml &#8211; Lirene"}]},{"@type":"WebSite","@id":"https:\/\/pharmadreams.shop\/#website","url":"https:\/\/pharmadreams.shop\/","name":"pharmadreams","description":"Parapharmacie en ligne","potentialAction":[{"@type":"SearchAction","target":{"@type":"EntryPoint","urlTemplate":"https:\/\/pharmadreams.shop\/?s={search_term_string}"},"query-input":"required name=search_term_string"}],"inLanguage":"fr-FR"}]}},"_links":{"self":[{"href":"https:\/\/pharmadreams.shop\/index.php\/wp-json\/wp\/v2\/product\/16657","targetHints":{"allow":["GET"]}}],"collection":[{"href":"https:\/\/pharmadreams.shop\/index.php\/wp-json\/wp\/v2\/product"}],"about":[{"href":"https:\/\/pharmadreams.shop\/index.php\/wp-json\/wp\/v2\/types\/product"}],"replies":[{"embeddable":true,"href":"https:\/\/pharmadreams.shop\/index.php\/wp-json\/wp\/v2\/comments?post=16657"}],"version-history":[{"count":0,"href":"https:\/\/pharmadreams.shop\/index.php\/wp-json\/wp\/v2\/product\/16657\/revisions"}],"wp:featuredmedia":[{"embeddable":true,"href":"https:\/\/pharmadreams.shop\/index.php\/wp-json\/wp\/v2\/media\/16729"}],"wp:attachment":[{"href":"https:\/\/pharmadreams.shop\/index.php\/wp-json\/wp\/v2\/media?parent=16657"}],"wp:term":[{"taxonomy":"product_brand","embeddable":true,"href":"https:\/\/pharmadreams.shop\/index.php\/wp-json\/wp\/v2\/product_brand?post=16657"},{"taxonomy":"product_cat","embeddable":true,"href":"https:\/\/pharmadreams.shop\/index.php\/wp-json\/wp\/v2\/product_cat?post=16657"},{"taxonomy":"product_tag","embeddable":true,"href":"https:\/\/pharmadreams.shop\/index.php\/wp-json\/wp\/v2\/product_tag?post=16657"}],"curies":[{"name":"wp","href":"https:\/\/api.w.org\/{rel}","templated":true}]}}