{"id":16690,"date":"2023-12-19T19:37:15","date_gmt":"2023-12-19T18:37:15","guid":{"rendered":"https:\/\/venuspara.com\/?post_type=product&#038;p=16690"},"modified":"2023-12-19T19:37:46","modified_gmt":"2023-12-19T18:37:46","slug":"veinodraine-100ml-belpharma","status":"publish","type":"product","link":"https:\/\/pharmadreams.shop\/index.php\/product\/veinodraine-100ml-belpharma\/","title":{"rendered":"Veinodraine &#8211; 100ml &#8211; Belpharma"},"content":{"rendered":"","protected":false},"excerpt":{"rendered":"<p>Veinodreine est un gel cr\u00e8me qui favorise le retour veineux en tonifiant la paroi des veines.<br \/>\nVeinodraine p\u00e9n\u00e8tre vite pour agir imm\u00e9diatement et vous permet de s\u2019habiller sit\u00f4t le produit appliqu\u00e9. Les probl\u00e8mes de varices et de jambes lourdes sont ainsi rapidement am\u00e9lior\u00e9s. Le tout dans un tourbillon de fra\u00eecheur pour des jambes plus l\u00e9g\u00e8res.<\/p>\n","protected":false},"featured_media":16750,"comment_status":"open","ping_status":"closed","template":"","meta":[],"product_brand":[],"product_cat":[28,203],"product_tag":[180,204],"class_list":{"0":"post-16690","1":"product","2":"type-product","3":"status-publish","4":"has-post-thumbnail","6":"product_cat-corps","7":"product_cat-gel-creme","8":"product_tag-corps","9":"product_tag-gel-creme","11":"first","12":"instock","13":"shipping-taxable","14":"purchasable","15":"product-type-simple"},"yoast_head":"<!-- This site is optimized with the Yoast SEO plugin v23.0 - https:\/\/yoast.com\/wordpress\/plugins\/seo\/ -->\n<title>Veinodraine - 100ml - Belpharma - pharmadreams<\/title>\n<meta name=\"robots\" content=\"index, follow, max-snippet:-1, max-image-preview:large, max-video-preview:-1\" \/>\n<link rel=\"canonical\" href=\"https:\/\/pharmadreams.shop\/index.php\/product\/veinodraine-100ml-belpharma\/\" \/>\n<meta property=\"og:locale\" content=\"fr_FR\" \/>\n<meta property=\"og:type\" content=\"article\" \/>\n<meta property=\"og:title\" content=\"Veinodraine - 100ml - Belpharma - pharmadreams\" \/>\n<meta property=\"og:description\" content=\"Veinodreine est un gel cr\u00e8me qui favorise le retour veineux en tonifiant la paroi des veines. Veinodraine p\u00e9n\u00e8tre vite pour agir imm\u00e9diatement et vous permet de s\u2019habiller sit\u00f4t le produit appliqu\u00e9. Les probl\u00e8mes de varices et de jambes lourdes sont ainsi rapidement am\u00e9lior\u00e9s. Le tout dans un tourbillon de fra\u00eecheur pour des jambes plus l\u00e9g\u00e8res.\" \/>\n<meta property=\"og:url\" content=\"https:\/\/pharmadreams.shop\/index.php\/product\/veinodraine-100ml-belpharma\/\" \/>\n<meta property=\"og:site_name\" content=\"pharmadreams\" \/>\n<meta property=\"article:modified_time\" content=\"2023-12-19T18:37:46+00:00\" \/>\n<meta property=\"og:image\" content=\"https:\/\/pharmadreams.shop\/wp-content\/uploads\/2023\/12\/veinodraine-100-ml-belpharma-gel-creme-jambes.jpg\" \/>\n\t<meta property=\"og:image:width\" content=\"700\" \/>\n\t<meta property=\"og:image:height\" content=\"883\" \/>\n\t<meta property=\"og:image:type\" content=\"image\/jpeg\" \/>\n<meta name=\"twitter:card\" content=\"summary_large_image\" \/>\n<script type=\"application\/ld+json\" class=\"yoast-schema-graph\">{\"@context\":\"https:\/\/schema.org\",\"@graph\":[{\"@type\":\"WebPage\",\"@id\":\"https:\/\/pharmadreams.shop\/index.php\/product\/veinodraine-100ml-belpharma\/\",\"url\":\"https:\/\/pharmadreams.shop\/index.php\/product\/veinodraine-100ml-belpharma\/\",\"name\":\"Veinodraine - 100ml - Belpharma - pharmadreams\",\"isPartOf\":{\"@id\":\"https:\/\/pharmadreams.shop\/#website\"},\"primaryImageOfPage\":{\"@id\":\"https:\/\/pharmadreams.shop\/index.php\/product\/veinodraine-100ml-belpharma\/#primaryimage\"},\"image\":{\"@id\":\"https:\/\/pharmadreams.shop\/index.php\/product\/veinodraine-100ml-belpharma\/#primaryimage\"},\"thumbnailUrl\":\"https:\/\/pharmadreams.shop\/wp-content\/uploads\/2023\/12\/veinodraine-100-ml-belpharma-gel-creme-jambes.jpg\",\"datePublished\":\"2023-12-19T18:37:15+00:00\",\"dateModified\":\"2023-12-19T18:37:46+00:00\",\"breadcrumb\":{\"@id\":\"https:\/\/pharmadreams.shop\/index.php\/product\/veinodraine-100ml-belpharma\/#breadcrumb\"},\"inLanguage\":\"fr-FR\",\"potentialAction\":[{\"@type\":\"ReadAction\",\"target\":[\"https:\/\/pharmadreams.shop\/index.php\/product\/veinodraine-100ml-belpharma\/\"]}]},{\"@type\":\"ImageObject\",\"inLanguage\":\"fr-FR\",\"@id\":\"https:\/\/pharmadreams.shop\/index.php\/product\/veinodraine-100ml-belpharma\/#primaryimage\",\"url\":\"https:\/\/pharmadreams.shop\/wp-content\/uploads\/2023\/12\/veinodraine-100-ml-belpharma-gel-creme-jambes.jpg\",\"contentUrl\":\"https:\/\/pharmadreams.shop\/wp-content\/uploads\/2023\/12\/veinodraine-100-ml-belpharma-gel-creme-jambes.jpg\",\"width\":700,\"height\":883},{\"@type\":\"BreadcrumbList\",\"@id\":\"https:\/\/pharmadreams.shop\/index.php\/product\/veinodraine-100ml-belpharma\/#breadcrumb\",\"itemListElement\":[{\"@type\":\"ListItem\",\"position\":1,\"name\":\"Accueil\",\"item\":\"https:\/\/pharmadreams.shop\/\"},{\"@type\":\"ListItem\",\"position\":2,\"name\":\"Shop\",\"item\":\"https:\/\/pharmadreams.shop\/index.php\/shop\/\"},{\"@type\":\"ListItem\",\"position\":3,\"name\":\"Veinodraine &#8211; 100ml &#8211; Belpharma\"}]},{\"@type\":\"WebSite\",\"@id\":\"https:\/\/pharmadreams.shop\/#website\",\"url\":\"https:\/\/pharmadreams.shop\/\",\"name\":\"pharmadreams\",\"description\":\"Parapharmacie en ligne\",\"potentialAction\":[{\"@type\":\"SearchAction\",\"target\":{\"@type\":\"EntryPoint\",\"urlTemplate\":\"https:\/\/pharmadreams.shop\/?s={search_term_string}\"},\"query-input\":\"required name=search_term_string\"}],\"inLanguage\":\"fr-FR\"}]}<\/script>\n<!-- \/ Yoast SEO plugin. -->","yoast_head_json":{"title":"Veinodraine - 100ml - Belpharma - pharmadreams","robots":{"index":"index","follow":"follow","max-snippet":"max-snippet:-1","max-image-preview":"max-image-preview:large","max-video-preview":"max-video-preview:-1"},"canonical":"https:\/\/pharmadreams.shop\/index.php\/product\/veinodraine-100ml-belpharma\/","og_locale":"fr_FR","og_type":"article","og_title":"Veinodraine - 100ml - Belpharma - pharmadreams","og_description":"Veinodreine est un gel cr\u00e8me qui favorise le retour veineux en tonifiant la paroi des veines. Veinodraine p\u00e9n\u00e8tre vite pour agir imm\u00e9diatement et vous permet de s\u2019habiller sit\u00f4t le produit appliqu\u00e9. Les probl\u00e8mes de varices et de jambes lourdes sont ainsi rapidement am\u00e9lior\u00e9s. Le tout dans un tourbillon de fra\u00eecheur pour des jambes plus l\u00e9g\u00e8res.","og_url":"https:\/\/pharmadreams.shop\/index.php\/product\/veinodraine-100ml-belpharma\/","og_site_name":"pharmadreams","article_modified_time":"2023-12-19T18:37:46+00:00","og_image":[{"width":700,"height":883,"url":"https:\/\/pharmadreams.shop\/wp-content\/uploads\/2023\/12\/veinodraine-100-ml-belpharma-gel-creme-jambes.jpg","type":"image\/jpeg"}],"twitter_card":"summary_large_image","schema":{"@context":"https:\/\/schema.org","@graph":[{"@type":"WebPage","@id":"https:\/\/pharmadreams.shop\/index.php\/product\/veinodraine-100ml-belpharma\/","url":"https:\/\/pharmadreams.shop\/index.php\/product\/veinodraine-100ml-belpharma\/","name":"Veinodraine - 100ml - Belpharma - pharmadreams","isPartOf":{"@id":"https:\/\/pharmadreams.shop\/#website"},"primaryImageOfPage":{"@id":"https:\/\/pharmadreams.shop\/index.php\/product\/veinodraine-100ml-belpharma\/#primaryimage"},"image":{"@id":"https:\/\/pharmadreams.shop\/index.php\/product\/veinodraine-100ml-belpharma\/#primaryimage"},"thumbnailUrl":"https:\/\/pharmadreams.shop\/wp-content\/uploads\/2023\/12\/veinodraine-100-ml-belpharma-gel-creme-jambes.jpg","datePublished":"2023-12-19T18:37:15+00:00","dateModified":"2023-12-19T18:37:46+00:00","breadcrumb":{"@id":"https:\/\/pharmadreams.shop\/index.php\/product\/veinodraine-100ml-belpharma\/#breadcrumb"},"inLanguage":"fr-FR","potentialAction":[{"@type":"ReadAction","target":["https:\/\/pharmadreams.shop\/index.php\/product\/veinodraine-100ml-belpharma\/"]}]},{"@type":"ImageObject","inLanguage":"fr-FR","@id":"https:\/\/pharmadreams.shop\/index.php\/product\/veinodraine-100ml-belpharma\/#primaryimage","url":"https:\/\/pharmadreams.shop\/wp-content\/uploads\/2023\/12\/veinodraine-100-ml-belpharma-gel-creme-jambes.jpg","contentUrl":"https:\/\/pharmadreams.shop\/wp-content\/uploads\/2023\/12\/veinodraine-100-ml-belpharma-gel-creme-jambes.jpg","width":700,"height":883},{"@type":"BreadcrumbList","@id":"https:\/\/pharmadreams.shop\/index.php\/product\/veinodraine-100ml-belpharma\/#breadcrumb","itemListElement":[{"@type":"ListItem","position":1,"name":"Accueil","item":"https:\/\/pharmadreams.shop\/"},{"@type":"ListItem","position":2,"name":"Shop","item":"https:\/\/pharmadreams.shop\/index.php\/shop\/"},{"@type":"ListItem","position":3,"name":"Veinodraine &#8211; 100ml &#8211; Belpharma"}]},{"@type":"WebSite","@id":"https:\/\/pharmadreams.shop\/#website","url":"https:\/\/pharmadreams.shop\/","name":"pharmadreams","description":"Parapharmacie en ligne","potentialAction":[{"@type":"SearchAction","target":{"@type":"EntryPoint","urlTemplate":"https:\/\/pharmadreams.shop\/?s={search_term_string}"},"query-input":"required name=search_term_string"}],"inLanguage":"fr-FR"}]}},"_links":{"self":[{"href":"https:\/\/pharmadreams.shop\/index.php\/wp-json\/wp\/v2\/product\/16690","targetHints":{"allow":["GET"]}}],"collection":[{"href":"https:\/\/pharmadreams.shop\/index.php\/wp-json\/wp\/v2\/product"}],"about":[{"href":"https:\/\/pharmadreams.shop\/index.php\/wp-json\/wp\/v2\/types\/product"}],"replies":[{"embeddable":true,"href":"https:\/\/pharmadreams.shop\/index.php\/wp-json\/wp\/v2\/comments?post=16690"}],"version-history":[{"count":0,"href":"https:\/\/pharmadreams.shop\/index.php\/wp-json\/wp\/v2\/product\/16690\/revisions"}],"wp:featuredmedia":[{"embeddable":true,"href":"https:\/\/pharmadreams.shop\/index.php\/wp-json\/wp\/v2\/media\/16750"}],"wp:attachment":[{"href":"https:\/\/pharmadreams.shop\/index.php\/wp-json\/wp\/v2\/media?parent=16690"}],"wp:term":[{"taxonomy":"product_brand","embeddable":true,"href":"https:\/\/pharmadreams.shop\/index.php\/wp-json\/wp\/v2\/product_brand?post=16690"},{"taxonomy":"product_cat","embeddable":true,"href":"https:\/\/pharmadreams.shop\/index.php\/wp-json\/wp\/v2\/product_cat?post=16690"},{"taxonomy":"product_tag","embeddable":true,"href":"https:\/\/pharmadreams.shop\/index.php\/wp-json\/wp\/v2\/product_tag?post=16690"}],"curies":[{"name":"wp","href":"https:\/\/api.w.org\/{rel}","templated":true}]}}