{"id":16700,"date":"2023-12-19T19:37:17","date_gmt":"2023-12-19T18:37:17","guid":{"rendered":"https:\/\/venuspara.com\/?post_type=product&#038;p=16700"},"modified":"2024-05-10T13:18:54","modified_gmt":"2024-05-10T12:18:54","slug":"hydrolotion-spf-50-isdin-fotoprotector","status":"publish","type":"product","link":"https:\/\/pharmadreams.shop\/index.php\/product\/hydrolotion-spf-50-isdin-fotoprotector\/","title":{"rendered":"HydrOLotion SPF 50+ ISDIN\u00ae Fotoprotector"},"content":{"rendered":"","protected":false},"excerpt":{"rendered":"<p>ISDIN\u00ae Fotoprotector HydrOLotion SPF 50+\u00a0est un \u00e9cran solaire \u00e0 l&rsquo;indice de protection \u00e9lev\u00e9\u00a0qui\u00a0augmente l&rsquo;oxyg\u00e9nation de la peau\u00a0apr\u00e8s une exposition au soleil.<\/p>\n<ul>\n<li>Prot\u00e8ge des rayons UVA et UVB.<\/li>\n<li>Oxyg\u00e8ne la peau.<\/li>\n<li>Favorise le renouvellement cellulaire apr\u00e8s l&rsquo;exposition.<\/li>\n<li>Hydrate en profondeur.<\/li>\n<li>Ne laisse pas de r\u00e9sidus sur la peau.<\/li>\n<li>R\u00e9sistant \u00e0 l&rsquo;eau.<\/li>\n<\/ul>\n","protected":false},"featured_media":16768,"comment_status":"open","ping_status":"closed","template":"","meta":[],"product_brand":[],"product_cat":[28,231,104,95,80],"product_tag":[180,232,202,176,177],"class_list":{"0":"post-16700","1":"product","2":"type-product","3":"status-publish","4":"has-post-thumbnail","6":"product_cat-corps","7":"product_cat-ecran-solaire","8":"product_cat-protection","9":"product_cat-skin-care","10":"product_cat-soins","11":"product_tag-corps","12":"product_tag-ecran-solaire","13":"product_tag-protection","14":"product_tag-skin-care","15":"product_tag-soins","17":"first","18":"instock","19":"shipping-taxable","20":"purchasable","21":"product-type-simple"},"yoast_head":"<!-- This site is optimized with the Yoast SEO plugin v23.0 - https:\/\/yoast.com\/wordpress\/plugins\/seo\/ -->\n<title>HydrOLotion SPF 50+ ISDIN\u00ae Fotoprotector - pharmadreams<\/title>\n<meta name=\"robots\" content=\"index, follow, max-snippet:-1, max-image-preview:large, max-video-preview:-1\" \/>\n<link rel=\"canonical\" href=\"https:\/\/pharmadreams.shop\/index.php\/product\/hydrolotion-spf-50-isdin-fotoprotector\/\" \/>\n<meta property=\"og:locale\" content=\"fr_FR\" \/>\n<meta property=\"og:type\" content=\"article\" \/>\n<meta property=\"og:title\" content=\"HydrOLotion SPF 50+ ISDIN\u00ae Fotoprotector - pharmadreams\" \/>\n<meta property=\"og:description\" content=\"ISDIN\u00ae Fotoprotector HydrOLotion SPF 50+\u00a0est un \u00e9cran solaire \u00e0 l&#039;indice de protection \u00e9lev\u00e9\u00a0qui\u00a0augmente l&#039;oxyg\u00e9nation de la peau\u00a0apr\u00e8s une exposition au soleil.   Prot\u00e8ge des rayons UVA et UVB.  Oxyg\u00e8ne la peau.  Favorise le renouvellement cellulaire apr\u00e8s l&#039;exposition.  Hydrate en profondeur.  Ne laisse pas de r\u00e9sidus sur la peau.  R\u00e9sistant \u00e0 l&#039;eau.\" \/>\n<meta property=\"og:url\" content=\"https:\/\/pharmadreams.shop\/index.php\/product\/hydrolotion-spf-50-isdin-fotoprotector\/\" \/>\n<meta property=\"og:site_name\" content=\"pharmadreams\" \/>\n<meta property=\"article:modified_time\" content=\"2024-05-10T12:18:54+00:00\" \/>\n<meta property=\"og:image\" content=\"https:\/\/pharmadreams.shop\/wp-content\/uploads\/2023\/12\/Hydrolotion-spf50-fotoprotector-isdin.jpg\" \/>\n\t<meta property=\"og:image:width\" content=\"1200\" \/>\n\t<meta property=\"og:image:height\" content=\"1200\" \/>\n\t<meta property=\"og:image:type\" content=\"image\/jpeg\" \/>\n<meta name=\"twitter:card\" content=\"summary_large_image\" \/>\n<script type=\"application\/ld+json\" class=\"yoast-schema-graph\">{\"@context\":\"https:\/\/schema.org\",\"@graph\":[{\"@type\":\"WebPage\",\"@id\":\"https:\/\/pharmadreams.shop\/index.php\/product\/hydrolotion-spf-50-isdin-fotoprotector\/\",\"url\":\"https:\/\/pharmadreams.shop\/index.php\/product\/hydrolotion-spf-50-isdin-fotoprotector\/\",\"name\":\"HydrOLotion SPF 50+ ISDIN\u00ae Fotoprotector - pharmadreams\",\"isPartOf\":{\"@id\":\"https:\/\/pharmadreams.shop\/#website\"},\"primaryImageOfPage\":{\"@id\":\"https:\/\/pharmadreams.shop\/index.php\/product\/hydrolotion-spf-50-isdin-fotoprotector\/#primaryimage\"},\"image\":{\"@id\":\"https:\/\/pharmadreams.shop\/index.php\/product\/hydrolotion-spf-50-isdin-fotoprotector\/#primaryimage\"},\"thumbnailUrl\":\"https:\/\/pharmadreams.shop\/wp-content\/uploads\/2023\/12\/Hydrolotion-spf50-fotoprotector-isdin.jpg\",\"datePublished\":\"2023-12-19T18:37:17+00:00\",\"dateModified\":\"2024-05-10T12:18:54+00:00\",\"breadcrumb\":{\"@id\":\"https:\/\/pharmadreams.shop\/index.php\/product\/hydrolotion-spf-50-isdin-fotoprotector\/#breadcrumb\"},\"inLanguage\":\"fr-FR\",\"potentialAction\":[{\"@type\":\"ReadAction\",\"target\":[\"https:\/\/pharmadreams.shop\/index.php\/product\/hydrolotion-spf-50-isdin-fotoprotector\/\"]}]},{\"@type\":\"ImageObject\",\"inLanguage\":\"fr-FR\",\"@id\":\"https:\/\/pharmadreams.shop\/index.php\/product\/hydrolotion-spf-50-isdin-fotoprotector\/#primaryimage\",\"url\":\"https:\/\/pharmadreams.shop\/wp-content\/uploads\/2023\/12\/Hydrolotion-spf50-fotoprotector-isdin.jpg\",\"contentUrl\":\"https:\/\/pharmadreams.shop\/wp-content\/uploads\/2023\/12\/Hydrolotion-spf50-fotoprotector-isdin.jpg\",\"width\":1200,\"height\":1200},{\"@type\":\"BreadcrumbList\",\"@id\":\"https:\/\/pharmadreams.shop\/index.php\/product\/hydrolotion-spf-50-isdin-fotoprotector\/#breadcrumb\",\"itemListElement\":[{\"@type\":\"ListItem\",\"position\":1,\"name\":\"Accueil\",\"item\":\"https:\/\/pharmadreams.shop\/\"},{\"@type\":\"ListItem\",\"position\":2,\"name\":\"Shop\",\"item\":\"https:\/\/pharmadreams.shop\/index.php\/shop\/\"},{\"@type\":\"ListItem\",\"position\":3,\"name\":\"HydrOLotion SPF 50+ ISDIN\u00ae Fotoprotector\"}]},{\"@type\":\"WebSite\",\"@id\":\"https:\/\/pharmadreams.shop\/#website\",\"url\":\"https:\/\/pharmadreams.shop\/\",\"name\":\"pharmadreams\",\"description\":\"Parapharmacie en ligne\",\"potentialAction\":[{\"@type\":\"SearchAction\",\"target\":{\"@type\":\"EntryPoint\",\"urlTemplate\":\"https:\/\/pharmadreams.shop\/?s={search_term_string}\"},\"query-input\":\"required name=search_term_string\"}],\"inLanguage\":\"fr-FR\"}]}<\/script>\n<!-- \/ Yoast SEO plugin. -->","yoast_head_json":{"title":"HydrOLotion SPF 50+ ISDIN\u00ae Fotoprotector - pharmadreams","robots":{"index":"index","follow":"follow","max-snippet":"max-snippet:-1","max-image-preview":"max-image-preview:large","max-video-preview":"max-video-preview:-1"},"canonical":"https:\/\/pharmadreams.shop\/index.php\/product\/hydrolotion-spf-50-isdin-fotoprotector\/","og_locale":"fr_FR","og_type":"article","og_title":"HydrOLotion SPF 50+ ISDIN\u00ae Fotoprotector - pharmadreams","og_description":"ISDIN\u00ae Fotoprotector HydrOLotion SPF 50+\u00a0est un \u00e9cran solaire \u00e0 l'indice de protection \u00e9lev\u00e9\u00a0qui\u00a0augmente l'oxyg\u00e9nation de la peau\u00a0apr\u00e8s une exposition au soleil.   Prot\u00e8ge des rayons UVA et UVB.  Oxyg\u00e8ne la peau.  Favorise le renouvellement cellulaire apr\u00e8s l'exposition.  Hydrate en profondeur.  Ne laisse pas de r\u00e9sidus sur la peau.  R\u00e9sistant \u00e0 l'eau.","og_url":"https:\/\/pharmadreams.shop\/index.php\/product\/hydrolotion-spf-50-isdin-fotoprotector\/","og_site_name":"pharmadreams","article_modified_time":"2024-05-10T12:18:54+00:00","og_image":[{"width":1200,"height":1200,"url":"https:\/\/pharmadreams.shop\/wp-content\/uploads\/2023\/12\/Hydrolotion-spf50-fotoprotector-isdin.jpg","type":"image\/jpeg"}],"twitter_card":"summary_large_image","schema":{"@context":"https:\/\/schema.org","@graph":[{"@type":"WebPage","@id":"https:\/\/pharmadreams.shop\/index.php\/product\/hydrolotion-spf-50-isdin-fotoprotector\/","url":"https:\/\/pharmadreams.shop\/index.php\/product\/hydrolotion-spf-50-isdin-fotoprotector\/","name":"HydrOLotion SPF 50+ ISDIN\u00ae Fotoprotector - pharmadreams","isPartOf":{"@id":"https:\/\/pharmadreams.shop\/#website"},"primaryImageOfPage":{"@id":"https:\/\/pharmadreams.shop\/index.php\/product\/hydrolotion-spf-50-isdin-fotoprotector\/#primaryimage"},"image":{"@id":"https:\/\/pharmadreams.shop\/index.php\/product\/hydrolotion-spf-50-isdin-fotoprotector\/#primaryimage"},"thumbnailUrl":"https:\/\/pharmadreams.shop\/wp-content\/uploads\/2023\/12\/Hydrolotion-spf50-fotoprotector-isdin.jpg","datePublished":"2023-12-19T18:37:17+00:00","dateModified":"2024-05-10T12:18:54+00:00","breadcrumb":{"@id":"https:\/\/pharmadreams.shop\/index.php\/product\/hydrolotion-spf-50-isdin-fotoprotector\/#breadcrumb"},"inLanguage":"fr-FR","potentialAction":[{"@type":"ReadAction","target":["https:\/\/pharmadreams.shop\/index.php\/product\/hydrolotion-spf-50-isdin-fotoprotector\/"]}]},{"@type":"ImageObject","inLanguage":"fr-FR","@id":"https:\/\/pharmadreams.shop\/index.php\/product\/hydrolotion-spf-50-isdin-fotoprotector\/#primaryimage","url":"https:\/\/pharmadreams.shop\/wp-content\/uploads\/2023\/12\/Hydrolotion-spf50-fotoprotector-isdin.jpg","contentUrl":"https:\/\/pharmadreams.shop\/wp-content\/uploads\/2023\/12\/Hydrolotion-spf50-fotoprotector-isdin.jpg","width":1200,"height":1200},{"@type":"BreadcrumbList","@id":"https:\/\/pharmadreams.shop\/index.php\/product\/hydrolotion-spf-50-isdin-fotoprotector\/#breadcrumb","itemListElement":[{"@type":"ListItem","position":1,"name":"Accueil","item":"https:\/\/pharmadreams.shop\/"},{"@type":"ListItem","position":2,"name":"Shop","item":"https:\/\/pharmadreams.shop\/index.php\/shop\/"},{"@type":"ListItem","position":3,"name":"HydrOLotion SPF 50+ ISDIN\u00ae Fotoprotector"}]},{"@type":"WebSite","@id":"https:\/\/pharmadreams.shop\/#website","url":"https:\/\/pharmadreams.shop\/","name":"pharmadreams","description":"Parapharmacie en ligne","potentialAction":[{"@type":"SearchAction","target":{"@type":"EntryPoint","urlTemplate":"https:\/\/pharmadreams.shop\/?s={search_term_string}"},"query-input":"required name=search_term_string"}],"inLanguage":"fr-FR"}]}},"_links":{"self":[{"href":"https:\/\/pharmadreams.shop\/index.php\/wp-json\/wp\/v2\/product\/16700","targetHints":{"allow":["GET"]}}],"collection":[{"href":"https:\/\/pharmadreams.shop\/index.php\/wp-json\/wp\/v2\/product"}],"about":[{"href":"https:\/\/pharmadreams.shop\/index.php\/wp-json\/wp\/v2\/types\/product"}],"replies":[{"embeddable":true,"href":"https:\/\/pharmadreams.shop\/index.php\/wp-json\/wp\/v2\/comments?post=16700"}],"version-history":[{"count":0,"href":"https:\/\/pharmadreams.shop\/index.php\/wp-json\/wp\/v2\/product\/16700\/revisions"}],"wp:featuredmedia":[{"embeddable":true,"href":"https:\/\/pharmadreams.shop\/index.php\/wp-json\/wp\/v2\/media\/16768"}],"wp:attachment":[{"href":"https:\/\/pharmadreams.shop\/index.php\/wp-json\/wp\/v2\/media?parent=16700"}],"wp:term":[{"taxonomy":"product_brand","embeddable":true,"href":"https:\/\/pharmadreams.shop\/index.php\/wp-json\/wp\/v2\/product_brand?post=16700"},{"taxonomy":"product_cat","embeddable":true,"href":"https:\/\/pharmadreams.shop\/index.php\/wp-json\/wp\/v2\/product_cat?post=16700"},{"taxonomy":"product_tag","embeddable":true,"href":"https:\/\/pharmadreams.shop\/index.php\/wp-json\/wp\/v2\/product_tag?post=16700"}],"curies":[{"name":"wp","href":"https:\/\/api.w.org\/{rel}","templated":true}]}}