{"id":16736,"date":"2023-12-19T19:37:43","date_gmt":"2023-12-19T18:37:43","guid":{"rendered":"https:\/\/venuspara.com\/?post_type=product&#038;p=16736"},"modified":"2023-12-19T19:38:13","modified_gmt":"2023-12-19T18:38:13","slug":"baume-a-levre-keracnyl-repair-ducray","status":"publish","type":"product","link":"https:\/\/pharmadreams.shop\/index.php\/product\/baume-a-levre-keracnyl-repair-ducray\/","title":{"rendered":"Baume \u00e0 l\u00e8vre &#8211; Keracnyl repair &#8211; Ducray"},"content":{"rendered":"","protected":false},"excerpt":{"rendered":"<p>Soin hydratant pour les l\u00e8vres s\u00e8ches abim\u00e9es par la prise de traitement m\u00e9dicamenteux anti-acn\u00e9ique par voie orale.<br \/>\nGr\u00e2ce \u00e0 l\u2019HYDROXYDECINE\u00ae contenu dans sa formule, il relance l\u2019hydratation naturelle de la peau et renforce la barri\u00e8re cutan\u00e9e.<br \/>\nUn baume \u00e0 l\u00e8vres qui nourrit, r\u00e9pare et prot\u00e8ge les l\u00e8vres.<\/p>\n","protected":false},"featured_media":16795,"comment_status":"open","ping_status":"closed","template":"","meta":[],"product_brand":[],"product_cat":[244,242,225],"product_tag":[245,243,228],"class_list":{"0":"post-16736","1":"product","2":"type-product","3":"status-publish","4":"has-post-thumbnail","6":"product_cat-baume-a-levres","7":"product_cat-peaux-acneiques","8":"product_cat-peaux-grasses","9":"product_tag-baume-a-levres","10":"product_tag-peaux-acneiques","11":"product_tag-peaux-grasses","13":"first","14":"instock","15":"shipping-taxable","16":"purchasable","17":"product-type-simple"},"yoast_head":"<!-- This site is optimized with the Yoast SEO plugin v23.0 - https:\/\/yoast.com\/wordpress\/plugins\/seo\/ -->\n<title>Baume \u00e0 l\u00e8vre - Keracnyl repair - Ducray - pharmadreams<\/title>\n<meta name=\"robots\" content=\"index, follow, max-snippet:-1, max-image-preview:large, max-video-preview:-1\" \/>\n<link rel=\"canonical\" href=\"https:\/\/pharmadreams.shop\/index.php\/product\/baume-a-levre-keracnyl-repair-ducray\/\" \/>\n<meta property=\"og:locale\" content=\"fr_FR\" \/>\n<meta property=\"og:type\" content=\"article\" \/>\n<meta property=\"og:title\" content=\"Baume \u00e0 l\u00e8vre - Keracnyl repair - Ducray - pharmadreams\" \/>\n<meta property=\"og:description\" content=\"Soin hydratant pour les l\u00e8vres s\u00e8ches abim\u00e9es par la prise de traitement m\u00e9dicamenteux anti-acn\u00e9ique par voie orale. Gr\u00e2ce \u00e0 l\u2019HYDROXYDECINE\u00ae contenu dans sa formule, il relance l\u2019hydratation naturelle de la peau et renforce la barri\u00e8re cutan\u00e9e. Un baume \u00e0 l\u00e8vres qui nourrit, r\u00e9pare et prot\u00e8ge les l\u00e8vres.\" \/>\n<meta property=\"og:url\" content=\"https:\/\/pharmadreams.shop\/index.php\/product\/baume-a-levre-keracnyl-repair-ducray\/\" \/>\n<meta property=\"og:site_name\" content=\"pharmadreams\" \/>\n<meta property=\"article:modified_time\" content=\"2023-12-19T18:38:13+00:00\" \/>\n<meta property=\"og:image\" content=\"https:\/\/pharmadreams.shop\/wp-content\/uploads\/2023\/12\/Baume-a-levres-ducray-keracny-repair-nourissant.jpg\" \/>\n\t<meta property=\"og:image:width\" content=\"1000\" \/>\n\t<meta property=\"og:image:height\" content=\"1000\" \/>\n\t<meta property=\"og:image:type\" content=\"image\/jpeg\" \/>\n<meta name=\"twitter:card\" content=\"summary_large_image\" \/>\n<script type=\"application\/ld+json\" class=\"yoast-schema-graph\">{\"@context\":\"https:\/\/schema.org\",\"@graph\":[{\"@type\":\"WebPage\",\"@id\":\"https:\/\/pharmadreams.shop\/index.php\/product\/baume-a-levre-keracnyl-repair-ducray\/\",\"url\":\"https:\/\/pharmadreams.shop\/index.php\/product\/baume-a-levre-keracnyl-repair-ducray\/\",\"name\":\"Baume \u00e0 l\u00e8vre - Keracnyl repair - Ducray - pharmadreams\",\"isPartOf\":{\"@id\":\"https:\/\/pharmadreams.shop\/#website\"},\"primaryImageOfPage\":{\"@id\":\"https:\/\/pharmadreams.shop\/index.php\/product\/baume-a-levre-keracnyl-repair-ducray\/#primaryimage\"},\"image\":{\"@id\":\"https:\/\/pharmadreams.shop\/index.php\/product\/baume-a-levre-keracnyl-repair-ducray\/#primaryimage\"},\"thumbnailUrl\":\"https:\/\/pharmadreams.shop\/wp-content\/uploads\/2023\/12\/Baume-a-levres-ducray-keracny-repair-nourissant.jpg\",\"datePublished\":\"2023-12-19T18:37:43+00:00\",\"dateModified\":\"2023-12-19T18:38:13+00:00\",\"breadcrumb\":{\"@id\":\"https:\/\/pharmadreams.shop\/index.php\/product\/baume-a-levre-keracnyl-repair-ducray\/#breadcrumb\"},\"inLanguage\":\"fr-FR\",\"potentialAction\":[{\"@type\":\"ReadAction\",\"target\":[\"https:\/\/pharmadreams.shop\/index.php\/product\/baume-a-levre-keracnyl-repair-ducray\/\"]}]},{\"@type\":\"ImageObject\",\"inLanguage\":\"fr-FR\",\"@id\":\"https:\/\/pharmadreams.shop\/index.php\/product\/baume-a-levre-keracnyl-repair-ducray\/#primaryimage\",\"url\":\"https:\/\/pharmadreams.shop\/wp-content\/uploads\/2023\/12\/Baume-a-levres-ducray-keracny-repair-nourissant.jpg\",\"contentUrl\":\"https:\/\/pharmadreams.shop\/wp-content\/uploads\/2023\/12\/Baume-a-levres-ducray-keracny-repair-nourissant.jpg\",\"width\":1000,\"height\":1000},{\"@type\":\"BreadcrumbList\",\"@id\":\"https:\/\/pharmadreams.shop\/index.php\/product\/baume-a-levre-keracnyl-repair-ducray\/#breadcrumb\",\"itemListElement\":[{\"@type\":\"ListItem\",\"position\":1,\"name\":\"Accueil\",\"item\":\"https:\/\/pharmadreams.shop\/\"},{\"@type\":\"ListItem\",\"position\":2,\"name\":\"Shop\",\"item\":\"https:\/\/pharmadreams.shop\/index.php\/shop\/\"},{\"@type\":\"ListItem\",\"position\":3,\"name\":\"Baume \u00e0 l\u00e8vre &#8211; Keracnyl repair &#8211; Ducray\"}]},{\"@type\":\"WebSite\",\"@id\":\"https:\/\/pharmadreams.shop\/#website\",\"url\":\"https:\/\/pharmadreams.shop\/\",\"name\":\"pharmadreams\",\"description\":\"Parapharmacie en ligne\",\"potentialAction\":[{\"@type\":\"SearchAction\",\"target\":{\"@type\":\"EntryPoint\",\"urlTemplate\":\"https:\/\/pharmadreams.shop\/?s={search_term_string}\"},\"query-input\":\"required name=search_term_string\"}],\"inLanguage\":\"fr-FR\"}]}<\/script>\n<!-- \/ Yoast SEO plugin. -->","yoast_head_json":{"title":"Baume \u00e0 l\u00e8vre - Keracnyl repair - Ducray - pharmadreams","robots":{"index":"index","follow":"follow","max-snippet":"max-snippet:-1","max-image-preview":"max-image-preview:large","max-video-preview":"max-video-preview:-1"},"canonical":"https:\/\/pharmadreams.shop\/index.php\/product\/baume-a-levre-keracnyl-repair-ducray\/","og_locale":"fr_FR","og_type":"article","og_title":"Baume \u00e0 l\u00e8vre - Keracnyl repair - Ducray - pharmadreams","og_description":"Soin hydratant pour les l\u00e8vres s\u00e8ches abim\u00e9es par la prise de traitement m\u00e9dicamenteux anti-acn\u00e9ique par voie orale. Gr\u00e2ce \u00e0 l\u2019HYDROXYDECINE\u00ae contenu dans sa formule, il relance l\u2019hydratation naturelle de la peau et renforce la barri\u00e8re cutan\u00e9e. Un baume \u00e0 l\u00e8vres qui nourrit, r\u00e9pare et prot\u00e8ge les l\u00e8vres.","og_url":"https:\/\/pharmadreams.shop\/index.php\/product\/baume-a-levre-keracnyl-repair-ducray\/","og_site_name":"pharmadreams","article_modified_time":"2023-12-19T18:38:13+00:00","og_image":[{"width":1000,"height":1000,"url":"https:\/\/pharmadreams.shop\/wp-content\/uploads\/2023\/12\/Baume-a-levres-ducray-keracny-repair-nourissant.jpg","type":"image\/jpeg"}],"twitter_card":"summary_large_image","schema":{"@context":"https:\/\/schema.org","@graph":[{"@type":"WebPage","@id":"https:\/\/pharmadreams.shop\/index.php\/product\/baume-a-levre-keracnyl-repair-ducray\/","url":"https:\/\/pharmadreams.shop\/index.php\/product\/baume-a-levre-keracnyl-repair-ducray\/","name":"Baume \u00e0 l\u00e8vre - Keracnyl repair - Ducray - pharmadreams","isPartOf":{"@id":"https:\/\/pharmadreams.shop\/#website"},"primaryImageOfPage":{"@id":"https:\/\/pharmadreams.shop\/index.php\/product\/baume-a-levre-keracnyl-repair-ducray\/#primaryimage"},"image":{"@id":"https:\/\/pharmadreams.shop\/index.php\/product\/baume-a-levre-keracnyl-repair-ducray\/#primaryimage"},"thumbnailUrl":"https:\/\/pharmadreams.shop\/wp-content\/uploads\/2023\/12\/Baume-a-levres-ducray-keracny-repair-nourissant.jpg","datePublished":"2023-12-19T18:37:43+00:00","dateModified":"2023-12-19T18:38:13+00:00","breadcrumb":{"@id":"https:\/\/pharmadreams.shop\/index.php\/product\/baume-a-levre-keracnyl-repair-ducray\/#breadcrumb"},"inLanguage":"fr-FR","potentialAction":[{"@type":"ReadAction","target":["https:\/\/pharmadreams.shop\/index.php\/product\/baume-a-levre-keracnyl-repair-ducray\/"]}]},{"@type":"ImageObject","inLanguage":"fr-FR","@id":"https:\/\/pharmadreams.shop\/index.php\/product\/baume-a-levre-keracnyl-repair-ducray\/#primaryimage","url":"https:\/\/pharmadreams.shop\/wp-content\/uploads\/2023\/12\/Baume-a-levres-ducray-keracny-repair-nourissant.jpg","contentUrl":"https:\/\/pharmadreams.shop\/wp-content\/uploads\/2023\/12\/Baume-a-levres-ducray-keracny-repair-nourissant.jpg","width":1000,"height":1000},{"@type":"BreadcrumbList","@id":"https:\/\/pharmadreams.shop\/index.php\/product\/baume-a-levre-keracnyl-repair-ducray\/#breadcrumb","itemListElement":[{"@type":"ListItem","position":1,"name":"Accueil","item":"https:\/\/pharmadreams.shop\/"},{"@type":"ListItem","position":2,"name":"Shop","item":"https:\/\/pharmadreams.shop\/index.php\/shop\/"},{"@type":"ListItem","position":3,"name":"Baume \u00e0 l\u00e8vre &#8211; Keracnyl repair &#8211; Ducray"}]},{"@type":"WebSite","@id":"https:\/\/pharmadreams.shop\/#website","url":"https:\/\/pharmadreams.shop\/","name":"pharmadreams","description":"Parapharmacie en ligne","potentialAction":[{"@type":"SearchAction","target":{"@type":"EntryPoint","urlTemplate":"https:\/\/pharmadreams.shop\/?s={search_term_string}"},"query-input":"required name=search_term_string"}],"inLanguage":"fr-FR"}]}},"_links":{"self":[{"href":"https:\/\/pharmadreams.shop\/index.php\/wp-json\/wp\/v2\/product\/16736","targetHints":{"allow":["GET"]}}],"collection":[{"href":"https:\/\/pharmadreams.shop\/index.php\/wp-json\/wp\/v2\/product"}],"about":[{"href":"https:\/\/pharmadreams.shop\/index.php\/wp-json\/wp\/v2\/types\/product"}],"replies":[{"embeddable":true,"href":"https:\/\/pharmadreams.shop\/index.php\/wp-json\/wp\/v2\/comments?post=16736"}],"version-history":[{"count":0,"href":"https:\/\/pharmadreams.shop\/index.php\/wp-json\/wp\/v2\/product\/16736\/revisions"}],"wp:featuredmedia":[{"embeddable":true,"href":"https:\/\/pharmadreams.shop\/index.php\/wp-json\/wp\/v2\/media\/16795"}],"wp:attachment":[{"href":"https:\/\/pharmadreams.shop\/index.php\/wp-json\/wp\/v2\/media?parent=16736"}],"wp:term":[{"taxonomy":"product_brand","embeddable":true,"href":"https:\/\/pharmadreams.shop\/index.php\/wp-json\/wp\/v2\/product_brand?post=16736"},{"taxonomy":"product_cat","embeddable":true,"href":"https:\/\/pharmadreams.shop\/index.php\/wp-json\/wp\/v2\/product_cat?post=16736"},{"taxonomy":"product_tag","embeddable":true,"href":"https:\/\/pharmadreams.shop\/index.php\/wp-json\/wp\/v2\/product_tag?post=16736"}],"curies":[{"name":"wp","href":"https:\/\/api.w.org\/{rel}","templated":true}]}}