{"id":16783,"date":"2023-12-19T19:38:10","date_gmt":"2023-12-19T18:38:10","guid":{"rendered":"https:\/\/venuspara.com\/?post_type=product&#038;p=16783"},"modified":"2024-06-10T11:43:28","modified_gmt":"2024-06-10T10:43:28","slug":"calino-liniment-oleo-calcaire-300ml","status":"publish","type":"product","link":"https:\/\/pharmadreams.shop\/index.php\/product\/calino-liniment-oleo-calcaire-300ml\/","title":{"rendered":"Calino liniment ol\u00e9o-calcaire, 300ml"},"content":{"rendered":"","protected":false},"excerpt":{"rendered":"<ul>\n<li>Le liniment ol\u00e9o-calcaire Calino est un produit naturel indiqu\u00e9 pour le nettoyage est la protection des fesses des b\u00e9b\u00e9s.<\/li>\n<li>ESTHELLE CALINO\u00a0LINIMENT OLEO CALCAIRE POUR LE CHANGE\u00a0 b\u00e9b\u00e9 a \u00e9t\u00e9 sp\u00e9cialement formul\u00e9e pour agir \u00e0 la source des facteurs d\u00e9clencheurs des irritations et rougeurs gr\u00e2ce \u00e0 un complexe unique d\u2019actifs naturels brevet\u00e9s<\/li>\n<\/ul>\n","protected":false},"featured_media":16847,"comment_status":"open","ping_status":"closed","template":"","meta":[],"product_brand":[],"product_cat":[261,153,365,104],"product_tag":[],"class_list":{"0":"post-16783","1":"product","2":"type-product","3":"status-publish","4":"has-post-thumbnail","6":"product_cat-eau-de-chaux","7":"product_cat-huile","8":"product_cat-maman-et-bebe","9":"product_cat-protection","11":"first","12":"instock","13":"shipping-taxable","14":"purchasable","15":"product-type-simple"},"yoast_head":"<!-- This site is optimized with the Yoast SEO plugin v23.0 - https:\/\/yoast.com\/wordpress\/plugins\/seo\/ -->\n<title>Calino liniment ol\u00e9o-calcaire, 300ml - pharmadreams<\/title>\n<meta name=\"robots\" content=\"index, follow, max-snippet:-1, max-image-preview:large, max-video-preview:-1\" \/>\n<link rel=\"canonical\" href=\"https:\/\/pharmadreams.shop\/index.php\/product\/calino-liniment-oleo-calcaire-300ml\/\" \/>\n<meta property=\"og:locale\" content=\"fr_FR\" \/>\n<meta property=\"og:type\" content=\"article\" \/>\n<meta property=\"og:title\" content=\"Calino liniment ol\u00e9o-calcaire, 300ml - pharmadreams\" \/>\n<meta property=\"og:description\" content=\"Le liniment ol\u00e9o-calcaire Calino est un produit naturel indiqu\u00e9 pour le nettoyage est la protection des fesses des b\u00e9b\u00e9s.  ESTHELLE CALINO\u00a0LINIMENT OLEO CALCAIRE POUR LE CHANGE\u00a0 b\u00e9b\u00e9 a \u00e9t\u00e9 sp\u00e9cialement formul\u00e9e pour agir \u00e0 la source des facteurs d\u00e9clencheurs des irritations et rougeurs gr\u00e2ce \u00e0 un complexe unique d\u2019actifs naturels brevet\u00e9s\" \/>\n<meta property=\"og:url\" content=\"https:\/\/pharmadreams.shop\/index.php\/product\/calino-liniment-oleo-calcaire-300ml\/\" \/>\n<meta property=\"og:site_name\" content=\"pharmadreams\" \/>\n<meta property=\"article:modified_time\" content=\"2024-06-10T10:43:28+00:00\" \/>\n<meta property=\"og:image\" content=\"https:\/\/pharmadreams.shop\/wp-content\/uploads\/2023\/12\/Sans-titre-16.png\" \/>\n\t<meta property=\"og:image:width\" content=\"900\" \/>\n\t<meta property=\"og:image:height\" content=\"960\" \/>\n\t<meta property=\"og:image:type\" content=\"image\/png\" \/>\n<meta name=\"twitter:card\" content=\"summary_large_image\" \/>\n<script type=\"application\/ld+json\" class=\"yoast-schema-graph\">{\"@context\":\"https:\/\/schema.org\",\"@graph\":[{\"@type\":\"WebPage\",\"@id\":\"https:\/\/pharmadreams.shop\/index.php\/product\/calino-liniment-oleo-calcaire-300ml\/\",\"url\":\"https:\/\/pharmadreams.shop\/index.php\/product\/calino-liniment-oleo-calcaire-300ml\/\",\"name\":\"Calino liniment ol\u00e9o-calcaire, 300ml - pharmadreams\",\"isPartOf\":{\"@id\":\"https:\/\/pharmadreams.shop\/#website\"},\"primaryImageOfPage\":{\"@id\":\"https:\/\/pharmadreams.shop\/index.php\/product\/calino-liniment-oleo-calcaire-300ml\/#primaryimage\"},\"image\":{\"@id\":\"https:\/\/pharmadreams.shop\/index.php\/product\/calino-liniment-oleo-calcaire-300ml\/#primaryimage\"},\"thumbnailUrl\":\"https:\/\/pharmadreams.shop\/wp-content\/uploads\/2023\/12\/Sans-titre-16.png\",\"datePublished\":\"2023-12-19T18:38:10+00:00\",\"dateModified\":\"2024-06-10T10:43:28+00:00\",\"breadcrumb\":{\"@id\":\"https:\/\/pharmadreams.shop\/index.php\/product\/calino-liniment-oleo-calcaire-300ml\/#breadcrumb\"},\"inLanguage\":\"fr-FR\",\"potentialAction\":[{\"@type\":\"ReadAction\",\"target\":[\"https:\/\/pharmadreams.shop\/index.php\/product\/calino-liniment-oleo-calcaire-300ml\/\"]}]},{\"@type\":\"ImageObject\",\"inLanguage\":\"fr-FR\",\"@id\":\"https:\/\/pharmadreams.shop\/index.php\/product\/calino-liniment-oleo-calcaire-300ml\/#primaryimage\",\"url\":\"https:\/\/pharmadreams.shop\/wp-content\/uploads\/2023\/12\/Sans-titre-16.png\",\"contentUrl\":\"https:\/\/pharmadreams.shop\/wp-content\/uploads\/2023\/12\/Sans-titre-16.png\",\"width\":900,\"height\":960},{\"@type\":\"BreadcrumbList\",\"@id\":\"https:\/\/pharmadreams.shop\/index.php\/product\/calino-liniment-oleo-calcaire-300ml\/#breadcrumb\",\"itemListElement\":[{\"@type\":\"ListItem\",\"position\":1,\"name\":\"Accueil\",\"item\":\"https:\/\/pharmadreams.shop\/\"},{\"@type\":\"ListItem\",\"position\":2,\"name\":\"Shop\",\"item\":\"https:\/\/pharmadreams.shop\/index.php\/shop\/\"},{\"@type\":\"ListItem\",\"position\":3,\"name\":\"Calino liniment ol\u00e9o-calcaire, 300ml\"}]},{\"@type\":\"WebSite\",\"@id\":\"https:\/\/pharmadreams.shop\/#website\",\"url\":\"https:\/\/pharmadreams.shop\/\",\"name\":\"pharmadreams\",\"description\":\"Parapharmacie en ligne\",\"potentialAction\":[{\"@type\":\"SearchAction\",\"target\":{\"@type\":\"EntryPoint\",\"urlTemplate\":\"https:\/\/pharmadreams.shop\/?s={search_term_string}\"},\"query-input\":\"required name=search_term_string\"}],\"inLanguage\":\"fr-FR\"}]}<\/script>\n<!-- \/ Yoast SEO plugin. -->","yoast_head_json":{"title":"Calino liniment ol\u00e9o-calcaire, 300ml - pharmadreams","robots":{"index":"index","follow":"follow","max-snippet":"max-snippet:-1","max-image-preview":"max-image-preview:large","max-video-preview":"max-video-preview:-1"},"canonical":"https:\/\/pharmadreams.shop\/index.php\/product\/calino-liniment-oleo-calcaire-300ml\/","og_locale":"fr_FR","og_type":"article","og_title":"Calino liniment ol\u00e9o-calcaire, 300ml - pharmadreams","og_description":"Le liniment ol\u00e9o-calcaire Calino est un produit naturel indiqu\u00e9 pour le nettoyage est la protection des fesses des b\u00e9b\u00e9s.  ESTHELLE CALINO\u00a0LINIMENT OLEO CALCAIRE POUR LE CHANGE\u00a0 b\u00e9b\u00e9 a \u00e9t\u00e9 sp\u00e9cialement formul\u00e9e pour agir \u00e0 la source des facteurs d\u00e9clencheurs des irritations et rougeurs gr\u00e2ce \u00e0 un complexe unique d\u2019actifs naturels brevet\u00e9s","og_url":"https:\/\/pharmadreams.shop\/index.php\/product\/calino-liniment-oleo-calcaire-300ml\/","og_site_name":"pharmadreams","article_modified_time":"2024-06-10T10:43:28+00:00","og_image":[{"width":900,"height":960,"url":"https:\/\/pharmadreams.shop\/wp-content\/uploads\/2023\/12\/Sans-titre-16.png","type":"image\/png"}],"twitter_card":"summary_large_image","schema":{"@context":"https:\/\/schema.org","@graph":[{"@type":"WebPage","@id":"https:\/\/pharmadreams.shop\/index.php\/product\/calino-liniment-oleo-calcaire-300ml\/","url":"https:\/\/pharmadreams.shop\/index.php\/product\/calino-liniment-oleo-calcaire-300ml\/","name":"Calino liniment ol\u00e9o-calcaire, 300ml - pharmadreams","isPartOf":{"@id":"https:\/\/pharmadreams.shop\/#website"},"primaryImageOfPage":{"@id":"https:\/\/pharmadreams.shop\/index.php\/product\/calino-liniment-oleo-calcaire-300ml\/#primaryimage"},"image":{"@id":"https:\/\/pharmadreams.shop\/index.php\/product\/calino-liniment-oleo-calcaire-300ml\/#primaryimage"},"thumbnailUrl":"https:\/\/pharmadreams.shop\/wp-content\/uploads\/2023\/12\/Sans-titre-16.png","datePublished":"2023-12-19T18:38:10+00:00","dateModified":"2024-06-10T10:43:28+00:00","breadcrumb":{"@id":"https:\/\/pharmadreams.shop\/index.php\/product\/calino-liniment-oleo-calcaire-300ml\/#breadcrumb"},"inLanguage":"fr-FR","potentialAction":[{"@type":"ReadAction","target":["https:\/\/pharmadreams.shop\/index.php\/product\/calino-liniment-oleo-calcaire-300ml\/"]}]},{"@type":"ImageObject","inLanguage":"fr-FR","@id":"https:\/\/pharmadreams.shop\/index.php\/product\/calino-liniment-oleo-calcaire-300ml\/#primaryimage","url":"https:\/\/pharmadreams.shop\/wp-content\/uploads\/2023\/12\/Sans-titre-16.png","contentUrl":"https:\/\/pharmadreams.shop\/wp-content\/uploads\/2023\/12\/Sans-titre-16.png","width":900,"height":960},{"@type":"BreadcrumbList","@id":"https:\/\/pharmadreams.shop\/index.php\/product\/calino-liniment-oleo-calcaire-300ml\/#breadcrumb","itemListElement":[{"@type":"ListItem","position":1,"name":"Accueil","item":"https:\/\/pharmadreams.shop\/"},{"@type":"ListItem","position":2,"name":"Shop","item":"https:\/\/pharmadreams.shop\/index.php\/shop\/"},{"@type":"ListItem","position":3,"name":"Calino liniment ol\u00e9o-calcaire, 300ml"}]},{"@type":"WebSite","@id":"https:\/\/pharmadreams.shop\/#website","url":"https:\/\/pharmadreams.shop\/","name":"pharmadreams","description":"Parapharmacie en ligne","potentialAction":[{"@type":"SearchAction","target":{"@type":"EntryPoint","urlTemplate":"https:\/\/pharmadreams.shop\/?s={search_term_string}"},"query-input":"required name=search_term_string"}],"inLanguage":"fr-FR"}]}},"_links":{"self":[{"href":"https:\/\/pharmadreams.shop\/index.php\/wp-json\/wp\/v2\/product\/16783","targetHints":{"allow":["GET"]}}],"collection":[{"href":"https:\/\/pharmadreams.shop\/index.php\/wp-json\/wp\/v2\/product"}],"about":[{"href":"https:\/\/pharmadreams.shop\/index.php\/wp-json\/wp\/v2\/types\/product"}],"replies":[{"embeddable":true,"href":"https:\/\/pharmadreams.shop\/index.php\/wp-json\/wp\/v2\/comments?post=16783"}],"version-history":[{"count":0,"href":"https:\/\/pharmadreams.shop\/index.php\/wp-json\/wp\/v2\/product\/16783\/revisions"}],"wp:featuredmedia":[{"embeddable":true,"href":"https:\/\/pharmadreams.shop\/index.php\/wp-json\/wp\/v2\/media\/16847"}],"wp:attachment":[{"href":"https:\/\/pharmadreams.shop\/index.php\/wp-json\/wp\/v2\/media?parent=16783"}],"wp:term":[{"taxonomy":"product_brand","embeddable":true,"href":"https:\/\/pharmadreams.shop\/index.php\/wp-json\/wp\/v2\/product_brand?post=16783"},{"taxonomy":"product_cat","embeddable":true,"href":"https:\/\/pharmadreams.shop\/index.php\/wp-json\/wp\/v2\/product_cat?post=16783"},{"taxonomy":"product_tag","embeddable":true,"href":"https:\/\/pharmadreams.shop\/index.php\/wp-json\/wp\/v2\/product_tag?post=16783"}],"curies":[{"name":"wp","href":"https:\/\/api.w.org\/{rel}","templated":true}]}}