{"id":16834,"date":"2023-12-19T19:38:37","date_gmt":"2023-12-19T18:38:37","guid":{"rendered":"https:\/\/venuspara.com\/?post_type=product&#038;p=16834"},"modified":"2024-03-16T00:06:22","modified_gmt":"2024-03-15T23:06:22","slug":"ecran-solaire-peaux-mixtes-a-grasses-xen-cb3-defense-spf-50-30ml","status":"publish","type":"product","link":"https:\/\/pharmadreams.shop\/index.php\/product\/ecran-solaire-peaux-mixtes-a-grasses-xen-cb3-defense-spf-50-30ml\/","title":{"rendered":"Ecran solaire peaux mixtes \u00e0 grasses &#8211; xen cb3 defense &#8211; spf 50 &#8211; 30ml"},"content":{"rendered":"","protected":false},"excerpt":{"rendered":"<p>Ecran solaire SPF 50+ riche en vitamines et antioxydants , con\u00e7u pour la prise en charge du photo_vieillissement (taches brunes , rides d\u00e9shydratation etc.) et des d\u00e9g\u00e2ts caus\u00e9s par la pollution.<\/p>\n","protected":false},"featured_media":16916,"comment_status":"open","ping_status":"closed","template":"","meta":[],"product_brand":[],"product_cat":[97,90,231],"product_tag":[],"class_list":{"0":"post-16834","1":"product","2":"type-product","3":"status-publish","4":"has-post-thumbnail","6":"product_cat-anti-imperfection","7":"product_cat-anti-tache","8":"product_cat-ecran-solaire","10":"first","11":"instock","12":"shipping-taxable","13":"purchasable","14":"product-type-simple"},"yoast_head":"<!-- This site is optimized with the Yoast SEO plugin v23.0 - https:\/\/yoast.com\/wordpress\/plugins\/seo\/ -->\n<title>Ecran solaire peaux mixtes \u00e0 grasses - xen cb3 defense - spf 50 - 30ml - pharmadreams<\/title>\n<meta name=\"robots\" content=\"index, follow, max-snippet:-1, max-image-preview:large, max-video-preview:-1\" \/>\n<link rel=\"canonical\" href=\"https:\/\/pharmadreams.shop\/index.php\/product\/ecran-solaire-peaux-mixtes-a-grasses-xen-cb3-defense-spf-50-30ml\/\" \/>\n<meta property=\"og:locale\" content=\"fr_FR\" \/>\n<meta property=\"og:type\" content=\"article\" \/>\n<meta property=\"og:title\" content=\"Ecran solaire peaux mixtes \u00e0 grasses - xen cb3 defense - spf 50 - 30ml - pharmadreams\" \/>\n<meta property=\"og:description\" content=\"Ecran solaire SPF 50+ riche en vitamines et antioxydants , con\u00e7u pour la prise en charge du photo_vieillissement (taches brunes , rides d\u00e9shydratation etc.) et des d\u00e9g\u00e2ts caus\u00e9s par la pollution.\" \/>\n<meta property=\"og:url\" content=\"https:\/\/pharmadreams.shop\/index.php\/product\/ecran-solaire-peaux-mixtes-a-grasses-xen-cb3-defense-spf-50-30ml\/\" \/>\n<meta property=\"og:site_name\" content=\"pharmadreams\" \/>\n<meta property=\"article:modified_time\" content=\"2024-03-15T23:06:22+00:00\" \/>\n<meta property=\"og:image\" content=\"https:\/\/pharmadreams.shop\/wp-content\/uploads\/2023\/12\/Sans-titre-11-1.png\" \/>\n\t<meta property=\"og:image:width\" content=\"872\" \/>\n\t<meta property=\"og:image:height\" content=\"1024\" \/>\n\t<meta property=\"og:image:type\" content=\"image\/png\" \/>\n<meta name=\"twitter:card\" content=\"summary_large_image\" \/>\n<meta name=\"twitter:label1\" content=\"Dur\u00e9e de lecture estim\u00e9e\" \/>\n\t<meta name=\"twitter:data1\" content=\"1 minute\" \/>\n<script type=\"application\/ld+json\" class=\"yoast-schema-graph\">{\"@context\":\"https:\/\/schema.org\",\"@graph\":[{\"@type\":\"WebPage\",\"@id\":\"https:\/\/pharmadreams.shop\/index.php\/product\/ecran-solaire-peaux-mixtes-a-grasses-xen-cb3-defense-spf-50-30ml\/\",\"url\":\"https:\/\/pharmadreams.shop\/index.php\/product\/ecran-solaire-peaux-mixtes-a-grasses-xen-cb3-defense-spf-50-30ml\/\",\"name\":\"Ecran solaire peaux mixtes \u00e0 grasses - xen cb3 defense - spf 50 - 30ml - pharmadreams\",\"isPartOf\":{\"@id\":\"https:\/\/pharmadreams.shop\/#website\"},\"primaryImageOfPage\":{\"@id\":\"https:\/\/pharmadreams.shop\/index.php\/product\/ecran-solaire-peaux-mixtes-a-grasses-xen-cb3-defense-spf-50-30ml\/#primaryimage\"},\"image\":{\"@id\":\"https:\/\/pharmadreams.shop\/index.php\/product\/ecran-solaire-peaux-mixtes-a-grasses-xen-cb3-defense-spf-50-30ml\/#primaryimage\"},\"thumbnailUrl\":\"https:\/\/pharmadreams.shop\/wp-content\/uploads\/2023\/12\/Sans-titre-11-1.png\",\"datePublished\":\"2023-12-19T18:38:37+00:00\",\"dateModified\":\"2024-03-15T23:06:22+00:00\",\"breadcrumb\":{\"@id\":\"https:\/\/pharmadreams.shop\/index.php\/product\/ecran-solaire-peaux-mixtes-a-grasses-xen-cb3-defense-spf-50-30ml\/#breadcrumb\"},\"inLanguage\":\"fr-FR\",\"potentialAction\":[{\"@type\":\"ReadAction\",\"target\":[\"https:\/\/pharmadreams.shop\/index.php\/product\/ecran-solaire-peaux-mixtes-a-grasses-xen-cb3-defense-spf-50-30ml\/\"]}]},{\"@type\":\"ImageObject\",\"inLanguage\":\"fr-FR\",\"@id\":\"https:\/\/pharmadreams.shop\/index.php\/product\/ecran-solaire-peaux-mixtes-a-grasses-xen-cb3-defense-spf-50-30ml\/#primaryimage\",\"url\":\"https:\/\/pharmadreams.shop\/wp-content\/uploads\/2023\/12\/Sans-titre-11-1.png\",\"contentUrl\":\"https:\/\/pharmadreams.shop\/wp-content\/uploads\/2023\/12\/Sans-titre-11-1.png\",\"width\":872,\"height\":1024},{\"@type\":\"BreadcrumbList\",\"@id\":\"https:\/\/pharmadreams.shop\/index.php\/product\/ecran-solaire-peaux-mixtes-a-grasses-xen-cb3-defense-spf-50-30ml\/#breadcrumb\",\"itemListElement\":[{\"@type\":\"ListItem\",\"position\":1,\"name\":\"Accueil\",\"item\":\"https:\/\/pharmadreams.shop\/\"},{\"@type\":\"ListItem\",\"position\":2,\"name\":\"Shop\",\"item\":\"https:\/\/pharmadreams.shop\/index.php\/shop\/\"},{\"@type\":\"ListItem\",\"position\":3,\"name\":\"Ecran solaire peaux mixtes \u00e0 grasses &#8211; xen cb3 defense &#8211; spf 50 &#8211; 30ml\"}]},{\"@type\":\"WebSite\",\"@id\":\"https:\/\/pharmadreams.shop\/#website\",\"url\":\"https:\/\/pharmadreams.shop\/\",\"name\":\"pharmadreams\",\"description\":\"Parapharmacie en ligne\",\"potentialAction\":[{\"@type\":\"SearchAction\",\"target\":{\"@type\":\"EntryPoint\",\"urlTemplate\":\"https:\/\/pharmadreams.shop\/?s={search_term_string}\"},\"query-input\":\"required name=search_term_string\"}],\"inLanguage\":\"fr-FR\"}]}<\/script>\n<!-- \/ Yoast SEO plugin. -->","yoast_head_json":{"title":"Ecran solaire peaux mixtes \u00e0 grasses - xen cb3 defense - spf 50 - 30ml - pharmadreams","robots":{"index":"index","follow":"follow","max-snippet":"max-snippet:-1","max-image-preview":"max-image-preview:large","max-video-preview":"max-video-preview:-1"},"canonical":"https:\/\/pharmadreams.shop\/index.php\/product\/ecran-solaire-peaux-mixtes-a-grasses-xen-cb3-defense-spf-50-30ml\/","og_locale":"fr_FR","og_type":"article","og_title":"Ecran solaire peaux mixtes \u00e0 grasses - xen cb3 defense - spf 50 - 30ml - pharmadreams","og_description":"Ecran solaire SPF 50+ riche en vitamines et antioxydants , con\u00e7u pour la prise en charge du photo_vieillissement (taches brunes , rides d\u00e9shydratation etc.) et des d\u00e9g\u00e2ts caus\u00e9s par la pollution.","og_url":"https:\/\/pharmadreams.shop\/index.php\/product\/ecran-solaire-peaux-mixtes-a-grasses-xen-cb3-defense-spf-50-30ml\/","og_site_name":"pharmadreams","article_modified_time":"2024-03-15T23:06:22+00:00","og_image":[{"width":872,"height":1024,"url":"https:\/\/pharmadreams.shop\/wp-content\/uploads\/2023\/12\/Sans-titre-11-1.png","type":"image\/png"}],"twitter_card":"summary_large_image","twitter_misc":{"Dur\u00e9e de lecture estim\u00e9e":"1 minute"},"schema":{"@context":"https:\/\/schema.org","@graph":[{"@type":"WebPage","@id":"https:\/\/pharmadreams.shop\/index.php\/product\/ecran-solaire-peaux-mixtes-a-grasses-xen-cb3-defense-spf-50-30ml\/","url":"https:\/\/pharmadreams.shop\/index.php\/product\/ecran-solaire-peaux-mixtes-a-grasses-xen-cb3-defense-spf-50-30ml\/","name":"Ecran solaire peaux mixtes \u00e0 grasses - xen cb3 defense - spf 50 - 30ml - pharmadreams","isPartOf":{"@id":"https:\/\/pharmadreams.shop\/#website"},"primaryImageOfPage":{"@id":"https:\/\/pharmadreams.shop\/index.php\/product\/ecran-solaire-peaux-mixtes-a-grasses-xen-cb3-defense-spf-50-30ml\/#primaryimage"},"image":{"@id":"https:\/\/pharmadreams.shop\/index.php\/product\/ecran-solaire-peaux-mixtes-a-grasses-xen-cb3-defense-spf-50-30ml\/#primaryimage"},"thumbnailUrl":"https:\/\/pharmadreams.shop\/wp-content\/uploads\/2023\/12\/Sans-titre-11-1.png","datePublished":"2023-12-19T18:38:37+00:00","dateModified":"2024-03-15T23:06:22+00:00","breadcrumb":{"@id":"https:\/\/pharmadreams.shop\/index.php\/product\/ecran-solaire-peaux-mixtes-a-grasses-xen-cb3-defense-spf-50-30ml\/#breadcrumb"},"inLanguage":"fr-FR","potentialAction":[{"@type":"ReadAction","target":["https:\/\/pharmadreams.shop\/index.php\/product\/ecran-solaire-peaux-mixtes-a-grasses-xen-cb3-defense-spf-50-30ml\/"]}]},{"@type":"ImageObject","inLanguage":"fr-FR","@id":"https:\/\/pharmadreams.shop\/index.php\/product\/ecran-solaire-peaux-mixtes-a-grasses-xen-cb3-defense-spf-50-30ml\/#primaryimage","url":"https:\/\/pharmadreams.shop\/wp-content\/uploads\/2023\/12\/Sans-titre-11-1.png","contentUrl":"https:\/\/pharmadreams.shop\/wp-content\/uploads\/2023\/12\/Sans-titre-11-1.png","width":872,"height":1024},{"@type":"BreadcrumbList","@id":"https:\/\/pharmadreams.shop\/index.php\/product\/ecran-solaire-peaux-mixtes-a-grasses-xen-cb3-defense-spf-50-30ml\/#breadcrumb","itemListElement":[{"@type":"ListItem","position":1,"name":"Accueil","item":"https:\/\/pharmadreams.shop\/"},{"@type":"ListItem","position":2,"name":"Shop","item":"https:\/\/pharmadreams.shop\/index.php\/shop\/"},{"@type":"ListItem","position":3,"name":"Ecran solaire peaux mixtes \u00e0 grasses &#8211; xen cb3 defense &#8211; spf 50 &#8211; 30ml"}]},{"@type":"WebSite","@id":"https:\/\/pharmadreams.shop\/#website","url":"https:\/\/pharmadreams.shop\/","name":"pharmadreams","description":"Parapharmacie en ligne","potentialAction":[{"@type":"SearchAction","target":{"@type":"EntryPoint","urlTemplate":"https:\/\/pharmadreams.shop\/?s={search_term_string}"},"query-input":"required name=search_term_string"}],"inLanguage":"fr-FR"}]}},"_links":{"self":[{"href":"https:\/\/pharmadreams.shop\/index.php\/wp-json\/wp\/v2\/product\/16834","targetHints":{"allow":["GET"]}}],"collection":[{"href":"https:\/\/pharmadreams.shop\/index.php\/wp-json\/wp\/v2\/product"}],"about":[{"href":"https:\/\/pharmadreams.shop\/index.php\/wp-json\/wp\/v2\/types\/product"}],"replies":[{"embeddable":true,"href":"https:\/\/pharmadreams.shop\/index.php\/wp-json\/wp\/v2\/comments?post=16834"}],"version-history":[{"count":0,"href":"https:\/\/pharmadreams.shop\/index.php\/wp-json\/wp\/v2\/product\/16834\/revisions"}],"wp:featuredmedia":[{"embeddable":true,"href":"https:\/\/pharmadreams.shop\/index.php\/wp-json\/wp\/v2\/media\/16916"}],"wp:attachment":[{"href":"https:\/\/pharmadreams.shop\/index.php\/wp-json\/wp\/v2\/media?parent=16834"}],"wp:term":[{"taxonomy":"product_brand","embeddable":true,"href":"https:\/\/pharmadreams.shop\/index.php\/wp-json\/wp\/v2\/product_brand?post=16834"},{"taxonomy":"product_cat","embeddable":true,"href":"https:\/\/pharmadreams.shop\/index.php\/wp-json\/wp\/v2\/product_cat?post=16834"},{"taxonomy":"product_tag","embeddable":true,"href":"https:\/\/pharmadreams.shop\/index.php\/wp-json\/wp\/v2\/product_tag?post=16834"}],"curies":[{"name":"wp","href":"https:\/\/api.w.org\/{rel}","templated":true}]}}