{"id":16869,"date":"2023-12-19T19:39:03","date_gmt":"2023-12-19T18:39:03","guid":{"rendered":"https:\/\/venuspara.com\/?post_type=product&#038;p=16869"},"modified":"2023-12-19T19:40:21","modified_gmt":"2023-12-19T18:40:21","slug":"natnove-bio-shampoing-reparateur-250ml","status":"publish","type":"product","link":"https:\/\/pharmadreams.shop\/index.php\/product\/natnove-bio-shampoing-reparateur-250ml\/","title":{"rendered":"Nat&#038;nove bio shampoing r\u00e9parateur &#8211; 250ml"},"content":{"rendered":"","protected":false},"excerpt":{"rendered":"<p>NAT&amp;NOVE BIO Shampoing Reparateur\u00a0r\u00e9pare les cheveux abim\u00e9s et les prot\u00e8ge. Le cuir chevelu est r\u00e9g\u00e9n\u00e9r\u00e9 et la repousse des cheveux s&rsquo;effectue plus sainement.<\/p>\n<p>Les actifs naturels tels que l&rsquo;extrait de prune hydratent et fortifient les cheveux tout en donnant un brillant \u00e9clatant \u00e0 n&rsquo;importe quelle couleur.<\/p>\n","protected":false},"featured_media":16955,"comment_status":"open","ping_status":"closed","template":"","meta":[],"product_brand":[],"product_cat":[113,98,82],"product_tag":[],"class_list":{"0":"post-16869","1":"product","2":"type-product","3":"status-publish","4":"has-post-thumbnail","6":"product_cat-cuir-chevelu","7":"product_cat-hydratation","8":"product_cat-shampooing","10":"first","11":"instock","12":"shipping-taxable","13":"purchasable","14":"product-type-simple"},"yoast_head":"<!-- This site is optimized with the Yoast SEO plugin v23.0 - https:\/\/yoast.com\/wordpress\/plugins\/seo\/ -->\n<title>Nat&amp;nove bio shampoing r\u00e9parateur - 250ml - pharmadreams<\/title>\n<meta name=\"robots\" content=\"index, follow, max-snippet:-1, max-image-preview:large, max-video-preview:-1\" \/>\n<link rel=\"canonical\" href=\"https:\/\/pharmadreams.shop\/index.php\/product\/natnove-bio-shampoing-reparateur-250ml\/\" \/>\n<meta property=\"og:locale\" content=\"fr_FR\" \/>\n<meta property=\"og:type\" content=\"article\" \/>\n<meta property=\"og:title\" content=\"Nat&amp;nove bio shampoing r\u00e9parateur - 250ml - pharmadreams\" \/>\n<meta property=\"og:description\" content=\"NAT&amp;NOVE BIO Shampoing Reparateur\u00a0r\u00e9pare les cheveux abim\u00e9s et les prot\u00e8ge. Le cuir chevelu est r\u00e9g\u00e9n\u00e9r\u00e9 et la repousse des cheveux s&#039;effectue plus sainement.  Les actifs naturels tels que l&#039;extrait de prune hydratent et fortifient les cheveux tout en donnant un brillant \u00e9clatant \u00e0 n&#039;importe quelle couleur.\" \/>\n<meta property=\"og:url\" content=\"https:\/\/pharmadreams.shop\/index.php\/product\/natnove-bio-shampoing-reparateur-250ml\/\" \/>\n<meta property=\"og:site_name\" content=\"pharmadreams\" \/>\n<meta property=\"article:modified_time\" content=\"2023-12-19T18:40:21+00:00\" \/>\n<meta property=\"og:image\" content=\"https:\/\/pharmadreams.shop\/wp-content\/uploads\/2023\/12\/Sans-titre-22-1.png\" \/>\n\t<meta property=\"og:image:width\" content=\"760\" \/>\n\t<meta property=\"og:image:height\" content=\"816\" \/>\n\t<meta property=\"og:image:type\" content=\"image\/png\" \/>\n<meta name=\"twitter:card\" content=\"summary_large_image\" \/>\n<script type=\"application\/ld+json\" class=\"yoast-schema-graph\">{\"@context\":\"https:\/\/schema.org\",\"@graph\":[{\"@type\":\"WebPage\",\"@id\":\"https:\/\/pharmadreams.shop\/index.php\/product\/natnove-bio-shampoing-reparateur-250ml\/\",\"url\":\"https:\/\/pharmadreams.shop\/index.php\/product\/natnove-bio-shampoing-reparateur-250ml\/\",\"name\":\"Nat&nove bio shampoing r\u00e9parateur - 250ml - pharmadreams\",\"isPartOf\":{\"@id\":\"https:\/\/pharmadreams.shop\/#website\"},\"primaryImageOfPage\":{\"@id\":\"https:\/\/pharmadreams.shop\/index.php\/product\/natnove-bio-shampoing-reparateur-250ml\/#primaryimage\"},\"image\":{\"@id\":\"https:\/\/pharmadreams.shop\/index.php\/product\/natnove-bio-shampoing-reparateur-250ml\/#primaryimage\"},\"thumbnailUrl\":\"https:\/\/pharmadreams.shop\/wp-content\/uploads\/2023\/12\/Sans-titre-22-1.png\",\"datePublished\":\"2023-12-19T18:39:03+00:00\",\"dateModified\":\"2023-12-19T18:40:21+00:00\",\"breadcrumb\":{\"@id\":\"https:\/\/pharmadreams.shop\/index.php\/product\/natnove-bio-shampoing-reparateur-250ml\/#breadcrumb\"},\"inLanguage\":\"fr-FR\",\"potentialAction\":[{\"@type\":\"ReadAction\",\"target\":[\"https:\/\/pharmadreams.shop\/index.php\/product\/natnove-bio-shampoing-reparateur-250ml\/\"]}]},{\"@type\":\"ImageObject\",\"inLanguage\":\"fr-FR\",\"@id\":\"https:\/\/pharmadreams.shop\/index.php\/product\/natnove-bio-shampoing-reparateur-250ml\/#primaryimage\",\"url\":\"https:\/\/pharmadreams.shop\/wp-content\/uploads\/2023\/12\/Sans-titre-22-1.png\",\"contentUrl\":\"https:\/\/pharmadreams.shop\/wp-content\/uploads\/2023\/12\/Sans-titre-22-1.png\",\"width\":760,\"height\":816},{\"@type\":\"BreadcrumbList\",\"@id\":\"https:\/\/pharmadreams.shop\/index.php\/product\/natnove-bio-shampoing-reparateur-250ml\/#breadcrumb\",\"itemListElement\":[{\"@type\":\"ListItem\",\"position\":1,\"name\":\"Accueil\",\"item\":\"https:\/\/pharmadreams.shop\/\"},{\"@type\":\"ListItem\",\"position\":2,\"name\":\"Shop\",\"item\":\"https:\/\/pharmadreams.shop\/index.php\/shop\/\"},{\"@type\":\"ListItem\",\"position\":3,\"name\":\"Nat&#038;nove bio shampoing r\u00e9parateur &#8211; 250ml\"}]},{\"@type\":\"WebSite\",\"@id\":\"https:\/\/pharmadreams.shop\/#website\",\"url\":\"https:\/\/pharmadreams.shop\/\",\"name\":\"pharmadreams\",\"description\":\"Parapharmacie en ligne\",\"potentialAction\":[{\"@type\":\"SearchAction\",\"target\":{\"@type\":\"EntryPoint\",\"urlTemplate\":\"https:\/\/pharmadreams.shop\/?s={search_term_string}\"},\"query-input\":\"required name=search_term_string\"}],\"inLanguage\":\"fr-FR\"}]}<\/script>\n<!-- \/ Yoast SEO plugin. -->","yoast_head_json":{"title":"Nat&nove bio shampoing r\u00e9parateur - 250ml - pharmadreams","robots":{"index":"index","follow":"follow","max-snippet":"max-snippet:-1","max-image-preview":"max-image-preview:large","max-video-preview":"max-video-preview:-1"},"canonical":"https:\/\/pharmadreams.shop\/index.php\/product\/natnove-bio-shampoing-reparateur-250ml\/","og_locale":"fr_FR","og_type":"article","og_title":"Nat&nove bio shampoing r\u00e9parateur - 250ml - pharmadreams","og_description":"NAT&amp;NOVE BIO Shampoing Reparateur\u00a0r\u00e9pare les cheveux abim\u00e9s et les prot\u00e8ge. Le cuir chevelu est r\u00e9g\u00e9n\u00e9r\u00e9 et la repousse des cheveux s'effectue plus sainement.  Les actifs naturels tels que l'extrait de prune hydratent et fortifient les cheveux tout en donnant un brillant \u00e9clatant \u00e0 n'importe quelle couleur.","og_url":"https:\/\/pharmadreams.shop\/index.php\/product\/natnove-bio-shampoing-reparateur-250ml\/","og_site_name":"pharmadreams","article_modified_time":"2023-12-19T18:40:21+00:00","og_image":[{"width":760,"height":816,"url":"https:\/\/pharmadreams.shop\/wp-content\/uploads\/2023\/12\/Sans-titre-22-1.png","type":"image\/png"}],"twitter_card":"summary_large_image","schema":{"@context":"https:\/\/schema.org","@graph":[{"@type":"WebPage","@id":"https:\/\/pharmadreams.shop\/index.php\/product\/natnove-bio-shampoing-reparateur-250ml\/","url":"https:\/\/pharmadreams.shop\/index.php\/product\/natnove-bio-shampoing-reparateur-250ml\/","name":"Nat&nove bio shampoing r\u00e9parateur - 250ml - pharmadreams","isPartOf":{"@id":"https:\/\/pharmadreams.shop\/#website"},"primaryImageOfPage":{"@id":"https:\/\/pharmadreams.shop\/index.php\/product\/natnove-bio-shampoing-reparateur-250ml\/#primaryimage"},"image":{"@id":"https:\/\/pharmadreams.shop\/index.php\/product\/natnove-bio-shampoing-reparateur-250ml\/#primaryimage"},"thumbnailUrl":"https:\/\/pharmadreams.shop\/wp-content\/uploads\/2023\/12\/Sans-titre-22-1.png","datePublished":"2023-12-19T18:39:03+00:00","dateModified":"2023-12-19T18:40:21+00:00","breadcrumb":{"@id":"https:\/\/pharmadreams.shop\/index.php\/product\/natnove-bio-shampoing-reparateur-250ml\/#breadcrumb"},"inLanguage":"fr-FR","potentialAction":[{"@type":"ReadAction","target":["https:\/\/pharmadreams.shop\/index.php\/product\/natnove-bio-shampoing-reparateur-250ml\/"]}]},{"@type":"ImageObject","inLanguage":"fr-FR","@id":"https:\/\/pharmadreams.shop\/index.php\/product\/natnove-bio-shampoing-reparateur-250ml\/#primaryimage","url":"https:\/\/pharmadreams.shop\/wp-content\/uploads\/2023\/12\/Sans-titre-22-1.png","contentUrl":"https:\/\/pharmadreams.shop\/wp-content\/uploads\/2023\/12\/Sans-titre-22-1.png","width":760,"height":816},{"@type":"BreadcrumbList","@id":"https:\/\/pharmadreams.shop\/index.php\/product\/natnove-bio-shampoing-reparateur-250ml\/#breadcrumb","itemListElement":[{"@type":"ListItem","position":1,"name":"Accueil","item":"https:\/\/pharmadreams.shop\/"},{"@type":"ListItem","position":2,"name":"Shop","item":"https:\/\/pharmadreams.shop\/index.php\/shop\/"},{"@type":"ListItem","position":3,"name":"Nat&#038;nove bio shampoing r\u00e9parateur &#8211; 250ml"}]},{"@type":"WebSite","@id":"https:\/\/pharmadreams.shop\/#website","url":"https:\/\/pharmadreams.shop\/","name":"pharmadreams","description":"Parapharmacie en ligne","potentialAction":[{"@type":"SearchAction","target":{"@type":"EntryPoint","urlTemplate":"https:\/\/pharmadreams.shop\/?s={search_term_string}"},"query-input":"required name=search_term_string"}],"inLanguage":"fr-FR"}]}},"_links":{"self":[{"href":"https:\/\/pharmadreams.shop\/index.php\/wp-json\/wp\/v2\/product\/16869","targetHints":{"allow":["GET"]}}],"collection":[{"href":"https:\/\/pharmadreams.shop\/index.php\/wp-json\/wp\/v2\/product"}],"about":[{"href":"https:\/\/pharmadreams.shop\/index.php\/wp-json\/wp\/v2\/types\/product"}],"replies":[{"embeddable":true,"href":"https:\/\/pharmadreams.shop\/index.php\/wp-json\/wp\/v2\/comments?post=16869"}],"version-history":[{"count":0,"href":"https:\/\/pharmadreams.shop\/index.php\/wp-json\/wp\/v2\/product\/16869\/revisions"}],"wp:featuredmedia":[{"embeddable":true,"href":"https:\/\/pharmadreams.shop\/index.php\/wp-json\/wp\/v2\/media\/16955"}],"wp:attachment":[{"href":"https:\/\/pharmadreams.shop\/index.php\/wp-json\/wp\/v2\/media?parent=16869"}],"wp:term":[{"taxonomy":"product_brand","embeddable":true,"href":"https:\/\/pharmadreams.shop\/index.php\/wp-json\/wp\/v2\/product_brand?post=16869"},{"taxonomy":"product_cat","embeddable":true,"href":"https:\/\/pharmadreams.shop\/index.php\/wp-json\/wp\/v2\/product_cat?post=16869"},{"taxonomy":"product_tag","embeddable":true,"href":"https:\/\/pharmadreams.shop\/index.php\/wp-json\/wp\/v2\/product_tag?post=16869"}],"curies":[{"name":"wp","href":"https:\/\/api.w.org\/{rel}","templated":true}]}}