{"id":16870,"date":"2023-12-19T19:39:03","date_gmt":"2023-12-19T18:39:03","guid":{"rendered":"https:\/\/venuspara.com\/?post_type=product&#038;p=16870"},"modified":"2024-05-08T19:32:55","modified_gmt":"2024-05-08T18:32:55","slug":"creme-hydratante-visage-main-corps-spf-30-50ml","status":"publish","type":"product","link":"https:\/\/pharmadreams.shop\/index.php\/product\/creme-hydratante-visage-main-corps-spf-30-50ml\/","title":{"rendered":"Cr\u00e8me hydratante visage main corps SPF 30 \u2013 50ml"},"content":{"rendered":"","protected":false},"excerpt":{"rendered":"<p><strong>MILK Hydratation Naturallabo \u2013 Cr\u00e8me hydratante visage main corps SPF 30 \u2013 50ml<\/strong><\/p>\n<p>Soignez vos peaux s\u00e8ches ou d\u00e9shydrat\u00e9es. Milk cr\u00e8me vous offre un soin imm\u00e9diat et de longue dur\u00e9e pour votre s\u00e9cheresse cutan\u00e9e; soin con\u00e7u pour l\u2019hydratation des mains, du visage ou du corps. MILK HYDRATATION l\u2019innovation en mati\u00e8re d\u2019hydratation.<br \/>\nLa nouvelle cr\u00e8me enrichie en PROVITAMINE B5, en VITAMINE E, en AMANDE DOUCE et beure de karit\u00e9, un v\u00e9ritable soin pour les peaux ab\u00eem\u00e9es et s\u00e8ches.<br \/>\nUne formule non comedog\u00e8ne, hypoallergenique, sans alcool et sans parabens, nourrit soigne et prot\u00e8ge votre peau.<\/p>\n","protected":false},"featured_media":16957,"comment_status":"open","ping_status":"closed","template":"","meta":[],"product_brand":[],"product_cat":[28,78,98,274,79,20],"product_tag":[],"class_list":{"0":"post-16870","1":"product","2":"type-product","3":"status-publish","4":"has-post-thumbnail","6":"product_cat-corps","7":"product_cat-cremes","8":"product_cat-hydratation","9":"product_cat-peaux-abimees","10":"product_cat-peaux-seches","11":"product_cat-visage","13":"first","14":"instock","15":"shipping-taxable","16":"purchasable","17":"product-type-simple"},"yoast_head":"<!-- This site is optimized with the Yoast SEO plugin v23.0 - https:\/\/yoast.com\/wordpress\/plugins\/seo\/ -->\n<title>Cr\u00e8me hydratante visage main corps SPF 30 \u2013 50ml - pharmadreams<\/title>\n<meta name=\"robots\" content=\"index, follow, max-snippet:-1, max-image-preview:large, max-video-preview:-1\" \/>\n<link rel=\"canonical\" href=\"https:\/\/pharmadreams.shop\/index.php\/product\/creme-hydratante-visage-main-corps-spf-30-50ml\/\" \/>\n<meta property=\"og:locale\" content=\"fr_FR\" \/>\n<meta property=\"og:type\" content=\"article\" \/>\n<meta property=\"og:title\" content=\"Cr\u00e8me hydratante visage main corps SPF 30 \u2013 50ml - pharmadreams\" \/>\n<meta property=\"og:description\" content=\"MILK Hydratation Naturallabo \u2013 Cr\u00e8me hydratante visage main corps SPF 30 \u2013 50ml  Soignez vos peaux s\u00e8ches ou d\u00e9shydrat\u00e9es. Milk cr\u00e8me vous offre un soin imm\u00e9diat et de longue dur\u00e9e pour votre s\u00e9cheresse cutan\u00e9e; soin con\u00e7u pour l\u2019hydratation des mains, du visage ou du corps. MILK HYDRATATION l\u2019innovation en mati\u00e8re d\u2019hydratation. La nouvelle cr\u00e8me enrichie en PROVITAMINE B5, en VITAMINE E, en AMANDE DOUCE et beure de karit\u00e9, un v\u00e9ritable soin pour les peaux ab\u00eem\u00e9es et s\u00e8ches. Une formule non comedog\u00e8ne, hypoallergenique, sans alcool et sans parabens, nourrit soigne et prot\u00e8ge votre peau.\" \/>\n<meta property=\"og:url\" content=\"https:\/\/pharmadreams.shop\/index.php\/product\/creme-hydratante-visage-main-corps-spf-30-50ml\/\" \/>\n<meta property=\"og:site_name\" content=\"pharmadreams\" \/>\n<meta property=\"article:modified_time\" content=\"2024-05-08T18:32:55+00:00\" \/>\n<meta property=\"og:image\" content=\"https:\/\/pharmadreams.shop\/wp-content\/uploads\/2023\/12\/Sans-titre-23-1.png\" \/>\n\t<meta property=\"og:image:width\" content=\"704\" \/>\n\t<meta property=\"og:image:height\" content=\"760\" \/>\n\t<meta property=\"og:image:type\" content=\"image\/png\" \/>\n<meta name=\"twitter:card\" content=\"summary_large_image\" \/>\n<script type=\"application\/ld+json\" class=\"yoast-schema-graph\">{\"@context\":\"https:\/\/schema.org\",\"@graph\":[{\"@type\":\"WebPage\",\"@id\":\"https:\/\/pharmadreams.shop\/index.php\/product\/creme-hydratante-visage-main-corps-spf-30-50ml\/\",\"url\":\"https:\/\/pharmadreams.shop\/index.php\/product\/creme-hydratante-visage-main-corps-spf-30-50ml\/\",\"name\":\"Cr\u00e8me hydratante visage main corps SPF 30 \u2013 50ml - pharmadreams\",\"isPartOf\":{\"@id\":\"https:\/\/pharmadreams.shop\/#website\"},\"primaryImageOfPage\":{\"@id\":\"https:\/\/pharmadreams.shop\/index.php\/product\/creme-hydratante-visage-main-corps-spf-30-50ml\/#primaryimage\"},\"image\":{\"@id\":\"https:\/\/pharmadreams.shop\/index.php\/product\/creme-hydratante-visage-main-corps-spf-30-50ml\/#primaryimage\"},\"thumbnailUrl\":\"https:\/\/pharmadreams.shop\/wp-content\/uploads\/2023\/12\/Sans-titre-23-1.png\",\"datePublished\":\"2023-12-19T18:39:03+00:00\",\"dateModified\":\"2024-05-08T18:32:55+00:00\",\"breadcrumb\":{\"@id\":\"https:\/\/pharmadreams.shop\/index.php\/product\/creme-hydratante-visage-main-corps-spf-30-50ml\/#breadcrumb\"},\"inLanguage\":\"fr-FR\",\"potentialAction\":[{\"@type\":\"ReadAction\",\"target\":[\"https:\/\/pharmadreams.shop\/index.php\/product\/creme-hydratante-visage-main-corps-spf-30-50ml\/\"]}]},{\"@type\":\"ImageObject\",\"inLanguage\":\"fr-FR\",\"@id\":\"https:\/\/pharmadreams.shop\/index.php\/product\/creme-hydratante-visage-main-corps-spf-30-50ml\/#primaryimage\",\"url\":\"https:\/\/pharmadreams.shop\/wp-content\/uploads\/2023\/12\/Sans-titre-23-1.png\",\"contentUrl\":\"https:\/\/pharmadreams.shop\/wp-content\/uploads\/2023\/12\/Sans-titre-23-1.png\",\"width\":704,\"height\":760},{\"@type\":\"BreadcrumbList\",\"@id\":\"https:\/\/pharmadreams.shop\/index.php\/product\/creme-hydratante-visage-main-corps-spf-30-50ml\/#breadcrumb\",\"itemListElement\":[{\"@type\":\"ListItem\",\"position\":1,\"name\":\"Accueil\",\"item\":\"https:\/\/pharmadreams.shop\/\"},{\"@type\":\"ListItem\",\"position\":2,\"name\":\"Shop\",\"item\":\"https:\/\/pharmadreams.shop\/index.php\/shop\/\"},{\"@type\":\"ListItem\",\"position\":3,\"name\":\"Cr\u00e8me hydratante visage main corps SPF 30 \u2013 50ml\"}]},{\"@type\":\"WebSite\",\"@id\":\"https:\/\/pharmadreams.shop\/#website\",\"url\":\"https:\/\/pharmadreams.shop\/\",\"name\":\"pharmadreams\",\"description\":\"Parapharmacie en ligne\",\"potentialAction\":[{\"@type\":\"SearchAction\",\"target\":{\"@type\":\"EntryPoint\",\"urlTemplate\":\"https:\/\/pharmadreams.shop\/?s={search_term_string}\"},\"query-input\":\"required name=search_term_string\"}],\"inLanguage\":\"fr-FR\"}]}<\/script>\n<!-- \/ Yoast SEO plugin. -->","yoast_head_json":{"title":"Cr\u00e8me hydratante visage main corps SPF 30 \u2013 50ml - pharmadreams","robots":{"index":"index","follow":"follow","max-snippet":"max-snippet:-1","max-image-preview":"max-image-preview:large","max-video-preview":"max-video-preview:-1"},"canonical":"https:\/\/pharmadreams.shop\/index.php\/product\/creme-hydratante-visage-main-corps-spf-30-50ml\/","og_locale":"fr_FR","og_type":"article","og_title":"Cr\u00e8me hydratante visage main corps SPF 30 \u2013 50ml - pharmadreams","og_description":"MILK Hydratation Naturallabo \u2013 Cr\u00e8me hydratante visage main corps SPF 30 \u2013 50ml  Soignez vos peaux s\u00e8ches ou d\u00e9shydrat\u00e9es. Milk cr\u00e8me vous offre un soin imm\u00e9diat et de longue dur\u00e9e pour votre s\u00e9cheresse cutan\u00e9e; soin con\u00e7u pour l\u2019hydratation des mains, du visage ou du corps. MILK HYDRATATION l\u2019innovation en mati\u00e8re d\u2019hydratation. La nouvelle cr\u00e8me enrichie en PROVITAMINE B5, en VITAMINE E, en AMANDE DOUCE et beure de karit\u00e9, un v\u00e9ritable soin pour les peaux ab\u00eem\u00e9es et s\u00e8ches. Une formule non comedog\u00e8ne, hypoallergenique, sans alcool et sans parabens, nourrit soigne et prot\u00e8ge votre peau.","og_url":"https:\/\/pharmadreams.shop\/index.php\/product\/creme-hydratante-visage-main-corps-spf-30-50ml\/","og_site_name":"pharmadreams","article_modified_time":"2024-05-08T18:32:55+00:00","og_image":[{"width":704,"height":760,"url":"https:\/\/pharmadreams.shop\/wp-content\/uploads\/2023\/12\/Sans-titre-23-1.png","type":"image\/png"}],"twitter_card":"summary_large_image","schema":{"@context":"https:\/\/schema.org","@graph":[{"@type":"WebPage","@id":"https:\/\/pharmadreams.shop\/index.php\/product\/creme-hydratante-visage-main-corps-spf-30-50ml\/","url":"https:\/\/pharmadreams.shop\/index.php\/product\/creme-hydratante-visage-main-corps-spf-30-50ml\/","name":"Cr\u00e8me hydratante visage main corps SPF 30 \u2013 50ml - pharmadreams","isPartOf":{"@id":"https:\/\/pharmadreams.shop\/#website"},"primaryImageOfPage":{"@id":"https:\/\/pharmadreams.shop\/index.php\/product\/creme-hydratante-visage-main-corps-spf-30-50ml\/#primaryimage"},"image":{"@id":"https:\/\/pharmadreams.shop\/index.php\/product\/creme-hydratante-visage-main-corps-spf-30-50ml\/#primaryimage"},"thumbnailUrl":"https:\/\/pharmadreams.shop\/wp-content\/uploads\/2023\/12\/Sans-titre-23-1.png","datePublished":"2023-12-19T18:39:03+00:00","dateModified":"2024-05-08T18:32:55+00:00","breadcrumb":{"@id":"https:\/\/pharmadreams.shop\/index.php\/product\/creme-hydratante-visage-main-corps-spf-30-50ml\/#breadcrumb"},"inLanguage":"fr-FR","potentialAction":[{"@type":"ReadAction","target":["https:\/\/pharmadreams.shop\/index.php\/product\/creme-hydratante-visage-main-corps-spf-30-50ml\/"]}]},{"@type":"ImageObject","inLanguage":"fr-FR","@id":"https:\/\/pharmadreams.shop\/index.php\/product\/creme-hydratante-visage-main-corps-spf-30-50ml\/#primaryimage","url":"https:\/\/pharmadreams.shop\/wp-content\/uploads\/2023\/12\/Sans-titre-23-1.png","contentUrl":"https:\/\/pharmadreams.shop\/wp-content\/uploads\/2023\/12\/Sans-titre-23-1.png","width":704,"height":760},{"@type":"BreadcrumbList","@id":"https:\/\/pharmadreams.shop\/index.php\/product\/creme-hydratante-visage-main-corps-spf-30-50ml\/#breadcrumb","itemListElement":[{"@type":"ListItem","position":1,"name":"Accueil","item":"https:\/\/pharmadreams.shop\/"},{"@type":"ListItem","position":2,"name":"Shop","item":"https:\/\/pharmadreams.shop\/index.php\/shop\/"},{"@type":"ListItem","position":3,"name":"Cr\u00e8me hydratante visage main corps SPF 30 \u2013 50ml"}]},{"@type":"WebSite","@id":"https:\/\/pharmadreams.shop\/#website","url":"https:\/\/pharmadreams.shop\/","name":"pharmadreams","description":"Parapharmacie en ligne","potentialAction":[{"@type":"SearchAction","target":{"@type":"EntryPoint","urlTemplate":"https:\/\/pharmadreams.shop\/?s={search_term_string}"},"query-input":"required name=search_term_string"}],"inLanguage":"fr-FR"}]}},"_links":{"self":[{"href":"https:\/\/pharmadreams.shop\/index.php\/wp-json\/wp\/v2\/product\/16870","targetHints":{"allow":["GET"]}}],"collection":[{"href":"https:\/\/pharmadreams.shop\/index.php\/wp-json\/wp\/v2\/product"}],"about":[{"href":"https:\/\/pharmadreams.shop\/index.php\/wp-json\/wp\/v2\/types\/product"}],"replies":[{"embeddable":true,"href":"https:\/\/pharmadreams.shop\/index.php\/wp-json\/wp\/v2\/comments?post=16870"}],"version-history":[{"count":0,"href":"https:\/\/pharmadreams.shop\/index.php\/wp-json\/wp\/v2\/product\/16870\/revisions"}],"wp:featuredmedia":[{"embeddable":true,"href":"https:\/\/pharmadreams.shop\/index.php\/wp-json\/wp\/v2\/media\/16957"}],"wp:attachment":[{"href":"https:\/\/pharmadreams.shop\/index.php\/wp-json\/wp\/v2\/media?parent=16870"}],"wp:term":[{"taxonomy":"product_brand","embeddable":true,"href":"https:\/\/pharmadreams.shop\/index.php\/wp-json\/wp\/v2\/product_brand?post=16870"},{"taxonomy":"product_cat","embeddable":true,"href":"https:\/\/pharmadreams.shop\/index.php\/wp-json\/wp\/v2\/product_cat?post=16870"},{"taxonomy":"product_tag","embeddable":true,"href":"https:\/\/pharmadreams.shop\/index.php\/wp-json\/wp\/v2\/product_tag?post=16870"}],"curies":[{"name":"wp","href":"https:\/\/api.w.org\/{rel}","templated":true}]}}