{"id":16897,"date":"2023-12-19T19:39:28","date_gmt":"2023-12-19T18:39:28","guid":{"rendered":"https:\/\/venuspara.com\/?post_type=product&#038;p=16897"},"modified":"2023-12-19T19:40:36","modified_gmt":"2023-12-19T18:40:36","slug":"creme-blanchissante-de-pieces-privees-de-vitamine-c","status":"publish","type":"product","link":"https:\/\/pharmadreams.shop\/index.php\/product\/creme-blanchissante-de-pieces-privees-de-vitamine-c\/","title":{"rendered":"Cr\u00e8me blanchissante de pi\u00e8ces priv\u00e9es de vitamine c"},"content":{"rendered":"","protected":false},"excerpt":{"rendered":"<p>Blanchiment instantan\u00e9 Dure 24 heures Utilis\u00e9 pour les aisselles, les pi\u00e8ces de bikini, etc.<br \/>\nDoux pour la peau, de riches ingr\u00e9dients botaniques donnent \u00e0 la peau des soins attentifs.<br \/>\nApporte \u00e0 la peau une hydratation essentielle lui donnant douceur et hydratation.<br \/>\nAm\u00e9liore le teint de la peau et l&rsquo;hydrate.<\/p>\n","protected":false},"featured_media":16967,"comment_status":"open","ping_status":"closed","template":"","meta":[],"product_brand":[],"product_cat":[78,98],"product_tag":[],"class_list":{"0":"post-16897","1":"product","2":"type-product","3":"status-publish","4":"has-post-thumbnail","6":"product_cat-cremes","7":"product_cat-hydratation","9":"first","10":"instock","11":"shipping-taxable","12":"purchasable","13":"product-type-simple"},"yoast_head":"<!-- This site is optimized with the Yoast SEO plugin v23.0 - https:\/\/yoast.com\/wordpress\/plugins\/seo\/ -->\n<title>Cr\u00e8me blanchissante de pi\u00e8ces priv\u00e9es de vitamine c - pharmadreams<\/title>\n<meta name=\"robots\" content=\"index, follow, max-snippet:-1, max-image-preview:large, max-video-preview:-1\" \/>\n<link rel=\"canonical\" href=\"https:\/\/pharmadreams.shop\/index.php\/product\/creme-blanchissante-de-pieces-privees-de-vitamine-c\/\" \/>\n<meta property=\"og:locale\" content=\"fr_FR\" \/>\n<meta property=\"og:type\" content=\"article\" \/>\n<meta property=\"og:title\" content=\"Cr\u00e8me blanchissante de pi\u00e8ces priv\u00e9es de vitamine c - pharmadreams\" \/>\n<meta property=\"og:description\" content=\"Blanchiment instantan\u00e9 Dure 24 heures Utilis\u00e9 pour les aisselles, les pi\u00e8ces de bikini, etc. Doux pour la peau, de riches ingr\u00e9dients botaniques donnent \u00e0 la peau des soins attentifs. Apporte \u00e0 la peau une hydratation essentielle lui donnant douceur et hydratation. Am\u00e9liore le teint de la peau et l&#039;hydrate.\" \/>\n<meta property=\"og:url\" content=\"https:\/\/pharmadreams.shop\/index.php\/product\/creme-blanchissante-de-pieces-privees-de-vitamine-c\/\" \/>\n<meta property=\"og:site_name\" content=\"pharmadreams\" \/>\n<meta property=\"article:modified_time\" content=\"2023-12-19T18:40:36+00:00\" \/>\n<meta property=\"og:image\" content=\"https:\/\/pharmadreams.shop\/wp-content\/uploads\/2023\/12\/Sans-titre-28-1.png\" \/>\n\t<meta property=\"og:image:width\" content=\"1160\" \/>\n\t<meta property=\"og:image:height\" content=\"1208\" \/>\n\t<meta property=\"og:image:type\" content=\"image\/png\" \/>\n<meta name=\"twitter:card\" content=\"summary_large_image\" \/>\n<script type=\"application\/ld+json\" class=\"yoast-schema-graph\">{\"@context\":\"https:\/\/schema.org\",\"@graph\":[{\"@type\":\"WebPage\",\"@id\":\"https:\/\/pharmadreams.shop\/index.php\/product\/creme-blanchissante-de-pieces-privees-de-vitamine-c\/\",\"url\":\"https:\/\/pharmadreams.shop\/index.php\/product\/creme-blanchissante-de-pieces-privees-de-vitamine-c\/\",\"name\":\"Cr\u00e8me blanchissante de pi\u00e8ces priv\u00e9es de vitamine c - pharmadreams\",\"isPartOf\":{\"@id\":\"https:\/\/pharmadreams.shop\/#website\"},\"primaryImageOfPage\":{\"@id\":\"https:\/\/pharmadreams.shop\/index.php\/product\/creme-blanchissante-de-pieces-privees-de-vitamine-c\/#primaryimage\"},\"image\":{\"@id\":\"https:\/\/pharmadreams.shop\/index.php\/product\/creme-blanchissante-de-pieces-privees-de-vitamine-c\/#primaryimage\"},\"thumbnailUrl\":\"https:\/\/pharmadreams.shop\/wp-content\/uploads\/2023\/12\/Sans-titre-28-1.png\",\"datePublished\":\"2023-12-19T18:39:28+00:00\",\"dateModified\":\"2023-12-19T18:40:36+00:00\",\"breadcrumb\":{\"@id\":\"https:\/\/pharmadreams.shop\/index.php\/product\/creme-blanchissante-de-pieces-privees-de-vitamine-c\/#breadcrumb\"},\"inLanguage\":\"fr-FR\",\"potentialAction\":[{\"@type\":\"ReadAction\",\"target\":[\"https:\/\/pharmadreams.shop\/index.php\/product\/creme-blanchissante-de-pieces-privees-de-vitamine-c\/\"]}]},{\"@type\":\"ImageObject\",\"inLanguage\":\"fr-FR\",\"@id\":\"https:\/\/pharmadreams.shop\/index.php\/product\/creme-blanchissante-de-pieces-privees-de-vitamine-c\/#primaryimage\",\"url\":\"https:\/\/pharmadreams.shop\/wp-content\/uploads\/2023\/12\/Sans-titre-28-1.png\",\"contentUrl\":\"https:\/\/pharmadreams.shop\/wp-content\/uploads\/2023\/12\/Sans-titre-28-1.png\",\"width\":1160,\"height\":1208},{\"@type\":\"BreadcrumbList\",\"@id\":\"https:\/\/pharmadreams.shop\/index.php\/product\/creme-blanchissante-de-pieces-privees-de-vitamine-c\/#breadcrumb\",\"itemListElement\":[{\"@type\":\"ListItem\",\"position\":1,\"name\":\"Accueil\",\"item\":\"https:\/\/pharmadreams.shop\/\"},{\"@type\":\"ListItem\",\"position\":2,\"name\":\"Shop\",\"item\":\"https:\/\/pharmadreams.shop\/index.php\/shop\/\"},{\"@type\":\"ListItem\",\"position\":3,\"name\":\"Cr\u00e8me blanchissante de pi\u00e8ces priv\u00e9es de vitamine c\"}]},{\"@type\":\"WebSite\",\"@id\":\"https:\/\/pharmadreams.shop\/#website\",\"url\":\"https:\/\/pharmadreams.shop\/\",\"name\":\"pharmadreams\",\"description\":\"Parapharmacie en ligne\",\"potentialAction\":[{\"@type\":\"SearchAction\",\"target\":{\"@type\":\"EntryPoint\",\"urlTemplate\":\"https:\/\/pharmadreams.shop\/?s={search_term_string}\"},\"query-input\":\"required name=search_term_string\"}],\"inLanguage\":\"fr-FR\"}]}<\/script>\n<!-- \/ Yoast SEO plugin. -->","yoast_head_json":{"title":"Cr\u00e8me blanchissante de pi\u00e8ces priv\u00e9es de vitamine c - pharmadreams","robots":{"index":"index","follow":"follow","max-snippet":"max-snippet:-1","max-image-preview":"max-image-preview:large","max-video-preview":"max-video-preview:-1"},"canonical":"https:\/\/pharmadreams.shop\/index.php\/product\/creme-blanchissante-de-pieces-privees-de-vitamine-c\/","og_locale":"fr_FR","og_type":"article","og_title":"Cr\u00e8me blanchissante de pi\u00e8ces priv\u00e9es de vitamine c - pharmadreams","og_description":"Blanchiment instantan\u00e9 Dure 24 heures Utilis\u00e9 pour les aisselles, les pi\u00e8ces de bikini, etc. Doux pour la peau, de riches ingr\u00e9dients botaniques donnent \u00e0 la peau des soins attentifs. Apporte \u00e0 la peau une hydratation essentielle lui donnant douceur et hydratation. Am\u00e9liore le teint de la peau et l'hydrate.","og_url":"https:\/\/pharmadreams.shop\/index.php\/product\/creme-blanchissante-de-pieces-privees-de-vitamine-c\/","og_site_name":"pharmadreams","article_modified_time":"2023-12-19T18:40:36+00:00","og_image":[{"width":1160,"height":1208,"url":"https:\/\/pharmadreams.shop\/wp-content\/uploads\/2023\/12\/Sans-titre-28-1.png","type":"image\/png"}],"twitter_card":"summary_large_image","schema":{"@context":"https:\/\/schema.org","@graph":[{"@type":"WebPage","@id":"https:\/\/pharmadreams.shop\/index.php\/product\/creme-blanchissante-de-pieces-privees-de-vitamine-c\/","url":"https:\/\/pharmadreams.shop\/index.php\/product\/creme-blanchissante-de-pieces-privees-de-vitamine-c\/","name":"Cr\u00e8me blanchissante de pi\u00e8ces priv\u00e9es de vitamine c - pharmadreams","isPartOf":{"@id":"https:\/\/pharmadreams.shop\/#website"},"primaryImageOfPage":{"@id":"https:\/\/pharmadreams.shop\/index.php\/product\/creme-blanchissante-de-pieces-privees-de-vitamine-c\/#primaryimage"},"image":{"@id":"https:\/\/pharmadreams.shop\/index.php\/product\/creme-blanchissante-de-pieces-privees-de-vitamine-c\/#primaryimage"},"thumbnailUrl":"https:\/\/pharmadreams.shop\/wp-content\/uploads\/2023\/12\/Sans-titre-28-1.png","datePublished":"2023-12-19T18:39:28+00:00","dateModified":"2023-12-19T18:40:36+00:00","breadcrumb":{"@id":"https:\/\/pharmadreams.shop\/index.php\/product\/creme-blanchissante-de-pieces-privees-de-vitamine-c\/#breadcrumb"},"inLanguage":"fr-FR","potentialAction":[{"@type":"ReadAction","target":["https:\/\/pharmadreams.shop\/index.php\/product\/creme-blanchissante-de-pieces-privees-de-vitamine-c\/"]}]},{"@type":"ImageObject","inLanguage":"fr-FR","@id":"https:\/\/pharmadreams.shop\/index.php\/product\/creme-blanchissante-de-pieces-privees-de-vitamine-c\/#primaryimage","url":"https:\/\/pharmadreams.shop\/wp-content\/uploads\/2023\/12\/Sans-titre-28-1.png","contentUrl":"https:\/\/pharmadreams.shop\/wp-content\/uploads\/2023\/12\/Sans-titre-28-1.png","width":1160,"height":1208},{"@type":"BreadcrumbList","@id":"https:\/\/pharmadreams.shop\/index.php\/product\/creme-blanchissante-de-pieces-privees-de-vitamine-c\/#breadcrumb","itemListElement":[{"@type":"ListItem","position":1,"name":"Accueil","item":"https:\/\/pharmadreams.shop\/"},{"@type":"ListItem","position":2,"name":"Shop","item":"https:\/\/pharmadreams.shop\/index.php\/shop\/"},{"@type":"ListItem","position":3,"name":"Cr\u00e8me blanchissante de pi\u00e8ces priv\u00e9es de vitamine c"}]},{"@type":"WebSite","@id":"https:\/\/pharmadreams.shop\/#website","url":"https:\/\/pharmadreams.shop\/","name":"pharmadreams","description":"Parapharmacie en ligne","potentialAction":[{"@type":"SearchAction","target":{"@type":"EntryPoint","urlTemplate":"https:\/\/pharmadreams.shop\/?s={search_term_string}"},"query-input":"required name=search_term_string"}],"inLanguage":"fr-FR"}]}},"_links":{"self":[{"href":"https:\/\/pharmadreams.shop\/index.php\/wp-json\/wp\/v2\/product\/16897","targetHints":{"allow":["GET"]}}],"collection":[{"href":"https:\/\/pharmadreams.shop\/index.php\/wp-json\/wp\/v2\/product"}],"about":[{"href":"https:\/\/pharmadreams.shop\/index.php\/wp-json\/wp\/v2\/types\/product"}],"replies":[{"embeddable":true,"href":"https:\/\/pharmadreams.shop\/index.php\/wp-json\/wp\/v2\/comments?post=16897"}],"version-history":[{"count":0,"href":"https:\/\/pharmadreams.shop\/index.php\/wp-json\/wp\/v2\/product\/16897\/revisions"}],"wp:featuredmedia":[{"embeddable":true,"href":"https:\/\/pharmadreams.shop\/index.php\/wp-json\/wp\/v2\/media\/16967"}],"wp:attachment":[{"href":"https:\/\/pharmadreams.shop\/index.php\/wp-json\/wp\/v2\/media?parent=16897"}],"wp:term":[{"taxonomy":"product_brand","embeddable":true,"href":"https:\/\/pharmadreams.shop\/index.php\/wp-json\/wp\/v2\/product_brand?post=16897"},{"taxonomy":"product_cat","embeddable":true,"href":"https:\/\/pharmadreams.shop\/index.php\/wp-json\/wp\/v2\/product_cat?post=16897"},{"taxonomy":"product_tag","embeddable":true,"href":"https:\/\/pharmadreams.shop\/index.php\/wp-json\/wp\/v2\/product_tag?post=16897"}],"curies":[{"name":"wp","href":"https:\/\/api.w.org\/{rel}","templated":true}]}}