{"id":16900,"date":"2023-12-19T19:39:28","date_gmt":"2023-12-19T18:39:28","guid":{"rendered":"https:\/\/venuspara.com\/?post_type=product&#038;p=16900"},"modified":"2024-03-14T12:43:37","modified_gmt":"2024-03-14T11:43:37","slug":"vichy-traitement-anti-transpirant-48h","status":"publish","type":"product","link":"https:\/\/pharmadreams.shop\/index.php\/product\/vichy-traitement-anti-transpirant-48h\/","title":{"rendered":"Vichy traitement anti-transpirant 48h"},"content":{"rendered":"","protected":false},"excerpt":{"rendered":"<p>Le Traitement Roll-on anti-transpirant 48h- Transpiration intense.<br \/>\nPour les hommes et les femmes qui souffrent d&rsquo;une transpiration intense et qui recherchent une efficacit\u00e9 longue dur\u00e9e, sans inconfort sur leur peau.<br \/>\nL&rsquo;efficacit\u00e9 anti-transpirante longue dur\u00e9e sans inconfort pour la peau.<br \/>\nSes Actifs anti-transpirants micro-affin\u00e9s permettent une action encore plus cibl\u00e9e au c\u0153ur des pores sudoraux pendant 48h.<\/p>\n","protected":false},"featured_media":16982,"comment_status":"open","ping_status":"closed","template":"","meta":[],"product_brand":[],"product_cat":[127,103,104],"product_tag":[],"class_list":{"0":"post-16900","1":"product","2":"type-product","3":"status-publish","4":"has-post-thumbnail","6":"product_cat-anti-transpirant","7":"product_cat-deodorant","8":"product_cat-protection","10":"first","11":"instock","12":"shipping-taxable","13":"purchasable","14":"product-type-simple"},"yoast_head":"<!-- This site is optimized with the Yoast SEO plugin v23.0 - https:\/\/yoast.com\/wordpress\/plugins\/seo\/ -->\n<title>Vichy traitement anti-transpirant 48h - pharmadreams<\/title>\n<meta name=\"robots\" content=\"index, follow, max-snippet:-1, max-image-preview:large, max-video-preview:-1\" \/>\n<link rel=\"canonical\" href=\"https:\/\/pharmadreams.shop\/index.php\/product\/vichy-traitement-anti-transpirant-48h\/\" \/>\n<meta property=\"og:locale\" content=\"fr_FR\" \/>\n<meta property=\"og:type\" content=\"article\" \/>\n<meta property=\"og:title\" content=\"Vichy traitement anti-transpirant 48h - pharmadreams\" \/>\n<meta property=\"og:description\" content=\"Le Traitement Roll-on anti-transpirant 48h- Transpiration intense. Pour les hommes et les femmes qui souffrent d&#039;une transpiration intense et qui recherchent une efficacit\u00e9 longue dur\u00e9e, sans inconfort sur leur peau. L&#039;efficacit\u00e9 anti-transpirante longue dur\u00e9e sans inconfort pour la peau. Ses Actifs anti-transpirants micro-affin\u00e9s permettent une action encore plus cibl\u00e9e au c\u0153ur des pores sudoraux pendant 48h.\" \/>\n<meta property=\"og:url\" content=\"https:\/\/pharmadreams.shop\/index.php\/product\/vichy-traitement-anti-transpirant-48h\/\" \/>\n<meta property=\"og:site_name\" content=\"pharmadreams\" \/>\n<meta property=\"article:modified_time\" content=\"2024-03-14T11:43:37+00:00\" \/>\n<meta property=\"og:image\" content=\"https:\/\/pharmadreams.shop\/wp-content\/uploads\/2023\/12\/Sans-titre-31.png\" \/>\n\t<meta property=\"og:image:width\" content=\"832\" \/>\n\t<meta property=\"og:image:height\" content=\"840\" \/>\n\t<meta property=\"og:image:type\" content=\"image\/png\" \/>\n<meta name=\"twitter:card\" content=\"summary_large_image\" \/>\n<meta name=\"twitter:label1\" content=\"Dur\u00e9e de lecture estim\u00e9e\" \/>\n\t<meta name=\"twitter:data1\" content=\"1 minute\" \/>\n<script type=\"application\/ld+json\" class=\"yoast-schema-graph\">{\"@context\":\"https:\/\/schema.org\",\"@graph\":[{\"@type\":\"WebPage\",\"@id\":\"https:\/\/pharmadreams.shop\/index.php\/product\/vichy-traitement-anti-transpirant-48h\/\",\"url\":\"https:\/\/pharmadreams.shop\/index.php\/product\/vichy-traitement-anti-transpirant-48h\/\",\"name\":\"Vichy traitement anti-transpirant 48h - pharmadreams\",\"isPartOf\":{\"@id\":\"https:\/\/pharmadreams.shop\/#website\"},\"primaryImageOfPage\":{\"@id\":\"https:\/\/pharmadreams.shop\/index.php\/product\/vichy-traitement-anti-transpirant-48h\/#primaryimage\"},\"image\":{\"@id\":\"https:\/\/pharmadreams.shop\/index.php\/product\/vichy-traitement-anti-transpirant-48h\/#primaryimage\"},\"thumbnailUrl\":\"https:\/\/pharmadreams.shop\/wp-content\/uploads\/2023\/12\/Sans-titre-31.png\",\"datePublished\":\"2023-12-19T18:39:28+00:00\",\"dateModified\":\"2024-03-14T11:43:37+00:00\",\"breadcrumb\":{\"@id\":\"https:\/\/pharmadreams.shop\/index.php\/product\/vichy-traitement-anti-transpirant-48h\/#breadcrumb\"},\"inLanguage\":\"fr-FR\",\"potentialAction\":[{\"@type\":\"ReadAction\",\"target\":[\"https:\/\/pharmadreams.shop\/index.php\/product\/vichy-traitement-anti-transpirant-48h\/\"]}]},{\"@type\":\"ImageObject\",\"inLanguage\":\"fr-FR\",\"@id\":\"https:\/\/pharmadreams.shop\/index.php\/product\/vichy-traitement-anti-transpirant-48h\/#primaryimage\",\"url\":\"https:\/\/pharmadreams.shop\/wp-content\/uploads\/2023\/12\/Sans-titre-31.png\",\"contentUrl\":\"https:\/\/pharmadreams.shop\/wp-content\/uploads\/2023\/12\/Sans-titre-31.png\",\"width\":832,\"height\":840},{\"@type\":\"BreadcrumbList\",\"@id\":\"https:\/\/pharmadreams.shop\/index.php\/product\/vichy-traitement-anti-transpirant-48h\/#breadcrumb\",\"itemListElement\":[{\"@type\":\"ListItem\",\"position\":1,\"name\":\"Accueil\",\"item\":\"https:\/\/pharmadreams.shop\/\"},{\"@type\":\"ListItem\",\"position\":2,\"name\":\"Shop\",\"item\":\"https:\/\/pharmadreams.shop\/index.php\/shop\/\"},{\"@type\":\"ListItem\",\"position\":3,\"name\":\"Vichy traitement anti-transpirant 48h\"}]},{\"@type\":\"WebSite\",\"@id\":\"https:\/\/pharmadreams.shop\/#website\",\"url\":\"https:\/\/pharmadreams.shop\/\",\"name\":\"pharmadreams\",\"description\":\"Parapharmacie en ligne\",\"potentialAction\":[{\"@type\":\"SearchAction\",\"target\":{\"@type\":\"EntryPoint\",\"urlTemplate\":\"https:\/\/pharmadreams.shop\/?s={search_term_string}\"},\"query-input\":\"required name=search_term_string\"}],\"inLanguage\":\"fr-FR\"}]}<\/script>\n<!-- \/ Yoast SEO plugin. -->","yoast_head_json":{"title":"Vichy traitement anti-transpirant 48h - pharmadreams","robots":{"index":"index","follow":"follow","max-snippet":"max-snippet:-1","max-image-preview":"max-image-preview:large","max-video-preview":"max-video-preview:-1"},"canonical":"https:\/\/pharmadreams.shop\/index.php\/product\/vichy-traitement-anti-transpirant-48h\/","og_locale":"fr_FR","og_type":"article","og_title":"Vichy traitement anti-transpirant 48h - pharmadreams","og_description":"Le Traitement Roll-on anti-transpirant 48h- Transpiration intense. Pour les hommes et les femmes qui souffrent d'une transpiration intense et qui recherchent une efficacit\u00e9 longue dur\u00e9e, sans inconfort sur leur peau. L'efficacit\u00e9 anti-transpirante longue dur\u00e9e sans inconfort pour la peau. Ses Actifs anti-transpirants micro-affin\u00e9s permettent une action encore plus cibl\u00e9e au c\u0153ur des pores sudoraux pendant 48h.","og_url":"https:\/\/pharmadreams.shop\/index.php\/product\/vichy-traitement-anti-transpirant-48h\/","og_site_name":"pharmadreams","article_modified_time":"2024-03-14T11:43:37+00:00","og_image":[{"width":832,"height":840,"url":"https:\/\/pharmadreams.shop\/wp-content\/uploads\/2023\/12\/Sans-titre-31.png","type":"image\/png"}],"twitter_card":"summary_large_image","twitter_misc":{"Dur\u00e9e de lecture estim\u00e9e":"1 minute"},"schema":{"@context":"https:\/\/schema.org","@graph":[{"@type":"WebPage","@id":"https:\/\/pharmadreams.shop\/index.php\/product\/vichy-traitement-anti-transpirant-48h\/","url":"https:\/\/pharmadreams.shop\/index.php\/product\/vichy-traitement-anti-transpirant-48h\/","name":"Vichy traitement anti-transpirant 48h - pharmadreams","isPartOf":{"@id":"https:\/\/pharmadreams.shop\/#website"},"primaryImageOfPage":{"@id":"https:\/\/pharmadreams.shop\/index.php\/product\/vichy-traitement-anti-transpirant-48h\/#primaryimage"},"image":{"@id":"https:\/\/pharmadreams.shop\/index.php\/product\/vichy-traitement-anti-transpirant-48h\/#primaryimage"},"thumbnailUrl":"https:\/\/pharmadreams.shop\/wp-content\/uploads\/2023\/12\/Sans-titre-31.png","datePublished":"2023-12-19T18:39:28+00:00","dateModified":"2024-03-14T11:43:37+00:00","breadcrumb":{"@id":"https:\/\/pharmadreams.shop\/index.php\/product\/vichy-traitement-anti-transpirant-48h\/#breadcrumb"},"inLanguage":"fr-FR","potentialAction":[{"@type":"ReadAction","target":["https:\/\/pharmadreams.shop\/index.php\/product\/vichy-traitement-anti-transpirant-48h\/"]}]},{"@type":"ImageObject","inLanguage":"fr-FR","@id":"https:\/\/pharmadreams.shop\/index.php\/product\/vichy-traitement-anti-transpirant-48h\/#primaryimage","url":"https:\/\/pharmadreams.shop\/wp-content\/uploads\/2023\/12\/Sans-titre-31.png","contentUrl":"https:\/\/pharmadreams.shop\/wp-content\/uploads\/2023\/12\/Sans-titre-31.png","width":832,"height":840},{"@type":"BreadcrumbList","@id":"https:\/\/pharmadreams.shop\/index.php\/product\/vichy-traitement-anti-transpirant-48h\/#breadcrumb","itemListElement":[{"@type":"ListItem","position":1,"name":"Accueil","item":"https:\/\/pharmadreams.shop\/"},{"@type":"ListItem","position":2,"name":"Shop","item":"https:\/\/pharmadreams.shop\/index.php\/shop\/"},{"@type":"ListItem","position":3,"name":"Vichy traitement anti-transpirant 48h"}]},{"@type":"WebSite","@id":"https:\/\/pharmadreams.shop\/#website","url":"https:\/\/pharmadreams.shop\/","name":"pharmadreams","description":"Parapharmacie en ligne","potentialAction":[{"@type":"SearchAction","target":{"@type":"EntryPoint","urlTemplate":"https:\/\/pharmadreams.shop\/?s={search_term_string}"},"query-input":"required name=search_term_string"}],"inLanguage":"fr-FR"}]}},"_links":{"self":[{"href":"https:\/\/pharmadreams.shop\/index.php\/wp-json\/wp\/v2\/product\/16900","targetHints":{"allow":["GET"]}}],"collection":[{"href":"https:\/\/pharmadreams.shop\/index.php\/wp-json\/wp\/v2\/product"}],"about":[{"href":"https:\/\/pharmadreams.shop\/index.php\/wp-json\/wp\/v2\/types\/product"}],"replies":[{"embeddable":true,"href":"https:\/\/pharmadreams.shop\/index.php\/wp-json\/wp\/v2\/comments?post=16900"}],"version-history":[{"count":0,"href":"https:\/\/pharmadreams.shop\/index.php\/wp-json\/wp\/v2\/product\/16900\/revisions"}],"wp:featuredmedia":[{"embeddable":true,"href":"https:\/\/pharmadreams.shop\/index.php\/wp-json\/wp\/v2\/media\/16982"}],"wp:attachment":[{"href":"https:\/\/pharmadreams.shop\/index.php\/wp-json\/wp\/v2\/media?parent=16900"}],"wp:term":[{"taxonomy":"product_brand","embeddable":true,"href":"https:\/\/pharmadreams.shop\/index.php\/wp-json\/wp\/v2\/product_brand?post=16900"},{"taxonomy":"product_cat","embeddable":true,"href":"https:\/\/pharmadreams.shop\/index.php\/wp-json\/wp\/v2\/product_cat?post=16900"},{"taxonomy":"product_tag","embeddable":true,"href":"https:\/\/pharmadreams.shop\/index.php\/wp-json\/wp\/v2\/product_tag?post=16900"}],"curies":[{"name":"wp","href":"https:\/\/api.w.org\/{rel}","templated":true}]}}