{"id":16945,"date":"2023-12-19T19:40:19","date_gmt":"2023-12-19T18:40:19","guid":{"rendered":"https:\/\/venuspara.com\/?post_type=product&#038;p=16945"},"modified":"2023-12-19T19:41:06","modified_gmt":"2023-12-19T18:41:06","slug":"bio-taches-emulsion-30ml","status":"publish","type":"product","link":"https:\/\/pharmadreams.shop\/index.php\/product\/bio-taches-emulsion-30ml\/","title":{"rendered":"Bio taches \u00e9mulsion 30ml"},"content":{"rendered":"","protected":false},"excerpt":{"rendered":"<p>L&rsquo;efficacit\u00e9 et la haute tol\u00e9rance de l&rsquo;ensemble des produits de la gamme BIO-TACHES visent \u00e0 \u00e9liminer les taches brunes et \u00e0 pr\u00e9venir leur formation, notamment dans les cas suivants : M\u00e9lasma (masque de grossesse), dyschromie (taches de vieillesse), \u00e9ph\u00e9lides (taches de rousseur), lentigo solaire, marques cicatricielles post-inflammatoires (acn\u00e9,\u2026). BIO-TACHES Emulsion D\u00e9pigmentante exerce un effet cosm\u00e9tique efficace sur les peaux hyperpigment\u00e9es gr\u00e2ce \u00e0 ces ingr\u00e9dients essentiels qui contribuent \u00e0 pr\u00e9venir les taches brunes et emp\u00eacher leur r\u00e9apparition. L&rsquo;\u00e9cran solaire min\u00e9ral micronis\u00e9 offre une protection quotidienne contre les rayons ultraviolets. Parfaitement tol\u00e9r\u00e9 et sans parfum.<\/p>\n","protected":false},"featured_media":17004,"comment_status":"open","ping_status":"closed","template":"","meta":[],"product_brand":[],"product_cat":[97,90,276],"product_tag":[],"class_list":{"0":"post-16945","1":"product","2":"type-product","3":"status-publish","4":"has-post-thumbnail","6":"product_cat-anti-imperfection","7":"product_cat-anti-tache","8":"product_cat-peaux","10":"first","11":"instock","12":"shipping-taxable","13":"purchasable","14":"product-type-simple"},"yoast_head":"<!-- This site is optimized with the Yoast SEO plugin v23.0 - https:\/\/yoast.com\/wordpress\/plugins\/seo\/ -->\n<title>Bio taches \u00e9mulsion 30ml - pharmadreams<\/title>\n<meta name=\"robots\" content=\"index, follow, max-snippet:-1, max-image-preview:large, max-video-preview:-1\" \/>\n<link rel=\"canonical\" href=\"https:\/\/pharmadreams.shop\/index.php\/product\/bio-taches-emulsion-30ml\/\" \/>\n<meta property=\"og:locale\" content=\"fr_FR\" \/>\n<meta property=\"og:type\" content=\"article\" \/>\n<meta property=\"og:title\" content=\"Bio taches \u00e9mulsion 30ml - pharmadreams\" \/>\n<meta property=\"og:description\" content=\"L&#039;efficacit\u00e9 et la haute tol\u00e9rance de l&#039;ensemble des produits de la gamme BIO-TACHES visent \u00e0 \u00e9liminer les taches brunes et \u00e0 pr\u00e9venir leur formation, notamment dans les cas suivants : M\u00e9lasma (masque de grossesse), dyschromie (taches de vieillesse), \u00e9ph\u00e9lides (taches de rousseur), lentigo solaire, marques cicatricielles post-inflammatoires (acn\u00e9,\u2026). BIO-TACHES Emulsion D\u00e9pigmentante exerce un effet cosm\u00e9tique efficace sur les peaux hyperpigment\u00e9es gr\u00e2ce \u00e0 ces ingr\u00e9dients essentiels qui contribuent \u00e0 pr\u00e9venir les taches brunes et emp\u00eacher leur r\u00e9apparition. L&#039;\u00e9cran solaire min\u00e9ral micronis\u00e9 offre une protection quotidienne contre les rayons ultraviolets. Parfaitement tol\u00e9r\u00e9 et sans parfum.\" \/>\n<meta property=\"og:url\" content=\"https:\/\/pharmadreams.shop\/index.php\/product\/bio-taches-emulsion-30ml\/\" \/>\n<meta property=\"og:site_name\" content=\"pharmadreams\" \/>\n<meta property=\"article:modified_time\" content=\"2023-12-19T18:41:06+00:00\" \/>\n<meta property=\"og:image\" content=\"https:\/\/pharmadreams.shop\/wp-content\/uploads\/2023\/12\/bio-taches-emulsion-30ml.jpg\" \/>\n\t<meta property=\"og:image:width\" content=\"700\" \/>\n\t<meta property=\"og:image:height\" content=\"800\" \/>\n\t<meta property=\"og:image:type\" content=\"image\/jpeg\" \/>\n<meta name=\"twitter:card\" content=\"summary_large_image\" \/>\n<script type=\"application\/ld+json\" class=\"yoast-schema-graph\">{\"@context\":\"https:\/\/schema.org\",\"@graph\":[{\"@type\":\"WebPage\",\"@id\":\"https:\/\/pharmadreams.shop\/index.php\/product\/bio-taches-emulsion-30ml\/\",\"url\":\"https:\/\/pharmadreams.shop\/index.php\/product\/bio-taches-emulsion-30ml\/\",\"name\":\"Bio taches \u00e9mulsion 30ml - pharmadreams\",\"isPartOf\":{\"@id\":\"https:\/\/pharmadreams.shop\/#website\"},\"primaryImageOfPage\":{\"@id\":\"https:\/\/pharmadreams.shop\/index.php\/product\/bio-taches-emulsion-30ml\/#primaryimage\"},\"image\":{\"@id\":\"https:\/\/pharmadreams.shop\/index.php\/product\/bio-taches-emulsion-30ml\/#primaryimage\"},\"thumbnailUrl\":\"https:\/\/pharmadreams.shop\/wp-content\/uploads\/2023\/12\/bio-taches-emulsion-30ml.jpg\",\"datePublished\":\"2023-12-19T18:40:19+00:00\",\"dateModified\":\"2023-12-19T18:41:06+00:00\",\"breadcrumb\":{\"@id\":\"https:\/\/pharmadreams.shop\/index.php\/product\/bio-taches-emulsion-30ml\/#breadcrumb\"},\"inLanguage\":\"fr-FR\",\"potentialAction\":[{\"@type\":\"ReadAction\",\"target\":[\"https:\/\/pharmadreams.shop\/index.php\/product\/bio-taches-emulsion-30ml\/\"]}]},{\"@type\":\"ImageObject\",\"inLanguage\":\"fr-FR\",\"@id\":\"https:\/\/pharmadreams.shop\/index.php\/product\/bio-taches-emulsion-30ml\/#primaryimage\",\"url\":\"https:\/\/pharmadreams.shop\/wp-content\/uploads\/2023\/12\/bio-taches-emulsion-30ml.jpg\",\"contentUrl\":\"https:\/\/pharmadreams.shop\/wp-content\/uploads\/2023\/12\/bio-taches-emulsion-30ml.jpg\",\"width\":700,\"height\":800},{\"@type\":\"BreadcrumbList\",\"@id\":\"https:\/\/pharmadreams.shop\/index.php\/product\/bio-taches-emulsion-30ml\/#breadcrumb\",\"itemListElement\":[{\"@type\":\"ListItem\",\"position\":1,\"name\":\"Accueil\",\"item\":\"https:\/\/pharmadreams.shop\/\"},{\"@type\":\"ListItem\",\"position\":2,\"name\":\"Shop\",\"item\":\"https:\/\/pharmadreams.shop\/index.php\/shop\/\"},{\"@type\":\"ListItem\",\"position\":3,\"name\":\"Bio taches \u00e9mulsion 30ml\"}]},{\"@type\":\"WebSite\",\"@id\":\"https:\/\/pharmadreams.shop\/#website\",\"url\":\"https:\/\/pharmadreams.shop\/\",\"name\":\"pharmadreams\",\"description\":\"Parapharmacie en ligne\",\"potentialAction\":[{\"@type\":\"SearchAction\",\"target\":{\"@type\":\"EntryPoint\",\"urlTemplate\":\"https:\/\/pharmadreams.shop\/?s={search_term_string}\"},\"query-input\":\"required name=search_term_string\"}],\"inLanguage\":\"fr-FR\"}]}<\/script>\n<!-- \/ Yoast SEO plugin. -->","yoast_head_json":{"title":"Bio taches \u00e9mulsion 30ml - pharmadreams","robots":{"index":"index","follow":"follow","max-snippet":"max-snippet:-1","max-image-preview":"max-image-preview:large","max-video-preview":"max-video-preview:-1"},"canonical":"https:\/\/pharmadreams.shop\/index.php\/product\/bio-taches-emulsion-30ml\/","og_locale":"fr_FR","og_type":"article","og_title":"Bio taches \u00e9mulsion 30ml - pharmadreams","og_description":"L'efficacit\u00e9 et la haute tol\u00e9rance de l'ensemble des produits de la gamme BIO-TACHES visent \u00e0 \u00e9liminer les taches brunes et \u00e0 pr\u00e9venir leur formation, notamment dans les cas suivants : M\u00e9lasma (masque de grossesse), dyschromie (taches de vieillesse), \u00e9ph\u00e9lides (taches de rousseur), lentigo solaire, marques cicatricielles post-inflammatoires (acn\u00e9,\u2026). BIO-TACHES Emulsion D\u00e9pigmentante exerce un effet cosm\u00e9tique efficace sur les peaux hyperpigment\u00e9es gr\u00e2ce \u00e0 ces ingr\u00e9dients essentiels qui contribuent \u00e0 pr\u00e9venir les taches brunes et emp\u00eacher leur r\u00e9apparition. L'\u00e9cran solaire min\u00e9ral micronis\u00e9 offre une protection quotidienne contre les rayons ultraviolets. Parfaitement tol\u00e9r\u00e9 et sans parfum.","og_url":"https:\/\/pharmadreams.shop\/index.php\/product\/bio-taches-emulsion-30ml\/","og_site_name":"pharmadreams","article_modified_time":"2023-12-19T18:41:06+00:00","og_image":[{"width":700,"height":800,"url":"https:\/\/pharmadreams.shop\/wp-content\/uploads\/2023\/12\/bio-taches-emulsion-30ml.jpg","type":"image\/jpeg"}],"twitter_card":"summary_large_image","schema":{"@context":"https:\/\/schema.org","@graph":[{"@type":"WebPage","@id":"https:\/\/pharmadreams.shop\/index.php\/product\/bio-taches-emulsion-30ml\/","url":"https:\/\/pharmadreams.shop\/index.php\/product\/bio-taches-emulsion-30ml\/","name":"Bio taches \u00e9mulsion 30ml - pharmadreams","isPartOf":{"@id":"https:\/\/pharmadreams.shop\/#website"},"primaryImageOfPage":{"@id":"https:\/\/pharmadreams.shop\/index.php\/product\/bio-taches-emulsion-30ml\/#primaryimage"},"image":{"@id":"https:\/\/pharmadreams.shop\/index.php\/product\/bio-taches-emulsion-30ml\/#primaryimage"},"thumbnailUrl":"https:\/\/pharmadreams.shop\/wp-content\/uploads\/2023\/12\/bio-taches-emulsion-30ml.jpg","datePublished":"2023-12-19T18:40:19+00:00","dateModified":"2023-12-19T18:41:06+00:00","breadcrumb":{"@id":"https:\/\/pharmadreams.shop\/index.php\/product\/bio-taches-emulsion-30ml\/#breadcrumb"},"inLanguage":"fr-FR","potentialAction":[{"@type":"ReadAction","target":["https:\/\/pharmadreams.shop\/index.php\/product\/bio-taches-emulsion-30ml\/"]}]},{"@type":"ImageObject","inLanguage":"fr-FR","@id":"https:\/\/pharmadreams.shop\/index.php\/product\/bio-taches-emulsion-30ml\/#primaryimage","url":"https:\/\/pharmadreams.shop\/wp-content\/uploads\/2023\/12\/bio-taches-emulsion-30ml.jpg","contentUrl":"https:\/\/pharmadreams.shop\/wp-content\/uploads\/2023\/12\/bio-taches-emulsion-30ml.jpg","width":700,"height":800},{"@type":"BreadcrumbList","@id":"https:\/\/pharmadreams.shop\/index.php\/product\/bio-taches-emulsion-30ml\/#breadcrumb","itemListElement":[{"@type":"ListItem","position":1,"name":"Accueil","item":"https:\/\/pharmadreams.shop\/"},{"@type":"ListItem","position":2,"name":"Shop","item":"https:\/\/pharmadreams.shop\/index.php\/shop\/"},{"@type":"ListItem","position":3,"name":"Bio taches \u00e9mulsion 30ml"}]},{"@type":"WebSite","@id":"https:\/\/pharmadreams.shop\/#website","url":"https:\/\/pharmadreams.shop\/","name":"pharmadreams","description":"Parapharmacie en ligne","potentialAction":[{"@type":"SearchAction","target":{"@type":"EntryPoint","urlTemplate":"https:\/\/pharmadreams.shop\/?s={search_term_string}"},"query-input":"required name=search_term_string"}],"inLanguage":"fr-FR"}]}},"_links":{"self":[{"href":"https:\/\/pharmadreams.shop\/index.php\/wp-json\/wp\/v2\/product\/16945","targetHints":{"allow":["GET"]}}],"collection":[{"href":"https:\/\/pharmadreams.shop\/index.php\/wp-json\/wp\/v2\/product"}],"about":[{"href":"https:\/\/pharmadreams.shop\/index.php\/wp-json\/wp\/v2\/types\/product"}],"replies":[{"embeddable":true,"href":"https:\/\/pharmadreams.shop\/index.php\/wp-json\/wp\/v2\/comments?post=16945"}],"version-history":[{"count":0,"href":"https:\/\/pharmadreams.shop\/index.php\/wp-json\/wp\/v2\/product\/16945\/revisions"}],"wp:featuredmedia":[{"embeddable":true,"href":"https:\/\/pharmadreams.shop\/index.php\/wp-json\/wp\/v2\/media\/17004"}],"wp:attachment":[{"href":"https:\/\/pharmadreams.shop\/index.php\/wp-json\/wp\/v2\/media?parent=16945"}],"wp:term":[{"taxonomy":"product_brand","embeddable":true,"href":"https:\/\/pharmadreams.shop\/index.php\/wp-json\/wp\/v2\/product_brand?post=16945"},{"taxonomy":"product_cat","embeddable":true,"href":"https:\/\/pharmadreams.shop\/index.php\/wp-json\/wp\/v2\/product_cat?post=16945"},{"taxonomy":"product_tag","embeddable":true,"href":"https:\/\/pharmadreams.shop\/index.php\/wp-json\/wp\/v2\/product_tag?post=16945"}],"curies":[{"name":"wp","href":"https:\/\/api.w.org\/{rel}","templated":true}]}}