{"id":17008,"date":"2023-12-19T19:41:10","date_gmt":"2023-12-19T18:41:10","guid":{"rendered":"https:\/\/venuspara.com\/?post_type=product&#038;p=17008"},"modified":"2023-12-19T19:41:46","modified_gmt":"2023-12-19T18:41:46","slug":"ducray-melascreen-eclat-creme-legere-spf15","status":"publish","type":"product","link":"https:\/\/pharmadreams.shop\/index.php\/product\/ducray-melascreen-eclat-creme-legere-spf15\/","title":{"rendered":"Ducray melascreen \u00e9clat cr\u00e8me l\u00e9g\u00e8re spf15"},"content":{"rendered":"","protected":false},"excerpt":{"rendered":"<p>Gr\u00e2ce \u00e0 l&rsquo;action synergique et compl\u00e9mentaire de ses deux actifs, Melascreen Eclat Cr\u00e8me L\u00e9g\u00e8re Eclaircissante favorise l&rsquo;\u00e9claircissement des taches brunes superficielles.<\/p>\n<p>La Vitamine C, ou acide ascorbique, agit \u00e0 l&rsquo;int\u00e9rieur des m\u00e9lanocytes (cellules fabriquant de la m\u00e9lanine) en bloquant l&rsquo;enzyme impliqu\u00e9e dans la synth\u00e8se excessive de la m\u00e9lanine. Par son activit\u00e9 antioxydante, elle att\u00e9nue \u00e9galement la coloration en surface des m\u00e9lanines oxyd\u00e9s.<\/p>\n<p>La vitamine C sous forme d&rsquo;ascorbyl glucoside est lib\u00e9r\u00e9e progressivement lors de l&rsquo;application sur la peau ce qui lui assure une activit\u00e9 prolong\u00e9e dans le temps.<\/p>\n<p>La Niacinamide permet de bloquer le transfert de la m\u00e9lanine synth\u00e9tis\u00e9e \u00e0 la surface de la peau.<\/p>\n","protected":false},"featured_media":17070,"comment_status":"open","ping_status":"closed","template":"","meta":[],"product_brand":[],"product_cat":[90,146,78],"product_tag":[],"class_list":{"0":"post-17008","1":"product","2":"type-product","3":"status-publish","4":"has-post-thumbnail","6":"product_cat-anti-tache","7":"product_cat-antioxydant","8":"product_cat-cremes","10":"first","11":"instock","12":"shipping-taxable","13":"purchasable","14":"product-type-simple"},"yoast_head":"<!-- This site is optimized with the Yoast SEO plugin v23.0 - https:\/\/yoast.com\/wordpress\/plugins\/seo\/ -->\n<title>Ducray melascreen \u00e9clat cr\u00e8me l\u00e9g\u00e8re spf15 - pharmadreams<\/title>\n<meta name=\"robots\" content=\"index, follow, max-snippet:-1, max-image-preview:large, max-video-preview:-1\" \/>\n<link rel=\"canonical\" href=\"https:\/\/pharmadreams.shop\/index.php\/product\/ducray-melascreen-eclat-creme-legere-spf15\/\" \/>\n<meta property=\"og:locale\" content=\"fr_FR\" \/>\n<meta property=\"og:type\" content=\"article\" \/>\n<meta property=\"og:title\" content=\"Ducray melascreen \u00e9clat cr\u00e8me l\u00e9g\u00e8re spf15 - pharmadreams\" \/>\n<meta property=\"og:description\" content=\"Gr\u00e2ce \u00e0 l&#039;action synergique et compl\u00e9mentaire de ses deux actifs, Melascreen Eclat Cr\u00e8me L\u00e9g\u00e8re Eclaircissante favorise l&#039;\u00e9claircissement des taches brunes superficielles.  La Vitamine C, ou acide ascorbique, agit \u00e0 l&#039;int\u00e9rieur des m\u00e9lanocytes (cellules fabriquant de la m\u00e9lanine) en bloquant l&#039;enzyme impliqu\u00e9e dans la synth\u00e8se excessive de la m\u00e9lanine. Par son activit\u00e9 antioxydante, elle att\u00e9nue \u00e9galement la coloration en surface des m\u00e9lanines oxyd\u00e9s.  La vitamine C sous forme d&#039;ascorbyl glucoside est lib\u00e9r\u00e9e progressivement lors de l&#039;application sur la peau ce qui lui assure une activit\u00e9 prolong\u00e9e dans le temps.  La Niacinamide permet de bloquer le transfert de la m\u00e9lanine synth\u00e9tis\u00e9e \u00e0 la surface de la peau.\" \/>\n<meta property=\"og:url\" content=\"https:\/\/pharmadreams.shop\/index.php\/product\/ducray-melascreen-eclat-creme-legere-spf15\/\" \/>\n<meta property=\"og:site_name\" content=\"pharmadreams\" \/>\n<meta property=\"article:modified_time\" content=\"2023-12-19T18:41:46+00:00\" \/>\n<meta property=\"og:image\" content=\"https:\/\/pharmadreams.shop\/wp-content\/uploads\/2023\/12\/Sans-titre-63.png\" \/>\n\t<meta property=\"og:image:width\" content=\"1072\" \/>\n\t<meta property=\"og:image:height\" content=\"1112\" \/>\n\t<meta property=\"og:image:type\" content=\"image\/png\" \/>\n<meta name=\"twitter:card\" content=\"summary_large_image\" \/>\n<script type=\"application\/ld+json\" class=\"yoast-schema-graph\">{\"@context\":\"https:\/\/schema.org\",\"@graph\":[{\"@type\":\"WebPage\",\"@id\":\"https:\/\/pharmadreams.shop\/index.php\/product\/ducray-melascreen-eclat-creme-legere-spf15\/\",\"url\":\"https:\/\/pharmadreams.shop\/index.php\/product\/ducray-melascreen-eclat-creme-legere-spf15\/\",\"name\":\"Ducray melascreen \u00e9clat cr\u00e8me l\u00e9g\u00e8re spf15 - pharmadreams\",\"isPartOf\":{\"@id\":\"https:\/\/pharmadreams.shop\/#website\"},\"primaryImageOfPage\":{\"@id\":\"https:\/\/pharmadreams.shop\/index.php\/product\/ducray-melascreen-eclat-creme-legere-spf15\/#primaryimage\"},\"image\":{\"@id\":\"https:\/\/pharmadreams.shop\/index.php\/product\/ducray-melascreen-eclat-creme-legere-spf15\/#primaryimage\"},\"thumbnailUrl\":\"https:\/\/pharmadreams.shop\/wp-content\/uploads\/2023\/12\/Sans-titre-63.png\",\"datePublished\":\"2023-12-19T18:41:10+00:00\",\"dateModified\":\"2023-12-19T18:41:46+00:00\",\"breadcrumb\":{\"@id\":\"https:\/\/pharmadreams.shop\/index.php\/product\/ducray-melascreen-eclat-creme-legere-spf15\/#breadcrumb\"},\"inLanguage\":\"fr-FR\",\"potentialAction\":[{\"@type\":\"ReadAction\",\"target\":[\"https:\/\/pharmadreams.shop\/index.php\/product\/ducray-melascreen-eclat-creme-legere-spf15\/\"]}]},{\"@type\":\"ImageObject\",\"inLanguage\":\"fr-FR\",\"@id\":\"https:\/\/pharmadreams.shop\/index.php\/product\/ducray-melascreen-eclat-creme-legere-spf15\/#primaryimage\",\"url\":\"https:\/\/pharmadreams.shop\/wp-content\/uploads\/2023\/12\/Sans-titre-63.png\",\"contentUrl\":\"https:\/\/pharmadreams.shop\/wp-content\/uploads\/2023\/12\/Sans-titre-63.png\",\"width\":1072,\"height\":1112},{\"@type\":\"BreadcrumbList\",\"@id\":\"https:\/\/pharmadreams.shop\/index.php\/product\/ducray-melascreen-eclat-creme-legere-spf15\/#breadcrumb\",\"itemListElement\":[{\"@type\":\"ListItem\",\"position\":1,\"name\":\"Accueil\",\"item\":\"https:\/\/pharmadreams.shop\/\"},{\"@type\":\"ListItem\",\"position\":2,\"name\":\"Shop\",\"item\":\"https:\/\/pharmadreams.shop\/index.php\/shop\/\"},{\"@type\":\"ListItem\",\"position\":3,\"name\":\"Ducray melascreen \u00e9clat cr\u00e8me l\u00e9g\u00e8re spf15\"}]},{\"@type\":\"WebSite\",\"@id\":\"https:\/\/pharmadreams.shop\/#website\",\"url\":\"https:\/\/pharmadreams.shop\/\",\"name\":\"pharmadreams\",\"description\":\"Parapharmacie en ligne\",\"potentialAction\":[{\"@type\":\"SearchAction\",\"target\":{\"@type\":\"EntryPoint\",\"urlTemplate\":\"https:\/\/pharmadreams.shop\/?s={search_term_string}\"},\"query-input\":\"required name=search_term_string\"}],\"inLanguage\":\"fr-FR\"}]}<\/script>\n<!-- \/ Yoast SEO plugin. -->","yoast_head_json":{"title":"Ducray melascreen \u00e9clat cr\u00e8me l\u00e9g\u00e8re spf15 - pharmadreams","robots":{"index":"index","follow":"follow","max-snippet":"max-snippet:-1","max-image-preview":"max-image-preview:large","max-video-preview":"max-video-preview:-1"},"canonical":"https:\/\/pharmadreams.shop\/index.php\/product\/ducray-melascreen-eclat-creme-legere-spf15\/","og_locale":"fr_FR","og_type":"article","og_title":"Ducray melascreen \u00e9clat cr\u00e8me l\u00e9g\u00e8re spf15 - pharmadreams","og_description":"Gr\u00e2ce \u00e0 l'action synergique et compl\u00e9mentaire de ses deux actifs, Melascreen Eclat Cr\u00e8me L\u00e9g\u00e8re Eclaircissante favorise l'\u00e9claircissement des taches brunes superficielles.  La Vitamine C, ou acide ascorbique, agit \u00e0 l'int\u00e9rieur des m\u00e9lanocytes (cellules fabriquant de la m\u00e9lanine) en bloquant l'enzyme impliqu\u00e9e dans la synth\u00e8se excessive de la m\u00e9lanine. Par son activit\u00e9 antioxydante, elle att\u00e9nue \u00e9galement la coloration en surface des m\u00e9lanines oxyd\u00e9s.  La vitamine C sous forme d'ascorbyl glucoside est lib\u00e9r\u00e9e progressivement lors de l'application sur la peau ce qui lui assure une activit\u00e9 prolong\u00e9e dans le temps.  La Niacinamide permet de bloquer le transfert de la m\u00e9lanine synth\u00e9tis\u00e9e \u00e0 la surface de la peau.","og_url":"https:\/\/pharmadreams.shop\/index.php\/product\/ducray-melascreen-eclat-creme-legere-spf15\/","og_site_name":"pharmadreams","article_modified_time":"2023-12-19T18:41:46+00:00","og_image":[{"width":1072,"height":1112,"url":"https:\/\/pharmadreams.shop\/wp-content\/uploads\/2023\/12\/Sans-titre-63.png","type":"image\/png"}],"twitter_card":"summary_large_image","schema":{"@context":"https:\/\/schema.org","@graph":[{"@type":"WebPage","@id":"https:\/\/pharmadreams.shop\/index.php\/product\/ducray-melascreen-eclat-creme-legere-spf15\/","url":"https:\/\/pharmadreams.shop\/index.php\/product\/ducray-melascreen-eclat-creme-legere-spf15\/","name":"Ducray melascreen \u00e9clat cr\u00e8me l\u00e9g\u00e8re spf15 - pharmadreams","isPartOf":{"@id":"https:\/\/pharmadreams.shop\/#website"},"primaryImageOfPage":{"@id":"https:\/\/pharmadreams.shop\/index.php\/product\/ducray-melascreen-eclat-creme-legere-spf15\/#primaryimage"},"image":{"@id":"https:\/\/pharmadreams.shop\/index.php\/product\/ducray-melascreen-eclat-creme-legere-spf15\/#primaryimage"},"thumbnailUrl":"https:\/\/pharmadreams.shop\/wp-content\/uploads\/2023\/12\/Sans-titre-63.png","datePublished":"2023-12-19T18:41:10+00:00","dateModified":"2023-12-19T18:41:46+00:00","breadcrumb":{"@id":"https:\/\/pharmadreams.shop\/index.php\/product\/ducray-melascreen-eclat-creme-legere-spf15\/#breadcrumb"},"inLanguage":"fr-FR","potentialAction":[{"@type":"ReadAction","target":["https:\/\/pharmadreams.shop\/index.php\/product\/ducray-melascreen-eclat-creme-legere-spf15\/"]}]},{"@type":"ImageObject","inLanguage":"fr-FR","@id":"https:\/\/pharmadreams.shop\/index.php\/product\/ducray-melascreen-eclat-creme-legere-spf15\/#primaryimage","url":"https:\/\/pharmadreams.shop\/wp-content\/uploads\/2023\/12\/Sans-titre-63.png","contentUrl":"https:\/\/pharmadreams.shop\/wp-content\/uploads\/2023\/12\/Sans-titre-63.png","width":1072,"height":1112},{"@type":"BreadcrumbList","@id":"https:\/\/pharmadreams.shop\/index.php\/product\/ducray-melascreen-eclat-creme-legere-spf15\/#breadcrumb","itemListElement":[{"@type":"ListItem","position":1,"name":"Accueil","item":"https:\/\/pharmadreams.shop\/"},{"@type":"ListItem","position":2,"name":"Shop","item":"https:\/\/pharmadreams.shop\/index.php\/shop\/"},{"@type":"ListItem","position":3,"name":"Ducray melascreen \u00e9clat cr\u00e8me l\u00e9g\u00e8re spf15"}]},{"@type":"WebSite","@id":"https:\/\/pharmadreams.shop\/#website","url":"https:\/\/pharmadreams.shop\/","name":"pharmadreams","description":"Parapharmacie en ligne","potentialAction":[{"@type":"SearchAction","target":{"@type":"EntryPoint","urlTemplate":"https:\/\/pharmadreams.shop\/?s={search_term_string}"},"query-input":"required name=search_term_string"}],"inLanguage":"fr-FR"}]}},"_links":{"self":[{"href":"https:\/\/pharmadreams.shop\/index.php\/wp-json\/wp\/v2\/product\/17008","targetHints":{"allow":["GET"]}}],"collection":[{"href":"https:\/\/pharmadreams.shop\/index.php\/wp-json\/wp\/v2\/product"}],"about":[{"href":"https:\/\/pharmadreams.shop\/index.php\/wp-json\/wp\/v2\/types\/product"}],"replies":[{"embeddable":true,"href":"https:\/\/pharmadreams.shop\/index.php\/wp-json\/wp\/v2\/comments?post=17008"}],"version-history":[{"count":0,"href":"https:\/\/pharmadreams.shop\/index.php\/wp-json\/wp\/v2\/product\/17008\/revisions"}],"wp:featuredmedia":[{"embeddable":true,"href":"https:\/\/pharmadreams.shop\/index.php\/wp-json\/wp\/v2\/media\/17070"}],"wp:attachment":[{"href":"https:\/\/pharmadreams.shop\/index.php\/wp-json\/wp\/v2\/media?parent=17008"}],"wp:term":[{"taxonomy":"product_brand","embeddable":true,"href":"https:\/\/pharmadreams.shop\/index.php\/wp-json\/wp\/v2\/product_brand?post=17008"},{"taxonomy":"product_cat","embeddable":true,"href":"https:\/\/pharmadreams.shop\/index.php\/wp-json\/wp\/v2\/product_cat?post=17008"},{"taxonomy":"product_tag","embeddable":true,"href":"https:\/\/pharmadreams.shop\/index.php\/wp-json\/wp\/v2\/product_tag?post=17008"}],"curies":[{"name":"wp","href":"https:\/\/api.w.org\/{rel}","templated":true}]}}