{"id":17118,"date":"2023-12-19T19:42:25","date_gmt":"2023-12-19T18:42:25","guid":{"rendered":"https:\/\/venuspara.com\/?post_type=product&#038;p=17118"},"modified":"2024-05-20T12:34:48","modified_gmt":"2024-05-20T11:34:48","slug":"shampoing-ultaliss-260ml-phyteal","status":"publish","type":"product","link":"https:\/\/pharmadreams.shop\/index.php\/product\/shampoing-ultaliss-260ml-phyteal\/","title":{"rendered":"Shampoing ultaliss &#8211; 250ml &#8211; Phyt\u00e9al"},"content":{"rendered":"","protected":false},"excerpt":{"rendered":"<p>Gr\u00e2ce aux propri\u00e9t\u00e9s lissantes de la k\u00e9ratine organique, ce shampooing apporte souplesse et douceur aux cheveux cassants. Les cheveux seront lisses, lumineux, faciles \u00e0 peigner et pr\u00eats pour un coiffage lissant sans aucune r\u00e9sistance. Appliquer sur cheveux humides, laisser agir 1 minute puis rincer. Eviter le contact avec les yeux. Usage externe uniquement. ULTRALISS SHAMPOOING LISSANT A LA K\u00c9RATINE ne pr\u00e9sente aucune contre-indication. Formule hypoallerg\u00e9nique, non com\u00e9dog\u00e8ne, non test\u00e9e sur les animaux, sans colorants et sans acides de fruits.<\/p>\n","protected":false},"featured_media":17185,"comment_status":"open","ping_status":"closed","template":"","meta":[],"product_brand":[],"product_cat":[82,110],"product_tag":[310,223],"class_list":{"0":"post-17118","1":"product","2":"type-product","3":"status-publish","4":"has-post-thumbnail","6":"product_cat-shampooing","7":"product_cat-soin-cheveux","8":"product_tag-shampooing","9":"product_tag-soins-cheveux","11":"first","12":"instock","13":"sale","14":"shipping-taxable","15":"purchasable","16":"product-type-simple"},"yoast_head":"<!-- This site is optimized with the Yoast SEO plugin v23.0 - https:\/\/yoast.com\/wordpress\/plugins\/seo\/ -->\n<title>Shampoing ultaliss - 250ml - Phyt\u00e9al - pharmadreams<\/title>\n<meta name=\"robots\" content=\"index, follow, max-snippet:-1, max-image-preview:large, max-video-preview:-1\" \/>\n<link rel=\"canonical\" href=\"https:\/\/pharmadreams.shop\/index.php\/product\/shampoing-ultaliss-260ml-phyteal\/\" \/>\n<meta property=\"og:locale\" content=\"fr_FR\" \/>\n<meta property=\"og:type\" content=\"article\" \/>\n<meta property=\"og:title\" content=\"Shampoing ultaliss - 250ml - Phyt\u00e9al - pharmadreams\" \/>\n<meta property=\"og:description\" content=\"Gr\u00e2ce aux propri\u00e9t\u00e9s lissantes de la k\u00e9ratine organique, ce shampooing apporte souplesse et douceur aux cheveux cassants. Les cheveux seront lisses, lumineux, faciles \u00e0 peigner et pr\u00eats pour un coiffage lissant sans aucune r\u00e9sistance. Appliquer sur cheveux humides, laisser agir 1 minute puis rincer. Eviter le contact avec les yeux. Usage externe uniquement. ULTRALISS SHAMPOOING LISSANT A LA K\u00c9RATINE ne pr\u00e9sente aucune contre-indication. Formule hypoallerg\u00e9nique, non com\u00e9dog\u00e8ne, non test\u00e9e sur les animaux, sans colorants et sans acides de fruits.\" \/>\n<meta property=\"og:url\" content=\"https:\/\/pharmadreams.shop\/index.php\/product\/shampoing-ultaliss-260ml-phyteal\/\" \/>\n<meta property=\"og:site_name\" content=\"pharmadreams\" \/>\n<meta property=\"article:modified_time\" content=\"2024-05-20T11:34:48+00:00\" \/>\n<meta property=\"og:image\" content=\"https:\/\/pharmadreams.shop\/wp-content\/uploads\/2023\/12\/Shampoing-ultraliss-250ml-Phyteal.jpg\" \/>\n\t<meta property=\"og:image:width\" content=\"473\" \/>\n\t<meta property=\"og:image:height\" content=\"788\" \/>\n\t<meta property=\"og:image:type\" content=\"image\/jpeg\" \/>\n<meta name=\"twitter:card\" content=\"summary_large_image\" \/>\n<script type=\"application\/ld+json\" class=\"yoast-schema-graph\">{\"@context\":\"https:\/\/schema.org\",\"@graph\":[{\"@type\":\"WebPage\",\"@id\":\"https:\/\/pharmadreams.shop\/index.php\/product\/shampoing-ultaliss-260ml-phyteal\/\",\"url\":\"https:\/\/pharmadreams.shop\/index.php\/product\/shampoing-ultaliss-260ml-phyteal\/\",\"name\":\"Shampoing ultaliss - 250ml - Phyt\u00e9al - pharmadreams\",\"isPartOf\":{\"@id\":\"https:\/\/pharmadreams.shop\/#website\"},\"primaryImageOfPage\":{\"@id\":\"https:\/\/pharmadreams.shop\/index.php\/product\/shampoing-ultaliss-260ml-phyteal\/#primaryimage\"},\"image\":{\"@id\":\"https:\/\/pharmadreams.shop\/index.php\/product\/shampoing-ultaliss-260ml-phyteal\/#primaryimage\"},\"thumbnailUrl\":\"https:\/\/pharmadreams.shop\/wp-content\/uploads\/2023\/12\/Shampoing-ultraliss-250ml-Phyteal.jpg\",\"datePublished\":\"2023-12-19T18:42:25+00:00\",\"dateModified\":\"2024-05-20T11:34:48+00:00\",\"breadcrumb\":{\"@id\":\"https:\/\/pharmadreams.shop\/index.php\/product\/shampoing-ultaliss-260ml-phyteal\/#breadcrumb\"},\"inLanguage\":\"fr-FR\",\"potentialAction\":[{\"@type\":\"ReadAction\",\"target\":[\"https:\/\/pharmadreams.shop\/index.php\/product\/shampoing-ultaliss-260ml-phyteal\/\"]}]},{\"@type\":\"ImageObject\",\"inLanguage\":\"fr-FR\",\"@id\":\"https:\/\/pharmadreams.shop\/index.php\/product\/shampoing-ultaliss-260ml-phyteal\/#primaryimage\",\"url\":\"https:\/\/pharmadreams.shop\/wp-content\/uploads\/2023\/12\/Shampoing-ultraliss-250ml-Phyteal.jpg\",\"contentUrl\":\"https:\/\/pharmadreams.shop\/wp-content\/uploads\/2023\/12\/Shampoing-ultraliss-250ml-Phyteal.jpg\",\"width\":473,\"height\":788},{\"@type\":\"BreadcrumbList\",\"@id\":\"https:\/\/pharmadreams.shop\/index.php\/product\/shampoing-ultaliss-260ml-phyteal\/#breadcrumb\",\"itemListElement\":[{\"@type\":\"ListItem\",\"position\":1,\"name\":\"Accueil\",\"item\":\"https:\/\/pharmadreams.shop\/\"},{\"@type\":\"ListItem\",\"position\":2,\"name\":\"Shop\",\"item\":\"https:\/\/pharmadreams.shop\/index.php\/shop\/\"},{\"@type\":\"ListItem\",\"position\":3,\"name\":\"Shampoing ultaliss &#8211; 250ml &#8211; Phyt\u00e9al\"}]},{\"@type\":\"WebSite\",\"@id\":\"https:\/\/pharmadreams.shop\/#website\",\"url\":\"https:\/\/pharmadreams.shop\/\",\"name\":\"pharmadreams\",\"description\":\"Parapharmacie en ligne\",\"potentialAction\":[{\"@type\":\"SearchAction\",\"target\":{\"@type\":\"EntryPoint\",\"urlTemplate\":\"https:\/\/pharmadreams.shop\/?s={search_term_string}\"},\"query-input\":\"required name=search_term_string\"}],\"inLanguage\":\"fr-FR\"}]}<\/script>\n<!-- \/ Yoast SEO plugin. -->","yoast_head_json":{"title":"Shampoing ultaliss - 250ml - Phyt\u00e9al - pharmadreams","robots":{"index":"index","follow":"follow","max-snippet":"max-snippet:-1","max-image-preview":"max-image-preview:large","max-video-preview":"max-video-preview:-1"},"canonical":"https:\/\/pharmadreams.shop\/index.php\/product\/shampoing-ultaliss-260ml-phyteal\/","og_locale":"fr_FR","og_type":"article","og_title":"Shampoing ultaliss - 250ml - Phyt\u00e9al - pharmadreams","og_description":"Gr\u00e2ce aux propri\u00e9t\u00e9s lissantes de la k\u00e9ratine organique, ce shampooing apporte souplesse et douceur aux cheveux cassants. Les cheveux seront lisses, lumineux, faciles \u00e0 peigner et pr\u00eats pour un coiffage lissant sans aucune r\u00e9sistance. Appliquer sur cheveux humides, laisser agir 1 minute puis rincer. Eviter le contact avec les yeux. Usage externe uniquement. ULTRALISS SHAMPOOING LISSANT A LA K\u00c9RATINE ne pr\u00e9sente aucune contre-indication. Formule hypoallerg\u00e9nique, non com\u00e9dog\u00e8ne, non test\u00e9e sur les animaux, sans colorants et sans acides de fruits.","og_url":"https:\/\/pharmadreams.shop\/index.php\/product\/shampoing-ultaliss-260ml-phyteal\/","og_site_name":"pharmadreams","article_modified_time":"2024-05-20T11:34:48+00:00","og_image":[{"width":473,"height":788,"url":"https:\/\/pharmadreams.shop\/wp-content\/uploads\/2023\/12\/Shampoing-ultraliss-250ml-Phyteal.jpg","type":"image\/jpeg"}],"twitter_card":"summary_large_image","schema":{"@context":"https:\/\/schema.org","@graph":[{"@type":"WebPage","@id":"https:\/\/pharmadreams.shop\/index.php\/product\/shampoing-ultaliss-260ml-phyteal\/","url":"https:\/\/pharmadreams.shop\/index.php\/product\/shampoing-ultaliss-260ml-phyteal\/","name":"Shampoing ultaliss - 250ml - Phyt\u00e9al - pharmadreams","isPartOf":{"@id":"https:\/\/pharmadreams.shop\/#website"},"primaryImageOfPage":{"@id":"https:\/\/pharmadreams.shop\/index.php\/product\/shampoing-ultaliss-260ml-phyteal\/#primaryimage"},"image":{"@id":"https:\/\/pharmadreams.shop\/index.php\/product\/shampoing-ultaliss-260ml-phyteal\/#primaryimage"},"thumbnailUrl":"https:\/\/pharmadreams.shop\/wp-content\/uploads\/2023\/12\/Shampoing-ultraliss-250ml-Phyteal.jpg","datePublished":"2023-12-19T18:42:25+00:00","dateModified":"2024-05-20T11:34:48+00:00","breadcrumb":{"@id":"https:\/\/pharmadreams.shop\/index.php\/product\/shampoing-ultaliss-260ml-phyteal\/#breadcrumb"},"inLanguage":"fr-FR","potentialAction":[{"@type":"ReadAction","target":["https:\/\/pharmadreams.shop\/index.php\/product\/shampoing-ultaliss-260ml-phyteal\/"]}]},{"@type":"ImageObject","inLanguage":"fr-FR","@id":"https:\/\/pharmadreams.shop\/index.php\/product\/shampoing-ultaliss-260ml-phyteal\/#primaryimage","url":"https:\/\/pharmadreams.shop\/wp-content\/uploads\/2023\/12\/Shampoing-ultraliss-250ml-Phyteal.jpg","contentUrl":"https:\/\/pharmadreams.shop\/wp-content\/uploads\/2023\/12\/Shampoing-ultraliss-250ml-Phyteal.jpg","width":473,"height":788},{"@type":"BreadcrumbList","@id":"https:\/\/pharmadreams.shop\/index.php\/product\/shampoing-ultaliss-260ml-phyteal\/#breadcrumb","itemListElement":[{"@type":"ListItem","position":1,"name":"Accueil","item":"https:\/\/pharmadreams.shop\/"},{"@type":"ListItem","position":2,"name":"Shop","item":"https:\/\/pharmadreams.shop\/index.php\/shop\/"},{"@type":"ListItem","position":3,"name":"Shampoing ultaliss &#8211; 250ml &#8211; Phyt\u00e9al"}]},{"@type":"WebSite","@id":"https:\/\/pharmadreams.shop\/#website","url":"https:\/\/pharmadreams.shop\/","name":"pharmadreams","description":"Parapharmacie en ligne","potentialAction":[{"@type":"SearchAction","target":{"@type":"EntryPoint","urlTemplate":"https:\/\/pharmadreams.shop\/?s={search_term_string}"},"query-input":"required name=search_term_string"}],"inLanguage":"fr-FR"}]}},"_links":{"self":[{"href":"https:\/\/pharmadreams.shop\/index.php\/wp-json\/wp\/v2\/product\/17118","targetHints":{"allow":["GET"]}}],"collection":[{"href":"https:\/\/pharmadreams.shop\/index.php\/wp-json\/wp\/v2\/product"}],"about":[{"href":"https:\/\/pharmadreams.shop\/index.php\/wp-json\/wp\/v2\/types\/product"}],"replies":[{"embeddable":true,"href":"https:\/\/pharmadreams.shop\/index.php\/wp-json\/wp\/v2\/comments?post=17118"}],"version-history":[{"count":0,"href":"https:\/\/pharmadreams.shop\/index.php\/wp-json\/wp\/v2\/product\/17118\/revisions"}],"wp:featuredmedia":[{"embeddable":true,"href":"https:\/\/pharmadreams.shop\/index.php\/wp-json\/wp\/v2\/media\/17185"}],"wp:attachment":[{"href":"https:\/\/pharmadreams.shop\/index.php\/wp-json\/wp\/v2\/media?parent=17118"}],"wp:term":[{"taxonomy":"product_brand","embeddable":true,"href":"https:\/\/pharmadreams.shop\/index.php\/wp-json\/wp\/v2\/product_brand?post=17118"},{"taxonomy":"product_cat","embeddable":true,"href":"https:\/\/pharmadreams.shop\/index.php\/wp-json\/wp\/v2\/product_cat?post=17118"},{"taxonomy":"product_tag","embeddable":true,"href":"https:\/\/pharmadreams.shop\/index.php\/wp-json\/wp\/v2\/product_tag?post=17118"}],"curies":[{"name":"wp","href":"https:\/\/api.w.org\/{rel}","templated":true}]}}