{"id":17253,"date":"2023-12-19T19:43:43","date_gmt":"2023-12-19T18:43:43","guid":{"rendered":"https:\/\/venuspara.com\/?post_type=product&#038;p=17253"},"modified":"2023-12-19T19:44:37","modified_gmt":"2023-12-19T18:44:37","slug":"3-chenes-color-et-soin-coloration-5n-chatain-clair","status":"publish","type":"product","link":"https:\/\/pharmadreams.shop\/index.php\/product\/3-chenes-color-et-soin-coloration-5n-chatain-clair\/","title":{"rendered":"3 ch\u00eanes color et soin coloration &#8211; 5n ch\u00e2tain clair"},"content":{"rendered":"","protected":false},"excerpt":{"rendered":"<p>Le num\u00e9ro 1 de la coloration permanente v\u00e9g\u00e9tale.<\/p>\n<p>Color &amp; Soin\u00ae doux pour les cheveux, simple d&rsquo;utilisation et r\u00e9siste aux shampooings.<\/p>\n<p>Le Laboratoire les 3 CH\u00caNES\u00ae a d\u00e9velopp\u00e9 une ligne de coloration permanente 100% efficace et naturelle :<br \/>\nsans silicone sans ammoniaque, sans r\u00e9sorcine, sans paraben.<\/p>\n","protected":false},"featured_media":17333,"comment_status":"open","ping_status":"closed","template":"","meta":[],"product_brand":[],"product_cat":[322,80],"product_tag":[],"class_list":{"0":"post-17253","1":"product","2":"type-product","3":"status-publish","4":"has-post-thumbnail","6":"product_cat-coloration","7":"product_cat-soins","9":"first","10":"instock","11":"shipping-taxable","12":"purchasable","13":"product-type-simple"},"yoast_head":"<!-- This site is optimized with the Yoast SEO plugin v23.0 - https:\/\/yoast.com\/wordpress\/plugins\/seo\/ -->\n<title>3 ch\u00eanes color et soin coloration - 5n ch\u00e2tain clair - pharmadreams<\/title>\n<meta name=\"robots\" content=\"index, follow, max-snippet:-1, max-image-preview:large, max-video-preview:-1\" \/>\n<link rel=\"canonical\" href=\"https:\/\/pharmadreams.shop\/index.php\/product\/3-chenes-color-et-soin-coloration-5n-chatain-clair\/\" \/>\n<meta property=\"og:locale\" content=\"fr_FR\" \/>\n<meta property=\"og:type\" content=\"article\" \/>\n<meta property=\"og:title\" content=\"3 ch\u00eanes color et soin coloration - 5n ch\u00e2tain clair - pharmadreams\" \/>\n<meta property=\"og:description\" content=\"Le num\u00e9ro 1 de la coloration permanente v\u00e9g\u00e9tale.  Color &amp; Soin\u00ae doux pour les cheveux, simple d&#039;utilisation et r\u00e9siste aux shampooings.  Le Laboratoire les 3 CH\u00caNES\u00ae a d\u00e9velopp\u00e9 une ligne de coloration permanente 100% efficace et naturelle : sans silicone sans ammoniaque, sans r\u00e9sorcine, sans paraben.\" \/>\n<meta property=\"og:url\" content=\"https:\/\/pharmadreams.shop\/index.php\/product\/3-chenes-color-et-soin-coloration-5n-chatain-clair\/\" \/>\n<meta property=\"og:site_name\" content=\"pharmadreams\" \/>\n<meta property=\"article:modified_time\" content=\"2023-12-19T18:44:37+00:00\" \/>\n<meta property=\"og:image\" content=\"https:\/\/pharmadreams.shop\/wp-content\/uploads\/2023\/12\/Sans-titre-182.png\" \/>\n\t<meta property=\"og:image:width\" content=\"868\" \/>\n\t<meta property=\"og:image:height\" content=\"844\" \/>\n\t<meta property=\"og:image:type\" content=\"image\/png\" \/>\n<meta name=\"twitter:card\" content=\"summary_large_image\" \/>\n<script type=\"application\/ld+json\" class=\"yoast-schema-graph\">{\"@context\":\"https:\/\/schema.org\",\"@graph\":[{\"@type\":\"WebPage\",\"@id\":\"https:\/\/pharmadreams.shop\/index.php\/product\/3-chenes-color-et-soin-coloration-5n-chatain-clair\/\",\"url\":\"https:\/\/pharmadreams.shop\/index.php\/product\/3-chenes-color-et-soin-coloration-5n-chatain-clair\/\",\"name\":\"3 ch\u00eanes color et soin coloration - 5n ch\u00e2tain clair - pharmadreams\",\"isPartOf\":{\"@id\":\"https:\/\/pharmadreams.shop\/#website\"},\"primaryImageOfPage\":{\"@id\":\"https:\/\/pharmadreams.shop\/index.php\/product\/3-chenes-color-et-soin-coloration-5n-chatain-clair\/#primaryimage\"},\"image\":{\"@id\":\"https:\/\/pharmadreams.shop\/index.php\/product\/3-chenes-color-et-soin-coloration-5n-chatain-clair\/#primaryimage\"},\"thumbnailUrl\":\"https:\/\/pharmadreams.shop\/wp-content\/uploads\/2023\/12\/Sans-titre-182.png\",\"datePublished\":\"2023-12-19T18:43:43+00:00\",\"dateModified\":\"2023-12-19T18:44:37+00:00\",\"breadcrumb\":{\"@id\":\"https:\/\/pharmadreams.shop\/index.php\/product\/3-chenes-color-et-soin-coloration-5n-chatain-clair\/#breadcrumb\"},\"inLanguage\":\"fr-FR\",\"potentialAction\":[{\"@type\":\"ReadAction\",\"target\":[\"https:\/\/pharmadreams.shop\/index.php\/product\/3-chenes-color-et-soin-coloration-5n-chatain-clair\/\"]}]},{\"@type\":\"ImageObject\",\"inLanguage\":\"fr-FR\",\"@id\":\"https:\/\/pharmadreams.shop\/index.php\/product\/3-chenes-color-et-soin-coloration-5n-chatain-clair\/#primaryimage\",\"url\":\"https:\/\/pharmadreams.shop\/wp-content\/uploads\/2023\/12\/Sans-titre-182.png\",\"contentUrl\":\"https:\/\/pharmadreams.shop\/wp-content\/uploads\/2023\/12\/Sans-titre-182.png\",\"width\":868,\"height\":844},{\"@type\":\"BreadcrumbList\",\"@id\":\"https:\/\/pharmadreams.shop\/index.php\/product\/3-chenes-color-et-soin-coloration-5n-chatain-clair\/#breadcrumb\",\"itemListElement\":[{\"@type\":\"ListItem\",\"position\":1,\"name\":\"Accueil\",\"item\":\"https:\/\/pharmadreams.shop\/\"},{\"@type\":\"ListItem\",\"position\":2,\"name\":\"Shop\",\"item\":\"https:\/\/pharmadreams.shop\/index.php\/shop\/\"},{\"@type\":\"ListItem\",\"position\":3,\"name\":\"3 ch\u00eanes color et soin coloration &#8211; 5n ch\u00e2tain clair\"}]},{\"@type\":\"WebSite\",\"@id\":\"https:\/\/pharmadreams.shop\/#website\",\"url\":\"https:\/\/pharmadreams.shop\/\",\"name\":\"pharmadreams\",\"description\":\"Parapharmacie en ligne\",\"potentialAction\":[{\"@type\":\"SearchAction\",\"target\":{\"@type\":\"EntryPoint\",\"urlTemplate\":\"https:\/\/pharmadreams.shop\/?s={search_term_string}\"},\"query-input\":\"required name=search_term_string\"}],\"inLanguage\":\"fr-FR\"}]}<\/script>\n<!-- \/ Yoast SEO plugin. -->","yoast_head_json":{"title":"3 ch\u00eanes color et soin coloration - 5n ch\u00e2tain clair - pharmadreams","robots":{"index":"index","follow":"follow","max-snippet":"max-snippet:-1","max-image-preview":"max-image-preview:large","max-video-preview":"max-video-preview:-1"},"canonical":"https:\/\/pharmadreams.shop\/index.php\/product\/3-chenes-color-et-soin-coloration-5n-chatain-clair\/","og_locale":"fr_FR","og_type":"article","og_title":"3 ch\u00eanes color et soin coloration - 5n ch\u00e2tain clair - pharmadreams","og_description":"Le num\u00e9ro 1 de la coloration permanente v\u00e9g\u00e9tale.  Color &amp; Soin\u00ae doux pour les cheveux, simple d'utilisation et r\u00e9siste aux shampooings.  Le Laboratoire les 3 CH\u00caNES\u00ae a d\u00e9velopp\u00e9 une ligne de coloration permanente 100% efficace et naturelle : sans silicone sans ammoniaque, sans r\u00e9sorcine, sans paraben.","og_url":"https:\/\/pharmadreams.shop\/index.php\/product\/3-chenes-color-et-soin-coloration-5n-chatain-clair\/","og_site_name":"pharmadreams","article_modified_time":"2023-12-19T18:44:37+00:00","og_image":[{"width":868,"height":844,"url":"https:\/\/pharmadreams.shop\/wp-content\/uploads\/2023\/12\/Sans-titre-182.png","type":"image\/png"}],"twitter_card":"summary_large_image","schema":{"@context":"https:\/\/schema.org","@graph":[{"@type":"WebPage","@id":"https:\/\/pharmadreams.shop\/index.php\/product\/3-chenes-color-et-soin-coloration-5n-chatain-clair\/","url":"https:\/\/pharmadreams.shop\/index.php\/product\/3-chenes-color-et-soin-coloration-5n-chatain-clair\/","name":"3 ch\u00eanes color et soin coloration - 5n ch\u00e2tain clair - pharmadreams","isPartOf":{"@id":"https:\/\/pharmadreams.shop\/#website"},"primaryImageOfPage":{"@id":"https:\/\/pharmadreams.shop\/index.php\/product\/3-chenes-color-et-soin-coloration-5n-chatain-clair\/#primaryimage"},"image":{"@id":"https:\/\/pharmadreams.shop\/index.php\/product\/3-chenes-color-et-soin-coloration-5n-chatain-clair\/#primaryimage"},"thumbnailUrl":"https:\/\/pharmadreams.shop\/wp-content\/uploads\/2023\/12\/Sans-titre-182.png","datePublished":"2023-12-19T18:43:43+00:00","dateModified":"2023-12-19T18:44:37+00:00","breadcrumb":{"@id":"https:\/\/pharmadreams.shop\/index.php\/product\/3-chenes-color-et-soin-coloration-5n-chatain-clair\/#breadcrumb"},"inLanguage":"fr-FR","potentialAction":[{"@type":"ReadAction","target":["https:\/\/pharmadreams.shop\/index.php\/product\/3-chenes-color-et-soin-coloration-5n-chatain-clair\/"]}]},{"@type":"ImageObject","inLanguage":"fr-FR","@id":"https:\/\/pharmadreams.shop\/index.php\/product\/3-chenes-color-et-soin-coloration-5n-chatain-clair\/#primaryimage","url":"https:\/\/pharmadreams.shop\/wp-content\/uploads\/2023\/12\/Sans-titre-182.png","contentUrl":"https:\/\/pharmadreams.shop\/wp-content\/uploads\/2023\/12\/Sans-titre-182.png","width":868,"height":844},{"@type":"BreadcrumbList","@id":"https:\/\/pharmadreams.shop\/index.php\/product\/3-chenes-color-et-soin-coloration-5n-chatain-clair\/#breadcrumb","itemListElement":[{"@type":"ListItem","position":1,"name":"Accueil","item":"https:\/\/pharmadreams.shop\/"},{"@type":"ListItem","position":2,"name":"Shop","item":"https:\/\/pharmadreams.shop\/index.php\/shop\/"},{"@type":"ListItem","position":3,"name":"3 ch\u00eanes color et soin coloration &#8211; 5n ch\u00e2tain clair"}]},{"@type":"WebSite","@id":"https:\/\/pharmadreams.shop\/#website","url":"https:\/\/pharmadreams.shop\/","name":"pharmadreams","description":"Parapharmacie en ligne","potentialAction":[{"@type":"SearchAction","target":{"@type":"EntryPoint","urlTemplate":"https:\/\/pharmadreams.shop\/?s={search_term_string}"},"query-input":"required name=search_term_string"}],"inLanguage":"fr-FR"}]}},"_links":{"self":[{"href":"https:\/\/pharmadreams.shop\/index.php\/wp-json\/wp\/v2\/product\/17253","targetHints":{"allow":["GET"]}}],"collection":[{"href":"https:\/\/pharmadreams.shop\/index.php\/wp-json\/wp\/v2\/product"}],"about":[{"href":"https:\/\/pharmadreams.shop\/index.php\/wp-json\/wp\/v2\/types\/product"}],"replies":[{"embeddable":true,"href":"https:\/\/pharmadreams.shop\/index.php\/wp-json\/wp\/v2\/comments?post=17253"}],"version-history":[{"count":0,"href":"https:\/\/pharmadreams.shop\/index.php\/wp-json\/wp\/v2\/product\/17253\/revisions"}],"wp:featuredmedia":[{"embeddable":true,"href":"https:\/\/pharmadreams.shop\/index.php\/wp-json\/wp\/v2\/media\/17333"}],"wp:attachment":[{"href":"https:\/\/pharmadreams.shop\/index.php\/wp-json\/wp\/v2\/media?parent=17253"}],"wp:term":[{"taxonomy":"product_brand","embeddable":true,"href":"https:\/\/pharmadreams.shop\/index.php\/wp-json\/wp\/v2\/product_brand?post=17253"},{"taxonomy":"product_cat","embeddable":true,"href":"https:\/\/pharmadreams.shop\/index.php\/wp-json\/wp\/v2\/product_cat?post=17253"},{"taxonomy":"product_tag","embeddable":true,"href":"https:\/\/pharmadreams.shop\/index.php\/wp-json\/wp\/v2\/product_tag?post=17253"}],"curies":[{"name":"wp","href":"https:\/\/api.w.org\/{rel}","templated":true}]}}