{"id":17283,"date":"2023-12-19T19:44:09","date_gmt":"2023-12-19T18:44:09","guid":{"rendered":"https:\/\/venuspara.com\/?post_type=product&#038;p=17283"},"modified":"2023-12-19T19:44:48","modified_gmt":"2023-12-19T18:44:48","slug":"klorane-shampooing-detox-anti-pollution-200ml","status":"publish","type":"product","link":"https:\/\/pharmadreams.shop\/index.php\/product\/klorane-shampooing-detox-anti-pollution-200ml\/","title":{"rendered":"Klorane shampooing d\u00e9tox anti-pollution 200ml"},"content":{"rendered":"","protected":false},"excerpt":{"rendered":"<p>Klorane Anti-Pollution Shampoing D\u00e9tox \u00e0 la Menthe Aquatique 200 ml est un shampoing biod\u00e9gradable qui nettoie intens\u00e9ment la chevelure, tout en \u00e9liminant les impuret\u00e9s et particules polluantes tout en respectant l&rsquo;\u00e9quilibre du cuir chevelu.<\/p>\n","protected":false},"featured_media":17345,"comment_status":"open","ping_status":"closed","template":"","meta":[],"product_brand":[],"product_cat":[82],"product_tag":[],"class_list":{"0":"post-17283","1":"product","2":"type-product","3":"status-publish","4":"has-post-thumbnail","6":"product_cat-shampooing","8":"first","9":"instock","10":"shipping-taxable","11":"purchasable","12":"product-type-simple"},"yoast_head":"<!-- This site is optimized with the Yoast SEO plugin v23.0 - https:\/\/yoast.com\/wordpress\/plugins\/seo\/ -->\n<title>Klorane shampooing d\u00e9tox anti-pollution 200ml - pharmadreams<\/title>\n<meta name=\"robots\" content=\"index, follow, max-snippet:-1, max-image-preview:large, max-video-preview:-1\" \/>\n<link rel=\"canonical\" href=\"https:\/\/pharmadreams.shop\/index.php\/product\/klorane-shampooing-detox-anti-pollution-200ml\/\" \/>\n<meta property=\"og:locale\" content=\"fr_FR\" \/>\n<meta property=\"og:type\" content=\"article\" \/>\n<meta property=\"og:title\" content=\"Klorane shampooing d\u00e9tox anti-pollution 200ml - pharmadreams\" \/>\n<meta property=\"og:description\" content=\"Klorane Anti-Pollution Shampoing D\u00e9tox \u00e0 la Menthe Aquatique 200 ml est un shampoing biod\u00e9gradable qui nettoie intens\u00e9ment la chevelure, tout en \u00e9liminant les impuret\u00e9s et particules polluantes tout en respectant l&#039;\u00e9quilibre du cuir chevelu.\" \/>\n<meta property=\"og:url\" content=\"https:\/\/pharmadreams.shop\/index.php\/product\/klorane-shampooing-detox-anti-pollution-200ml\/\" \/>\n<meta property=\"og:site_name\" content=\"pharmadreams\" \/>\n<meta property=\"article:modified_time\" content=\"2023-12-19T18:44:48+00:00\" \/>\n<meta property=\"og:image\" content=\"https:\/\/pharmadreams.shop\/wp-content\/uploads\/2023\/12\/Sans-titre-188.png\" \/>\n\t<meta property=\"og:image:width\" content=\"1199\" \/>\n\t<meta property=\"og:image:height\" content=\"977\" \/>\n\t<meta property=\"og:image:type\" content=\"image\/png\" \/>\n<meta name=\"twitter:card\" content=\"summary_large_image\" \/>\n<script type=\"application\/ld+json\" class=\"yoast-schema-graph\">{\"@context\":\"https:\/\/schema.org\",\"@graph\":[{\"@type\":\"WebPage\",\"@id\":\"https:\/\/pharmadreams.shop\/index.php\/product\/klorane-shampooing-detox-anti-pollution-200ml\/\",\"url\":\"https:\/\/pharmadreams.shop\/index.php\/product\/klorane-shampooing-detox-anti-pollution-200ml\/\",\"name\":\"Klorane shampooing d\u00e9tox anti-pollution 200ml - pharmadreams\",\"isPartOf\":{\"@id\":\"https:\/\/pharmadreams.shop\/#website\"},\"primaryImageOfPage\":{\"@id\":\"https:\/\/pharmadreams.shop\/index.php\/product\/klorane-shampooing-detox-anti-pollution-200ml\/#primaryimage\"},\"image\":{\"@id\":\"https:\/\/pharmadreams.shop\/index.php\/product\/klorane-shampooing-detox-anti-pollution-200ml\/#primaryimage\"},\"thumbnailUrl\":\"https:\/\/pharmadreams.shop\/wp-content\/uploads\/2023\/12\/Sans-titre-188.png\",\"datePublished\":\"2023-12-19T18:44:09+00:00\",\"dateModified\":\"2023-12-19T18:44:48+00:00\",\"breadcrumb\":{\"@id\":\"https:\/\/pharmadreams.shop\/index.php\/product\/klorane-shampooing-detox-anti-pollution-200ml\/#breadcrumb\"},\"inLanguage\":\"fr-FR\",\"potentialAction\":[{\"@type\":\"ReadAction\",\"target\":[\"https:\/\/pharmadreams.shop\/index.php\/product\/klorane-shampooing-detox-anti-pollution-200ml\/\"]}]},{\"@type\":\"ImageObject\",\"inLanguage\":\"fr-FR\",\"@id\":\"https:\/\/pharmadreams.shop\/index.php\/product\/klorane-shampooing-detox-anti-pollution-200ml\/#primaryimage\",\"url\":\"https:\/\/pharmadreams.shop\/wp-content\/uploads\/2023\/12\/Sans-titre-188.png\",\"contentUrl\":\"https:\/\/pharmadreams.shop\/wp-content\/uploads\/2023\/12\/Sans-titre-188.png\",\"width\":1199,\"height\":977},{\"@type\":\"BreadcrumbList\",\"@id\":\"https:\/\/pharmadreams.shop\/index.php\/product\/klorane-shampooing-detox-anti-pollution-200ml\/#breadcrumb\",\"itemListElement\":[{\"@type\":\"ListItem\",\"position\":1,\"name\":\"Accueil\",\"item\":\"https:\/\/pharmadreams.shop\/\"},{\"@type\":\"ListItem\",\"position\":2,\"name\":\"Shop\",\"item\":\"https:\/\/pharmadreams.shop\/index.php\/shop\/\"},{\"@type\":\"ListItem\",\"position\":3,\"name\":\"Klorane shampooing d\u00e9tox anti-pollution 200ml\"}]},{\"@type\":\"WebSite\",\"@id\":\"https:\/\/pharmadreams.shop\/#website\",\"url\":\"https:\/\/pharmadreams.shop\/\",\"name\":\"pharmadreams\",\"description\":\"Parapharmacie en ligne\",\"potentialAction\":[{\"@type\":\"SearchAction\",\"target\":{\"@type\":\"EntryPoint\",\"urlTemplate\":\"https:\/\/pharmadreams.shop\/?s={search_term_string}\"},\"query-input\":\"required name=search_term_string\"}],\"inLanguage\":\"fr-FR\"}]}<\/script>\n<!-- \/ Yoast SEO plugin. -->","yoast_head_json":{"title":"Klorane shampooing d\u00e9tox anti-pollution 200ml - pharmadreams","robots":{"index":"index","follow":"follow","max-snippet":"max-snippet:-1","max-image-preview":"max-image-preview:large","max-video-preview":"max-video-preview:-1"},"canonical":"https:\/\/pharmadreams.shop\/index.php\/product\/klorane-shampooing-detox-anti-pollution-200ml\/","og_locale":"fr_FR","og_type":"article","og_title":"Klorane shampooing d\u00e9tox anti-pollution 200ml - pharmadreams","og_description":"Klorane Anti-Pollution Shampoing D\u00e9tox \u00e0 la Menthe Aquatique 200 ml est un shampoing biod\u00e9gradable qui nettoie intens\u00e9ment la chevelure, tout en \u00e9liminant les impuret\u00e9s et particules polluantes tout en respectant l'\u00e9quilibre du cuir chevelu.","og_url":"https:\/\/pharmadreams.shop\/index.php\/product\/klorane-shampooing-detox-anti-pollution-200ml\/","og_site_name":"pharmadreams","article_modified_time":"2023-12-19T18:44:48+00:00","og_image":[{"width":1199,"height":977,"url":"https:\/\/pharmadreams.shop\/wp-content\/uploads\/2023\/12\/Sans-titre-188.png","type":"image\/png"}],"twitter_card":"summary_large_image","schema":{"@context":"https:\/\/schema.org","@graph":[{"@type":"WebPage","@id":"https:\/\/pharmadreams.shop\/index.php\/product\/klorane-shampooing-detox-anti-pollution-200ml\/","url":"https:\/\/pharmadreams.shop\/index.php\/product\/klorane-shampooing-detox-anti-pollution-200ml\/","name":"Klorane shampooing d\u00e9tox anti-pollution 200ml - pharmadreams","isPartOf":{"@id":"https:\/\/pharmadreams.shop\/#website"},"primaryImageOfPage":{"@id":"https:\/\/pharmadreams.shop\/index.php\/product\/klorane-shampooing-detox-anti-pollution-200ml\/#primaryimage"},"image":{"@id":"https:\/\/pharmadreams.shop\/index.php\/product\/klorane-shampooing-detox-anti-pollution-200ml\/#primaryimage"},"thumbnailUrl":"https:\/\/pharmadreams.shop\/wp-content\/uploads\/2023\/12\/Sans-titre-188.png","datePublished":"2023-12-19T18:44:09+00:00","dateModified":"2023-12-19T18:44:48+00:00","breadcrumb":{"@id":"https:\/\/pharmadreams.shop\/index.php\/product\/klorane-shampooing-detox-anti-pollution-200ml\/#breadcrumb"},"inLanguage":"fr-FR","potentialAction":[{"@type":"ReadAction","target":["https:\/\/pharmadreams.shop\/index.php\/product\/klorane-shampooing-detox-anti-pollution-200ml\/"]}]},{"@type":"ImageObject","inLanguage":"fr-FR","@id":"https:\/\/pharmadreams.shop\/index.php\/product\/klorane-shampooing-detox-anti-pollution-200ml\/#primaryimage","url":"https:\/\/pharmadreams.shop\/wp-content\/uploads\/2023\/12\/Sans-titre-188.png","contentUrl":"https:\/\/pharmadreams.shop\/wp-content\/uploads\/2023\/12\/Sans-titre-188.png","width":1199,"height":977},{"@type":"BreadcrumbList","@id":"https:\/\/pharmadreams.shop\/index.php\/product\/klorane-shampooing-detox-anti-pollution-200ml\/#breadcrumb","itemListElement":[{"@type":"ListItem","position":1,"name":"Accueil","item":"https:\/\/pharmadreams.shop\/"},{"@type":"ListItem","position":2,"name":"Shop","item":"https:\/\/pharmadreams.shop\/index.php\/shop\/"},{"@type":"ListItem","position":3,"name":"Klorane shampooing d\u00e9tox anti-pollution 200ml"}]},{"@type":"WebSite","@id":"https:\/\/pharmadreams.shop\/#website","url":"https:\/\/pharmadreams.shop\/","name":"pharmadreams","description":"Parapharmacie en ligne","potentialAction":[{"@type":"SearchAction","target":{"@type":"EntryPoint","urlTemplate":"https:\/\/pharmadreams.shop\/?s={search_term_string}"},"query-input":"required name=search_term_string"}],"inLanguage":"fr-FR"}]}},"_links":{"self":[{"href":"https:\/\/pharmadreams.shop\/index.php\/wp-json\/wp\/v2\/product\/17283","targetHints":{"allow":["GET"]}}],"collection":[{"href":"https:\/\/pharmadreams.shop\/index.php\/wp-json\/wp\/v2\/product"}],"about":[{"href":"https:\/\/pharmadreams.shop\/index.php\/wp-json\/wp\/v2\/types\/product"}],"replies":[{"embeddable":true,"href":"https:\/\/pharmadreams.shop\/index.php\/wp-json\/wp\/v2\/comments?post=17283"}],"version-history":[{"count":0,"href":"https:\/\/pharmadreams.shop\/index.php\/wp-json\/wp\/v2\/product\/17283\/revisions"}],"wp:featuredmedia":[{"embeddable":true,"href":"https:\/\/pharmadreams.shop\/index.php\/wp-json\/wp\/v2\/media\/17345"}],"wp:attachment":[{"href":"https:\/\/pharmadreams.shop\/index.php\/wp-json\/wp\/v2\/media?parent=17283"}],"wp:term":[{"taxonomy":"product_brand","embeddable":true,"href":"https:\/\/pharmadreams.shop\/index.php\/wp-json\/wp\/v2\/product_brand?post=17283"},{"taxonomy":"product_cat","embeddable":true,"href":"https:\/\/pharmadreams.shop\/index.php\/wp-json\/wp\/v2\/product_cat?post=17283"},{"taxonomy":"product_tag","embeddable":true,"href":"https:\/\/pharmadreams.shop\/index.php\/wp-json\/wp\/v2\/product_tag?post=17283"}],"curies":[{"name":"wp","href":"https:\/\/api.w.org\/{rel}","templated":true}]}}