{"id":17287,"date":"2023-12-19T19:44:10","date_gmt":"2023-12-19T18:44:10","guid":{"rendered":"https:\/\/venuspara.com\/?post_type=product&#038;p=17287"},"modified":"2023-12-19T19:44:55","modified_gmt":"2023-12-19T18:44:55","slug":"physiomer-baby-20-doses-of-5-ml","status":"publish","type":"product","link":"https:\/\/pharmadreams.shop\/index.php\/product\/physiomer-baby-20-doses-of-5-ml\/","title":{"rendered":"Physiomer baby 20 doses of 5 ml"},"content":{"rendered":"","protected":false},"excerpt":{"rendered":"<p>PHYSIOMER BABY UNIDOSES\u00a0aident \u00e0 nettoyer, hydrater et purifier le nez de votre b\u00e9b\u00e9. Elles\u00a0peuvent aussi \u00eatre utilis\u00e9es pour nettoyer les yeux.<\/p>\n<p>Les Unidoses PHYSIOMER\u00a0Baby contiennent 100 % d\u2019eau de mer, pour un lavage naturel du nez de votre b\u00e9b\u00e9 en cas de rhume ou d\u2019infection des voies respiratoires sup\u00e9rieures. Cela am\u00e9liore la respiration de votre b\u00e9b\u00e9 et donc son sommeil et son app\u00e9tit.<\/p>\n","protected":false},"featured_media":17353,"comment_status":"open","ping_status":"closed","template":"","meta":[],"product_brand":[],"product_cat":[323,304],"product_tag":[],"class_list":{"0":"post-17287","1":"product","2":"type-product","3":"status-publish","4":"has-post-thumbnail","6":"product_cat-eau-de-mer","7":"product_cat-nettoyant-visage","9":"first","10":"instock","11":"shipping-taxable","12":"purchasable","13":"product-type-simple"},"yoast_head":"<!-- This site is optimized with the Yoast SEO plugin v23.0 - https:\/\/yoast.com\/wordpress\/plugins\/seo\/ -->\n<title>Physiomer baby 20 doses of 5 ml - pharmadreams<\/title>\n<meta name=\"robots\" content=\"index, follow, max-snippet:-1, max-image-preview:large, max-video-preview:-1\" \/>\n<link rel=\"canonical\" href=\"https:\/\/pharmadreams.shop\/index.php\/product\/physiomer-baby-20-doses-of-5-ml\/\" \/>\n<meta property=\"og:locale\" content=\"fr_FR\" \/>\n<meta property=\"og:type\" content=\"article\" \/>\n<meta property=\"og:title\" content=\"Physiomer baby 20 doses of 5 ml - pharmadreams\" \/>\n<meta property=\"og:description\" content=\"PHYSIOMER BABY UNIDOSES\u00a0aident \u00e0 nettoyer, hydrater et purifier le nez de votre b\u00e9b\u00e9. Elles\u00a0peuvent aussi \u00eatre utilis\u00e9es pour nettoyer les yeux.  Les Unidoses PHYSIOMER\u00a0Baby contiennent 100 % d\u2019eau de mer, pour un lavage naturel du nez de votre b\u00e9b\u00e9 en cas de rhume ou d\u2019infection des voies respiratoires sup\u00e9rieures. Cela am\u00e9liore la respiration de votre b\u00e9b\u00e9 et donc son sommeil et son app\u00e9tit.\" \/>\n<meta property=\"og:url\" content=\"https:\/\/pharmadreams.shop\/index.php\/product\/physiomer-baby-20-doses-of-5-ml\/\" \/>\n<meta property=\"og:site_name\" content=\"pharmadreams\" \/>\n<meta property=\"article:modified_time\" content=\"2023-12-19T18:44:55+00:00\" \/>\n<meta property=\"og:image\" content=\"https:\/\/pharmadreams.shop\/wp-content\/uploads\/2023\/12\/Sans-titre-192.png\" \/>\n\t<meta property=\"og:image:width\" content=\"1087\" \/>\n\t<meta property=\"og:image:height\" content=\"671\" \/>\n\t<meta property=\"og:image:type\" content=\"image\/png\" \/>\n<meta name=\"twitter:card\" content=\"summary_large_image\" \/>\n<script type=\"application\/ld+json\" class=\"yoast-schema-graph\">{\"@context\":\"https:\/\/schema.org\",\"@graph\":[{\"@type\":\"WebPage\",\"@id\":\"https:\/\/pharmadreams.shop\/index.php\/product\/physiomer-baby-20-doses-of-5-ml\/\",\"url\":\"https:\/\/pharmadreams.shop\/index.php\/product\/physiomer-baby-20-doses-of-5-ml\/\",\"name\":\"Physiomer baby 20 doses of 5 ml - pharmadreams\",\"isPartOf\":{\"@id\":\"https:\/\/pharmadreams.shop\/#website\"},\"primaryImageOfPage\":{\"@id\":\"https:\/\/pharmadreams.shop\/index.php\/product\/physiomer-baby-20-doses-of-5-ml\/#primaryimage\"},\"image\":{\"@id\":\"https:\/\/pharmadreams.shop\/index.php\/product\/physiomer-baby-20-doses-of-5-ml\/#primaryimage\"},\"thumbnailUrl\":\"https:\/\/pharmadreams.shop\/wp-content\/uploads\/2023\/12\/Sans-titre-192.png\",\"datePublished\":\"2023-12-19T18:44:10+00:00\",\"dateModified\":\"2023-12-19T18:44:55+00:00\",\"breadcrumb\":{\"@id\":\"https:\/\/pharmadreams.shop\/index.php\/product\/physiomer-baby-20-doses-of-5-ml\/#breadcrumb\"},\"inLanguage\":\"fr-FR\",\"potentialAction\":[{\"@type\":\"ReadAction\",\"target\":[\"https:\/\/pharmadreams.shop\/index.php\/product\/physiomer-baby-20-doses-of-5-ml\/\"]}]},{\"@type\":\"ImageObject\",\"inLanguage\":\"fr-FR\",\"@id\":\"https:\/\/pharmadreams.shop\/index.php\/product\/physiomer-baby-20-doses-of-5-ml\/#primaryimage\",\"url\":\"https:\/\/pharmadreams.shop\/wp-content\/uploads\/2023\/12\/Sans-titre-192.png\",\"contentUrl\":\"https:\/\/pharmadreams.shop\/wp-content\/uploads\/2023\/12\/Sans-titre-192.png\",\"width\":1087,\"height\":671},{\"@type\":\"BreadcrumbList\",\"@id\":\"https:\/\/pharmadreams.shop\/index.php\/product\/physiomer-baby-20-doses-of-5-ml\/#breadcrumb\",\"itemListElement\":[{\"@type\":\"ListItem\",\"position\":1,\"name\":\"Accueil\",\"item\":\"https:\/\/pharmadreams.shop\/\"},{\"@type\":\"ListItem\",\"position\":2,\"name\":\"Shop\",\"item\":\"https:\/\/pharmadreams.shop\/index.php\/shop\/\"},{\"@type\":\"ListItem\",\"position\":3,\"name\":\"Physiomer baby 20 doses of 5 ml\"}]},{\"@type\":\"WebSite\",\"@id\":\"https:\/\/pharmadreams.shop\/#website\",\"url\":\"https:\/\/pharmadreams.shop\/\",\"name\":\"pharmadreams\",\"description\":\"Parapharmacie en ligne\",\"potentialAction\":[{\"@type\":\"SearchAction\",\"target\":{\"@type\":\"EntryPoint\",\"urlTemplate\":\"https:\/\/pharmadreams.shop\/?s={search_term_string}\"},\"query-input\":\"required name=search_term_string\"}],\"inLanguage\":\"fr-FR\"}]}<\/script>\n<!-- \/ Yoast SEO plugin. -->","yoast_head_json":{"title":"Physiomer baby 20 doses of 5 ml - pharmadreams","robots":{"index":"index","follow":"follow","max-snippet":"max-snippet:-1","max-image-preview":"max-image-preview:large","max-video-preview":"max-video-preview:-1"},"canonical":"https:\/\/pharmadreams.shop\/index.php\/product\/physiomer-baby-20-doses-of-5-ml\/","og_locale":"fr_FR","og_type":"article","og_title":"Physiomer baby 20 doses of 5 ml - pharmadreams","og_description":"PHYSIOMER BABY UNIDOSES\u00a0aident \u00e0 nettoyer, hydrater et purifier le nez de votre b\u00e9b\u00e9. Elles\u00a0peuvent aussi \u00eatre utilis\u00e9es pour nettoyer les yeux.  Les Unidoses PHYSIOMER\u00a0Baby contiennent 100 % d\u2019eau de mer, pour un lavage naturel du nez de votre b\u00e9b\u00e9 en cas de rhume ou d\u2019infection des voies respiratoires sup\u00e9rieures. Cela am\u00e9liore la respiration de votre b\u00e9b\u00e9 et donc son sommeil et son app\u00e9tit.","og_url":"https:\/\/pharmadreams.shop\/index.php\/product\/physiomer-baby-20-doses-of-5-ml\/","og_site_name":"pharmadreams","article_modified_time":"2023-12-19T18:44:55+00:00","og_image":[{"width":1087,"height":671,"url":"https:\/\/pharmadreams.shop\/wp-content\/uploads\/2023\/12\/Sans-titre-192.png","type":"image\/png"}],"twitter_card":"summary_large_image","schema":{"@context":"https:\/\/schema.org","@graph":[{"@type":"WebPage","@id":"https:\/\/pharmadreams.shop\/index.php\/product\/physiomer-baby-20-doses-of-5-ml\/","url":"https:\/\/pharmadreams.shop\/index.php\/product\/physiomer-baby-20-doses-of-5-ml\/","name":"Physiomer baby 20 doses of 5 ml - pharmadreams","isPartOf":{"@id":"https:\/\/pharmadreams.shop\/#website"},"primaryImageOfPage":{"@id":"https:\/\/pharmadreams.shop\/index.php\/product\/physiomer-baby-20-doses-of-5-ml\/#primaryimage"},"image":{"@id":"https:\/\/pharmadreams.shop\/index.php\/product\/physiomer-baby-20-doses-of-5-ml\/#primaryimage"},"thumbnailUrl":"https:\/\/pharmadreams.shop\/wp-content\/uploads\/2023\/12\/Sans-titre-192.png","datePublished":"2023-12-19T18:44:10+00:00","dateModified":"2023-12-19T18:44:55+00:00","breadcrumb":{"@id":"https:\/\/pharmadreams.shop\/index.php\/product\/physiomer-baby-20-doses-of-5-ml\/#breadcrumb"},"inLanguage":"fr-FR","potentialAction":[{"@type":"ReadAction","target":["https:\/\/pharmadreams.shop\/index.php\/product\/physiomer-baby-20-doses-of-5-ml\/"]}]},{"@type":"ImageObject","inLanguage":"fr-FR","@id":"https:\/\/pharmadreams.shop\/index.php\/product\/physiomer-baby-20-doses-of-5-ml\/#primaryimage","url":"https:\/\/pharmadreams.shop\/wp-content\/uploads\/2023\/12\/Sans-titre-192.png","contentUrl":"https:\/\/pharmadreams.shop\/wp-content\/uploads\/2023\/12\/Sans-titre-192.png","width":1087,"height":671},{"@type":"BreadcrumbList","@id":"https:\/\/pharmadreams.shop\/index.php\/product\/physiomer-baby-20-doses-of-5-ml\/#breadcrumb","itemListElement":[{"@type":"ListItem","position":1,"name":"Accueil","item":"https:\/\/pharmadreams.shop\/"},{"@type":"ListItem","position":2,"name":"Shop","item":"https:\/\/pharmadreams.shop\/index.php\/shop\/"},{"@type":"ListItem","position":3,"name":"Physiomer baby 20 doses of 5 ml"}]},{"@type":"WebSite","@id":"https:\/\/pharmadreams.shop\/#website","url":"https:\/\/pharmadreams.shop\/","name":"pharmadreams","description":"Parapharmacie en ligne","potentialAction":[{"@type":"SearchAction","target":{"@type":"EntryPoint","urlTemplate":"https:\/\/pharmadreams.shop\/?s={search_term_string}"},"query-input":"required name=search_term_string"}],"inLanguage":"fr-FR"}]}},"_links":{"self":[{"href":"https:\/\/pharmadreams.shop\/index.php\/wp-json\/wp\/v2\/product\/17287","targetHints":{"allow":["GET"]}}],"collection":[{"href":"https:\/\/pharmadreams.shop\/index.php\/wp-json\/wp\/v2\/product"}],"about":[{"href":"https:\/\/pharmadreams.shop\/index.php\/wp-json\/wp\/v2\/types\/product"}],"replies":[{"embeddable":true,"href":"https:\/\/pharmadreams.shop\/index.php\/wp-json\/wp\/v2\/comments?post=17287"}],"version-history":[{"count":0,"href":"https:\/\/pharmadreams.shop\/index.php\/wp-json\/wp\/v2\/product\/17287\/revisions"}],"wp:featuredmedia":[{"embeddable":true,"href":"https:\/\/pharmadreams.shop\/index.php\/wp-json\/wp\/v2\/media\/17353"}],"wp:attachment":[{"href":"https:\/\/pharmadreams.shop\/index.php\/wp-json\/wp\/v2\/media?parent=17287"}],"wp:term":[{"taxonomy":"product_brand","embeddable":true,"href":"https:\/\/pharmadreams.shop\/index.php\/wp-json\/wp\/v2\/product_brand?post=17287"},{"taxonomy":"product_cat","embeddable":true,"href":"https:\/\/pharmadreams.shop\/index.php\/wp-json\/wp\/v2\/product_cat?post=17287"},{"taxonomy":"product_tag","embeddable":true,"href":"https:\/\/pharmadreams.shop\/index.php\/wp-json\/wp\/v2\/product_tag?post=17287"}],"curies":[{"name":"wp","href":"https:\/\/api.w.org\/{rel}","templated":true}]}}