{"id":17955,"date":"2024-04-29T12:09:59","date_gmt":"2024-04-29T11:09:59","guid":{"rendered":"https:\/\/pharmadreams.shop\/?post_type=product&#038;p=17955"},"modified":"2024-04-29T12:10:00","modified_gmt":"2024-04-29T11:10:00","slug":"dermedic-sunbrella-spray-spf50-150ml","status":"publish","type":"product","link":"https:\/\/pharmadreams.shop\/index.php\/product\/dermedic-sunbrella-spray-spf50-150ml\/","title":{"rendered":"DERMEDIC SUNBRELLA SPRAY  SPF50+ 150ML"},"content":{"rendered":"","protected":false},"excerpt":{"rendered":"<p>Dermedic Sunbrella offre une protection tr\u00e8s \u00e9lev\u00e9e SPF50+, efficace et durable contre les rayons UVA, UVB, VL et IR pour tous types de peaux sensibles, il permet d&rsquo; emp\u00eacher les dermatoses solaires, les br\u00fblures et la d\u00e9coloration. Prot\u00e8ge l&rsquo;ADN des cellules. Le spray contient du D-panth\u00e9nol , qui soutient les processus de r\u00e9g\u00e9n\u00e9ration \u00e9pidermique et apaise les irritations caus\u00e9es par une exposition excessive au soleil. Les vitamines C et E ont un effet antioxydant, retardant ainsi le processus de vieillissement cutan\u00e9. indications Tous types de peaux sensibles, protection contre les rayons UV, IR et VL en cas d&rsquo;exposition au soleil<\/p>\n","protected":false},"featured_media":17956,"comment_status":"open","ping_status":"closed","template":"","meta":[],"product_brand":[],"product_cat":[28,233,263],"product_tag":[],"class_list":{"0":"post-17955","1":"product","2":"type-product","3":"status-publish","4":"has-post-thumbnail","6":"product_cat-corps","7":"product_cat-protection-solaire","8":"product_cat-spray","10":"first","11":"instock","12":"shipping-taxable","13":"purchasable","14":"product-type-simple"},"yoast_head":"<!-- This site is optimized with the Yoast SEO plugin v23.0 - https:\/\/yoast.com\/wordpress\/plugins\/seo\/ -->\n<title>DERMEDIC SUNBRELLA SPRAY SPF50+ 150ML - pharmadreams<\/title>\n<meta name=\"robots\" content=\"index, follow, max-snippet:-1, max-image-preview:large, max-video-preview:-1\" \/>\n<link rel=\"canonical\" href=\"https:\/\/pharmadreams.shop\/index.php\/product\/dermedic-sunbrella-spray-spf50-150ml\/\" \/>\n<meta property=\"og:locale\" content=\"fr_FR\" \/>\n<meta property=\"og:type\" content=\"article\" \/>\n<meta property=\"og:title\" content=\"DERMEDIC SUNBRELLA SPRAY SPF50+ 150ML - pharmadreams\" \/>\n<meta property=\"og:description\" content=\"Dermedic Sunbrella offre une protection tr\u00e8s \u00e9lev\u00e9e SPF50+, efficace et durable contre les rayons UVA, UVB, VL et IR pour tous types de peaux sensibles, il permet d&#039; emp\u00eacher les dermatoses solaires, les br\u00fblures et la d\u00e9coloration. Prot\u00e8ge l&#039;ADN des cellules. Le spray contient du D-panth\u00e9nol , qui soutient les processus de r\u00e9g\u00e9n\u00e9ration \u00e9pidermique et apaise les irritations caus\u00e9es par une exposition excessive au soleil. Les vitamines C et E ont un effet antioxydant, retardant ainsi le processus de vieillissement cutan\u00e9. indications Tous types de peaux sensibles, protection contre les rayons UV, IR et VL en cas d&#039;exposition au soleil\" \/>\n<meta property=\"og:url\" content=\"https:\/\/pharmadreams.shop\/index.php\/product\/dermedic-sunbrella-spray-spf50-150ml\/\" \/>\n<meta property=\"og:site_name\" content=\"pharmadreams\" \/>\n<meta property=\"article:modified_time\" content=\"2024-04-29T11:10:00+00:00\" \/>\n<meta property=\"og:image\" content=\"https:\/\/pharmadreams.shop\/wp-content\/uploads\/2024\/04\/dermedic-sunbrella-spray-spf50-150ml.webp\" \/>\n\t<meta property=\"og:image:width\" content=\"250\" \/>\n\t<meta property=\"og:image:height\" content=\"250\" \/>\n\t<meta property=\"og:image:type\" content=\"image\/webp\" \/>\n<meta name=\"twitter:card\" content=\"summary_large_image\" \/>\n<meta name=\"twitter:label1\" content=\"Dur\u00e9e de lecture estim\u00e9e\" \/>\n\t<meta name=\"twitter:data1\" content=\"1 minute\" \/>\n<script type=\"application\/ld+json\" class=\"yoast-schema-graph\">{\"@context\":\"https:\/\/schema.org\",\"@graph\":[{\"@type\":\"WebPage\",\"@id\":\"https:\/\/pharmadreams.shop\/index.php\/product\/dermedic-sunbrella-spray-spf50-150ml\/\",\"url\":\"https:\/\/pharmadreams.shop\/index.php\/product\/dermedic-sunbrella-spray-spf50-150ml\/\",\"name\":\"DERMEDIC SUNBRELLA SPRAY SPF50+ 150ML - pharmadreams\",\"isPartOf\":{\"@id\":\"https:\/\/pharmadreams.shop\/#website\"},\"primaryImageOfPage\":{\"@id\":\"https:\/\/pharmadreams.shop\/index.php\/product\/dermedic-sunbrella-spray-spf50-150ml\/#primaryimage\"},\"image\":{\"@id\":\"https:\/\/pharmadreams.shop\/index.php\/product\/dermedic-sunbrella-spray-spf50-150ml\/#primaryimage\"},\"thumbnailUrl\":\"https:\/\/pharmadreams.shop\/wp-content\/uploads\/2024\/04\/dermedic-sunbrella-spray-spf50-150ml.webp\",\"datePublished\":\"2024-04-29T11:09:59+00:00\",\"dateModified\":\"2024-04-29T11:10:00+00:00\",\"breadcrumb\":{\"@id\":\"https:\/\/pharmadreams.shop\/index.php\/product\/dermedic-sunbrella-spray-spf50-150ml\/#breadcrumb\"},\"inLanguage\":\"fr-FR\",\"potentialAction\":[{\"@type\":\"ReadAction\",\"target\":[\"https:\/\/pharmadreams.shop\/index.php\/product\/dermedic-sunbrella-spray-spf50-150ml\/\"]}]},{\"@type\":\"ImageObject\",\"inLanguage\":\"fr-FR\",\"@id\":\"https:\/\/pharmadreams.shop\/index.php\/product\/dermedic-sunbrella-spray-spf50-150ml\/#primaryimage\",\"url\":\"https:\/\/pharmadreams.shop\/wp-content\/uploads\/2024\/04\/dermedic-sunbrella-spray-spf50-150ml.webp\",\"contentUrl\":\"https:\/\/pharmadreams.shop\/wp-content\/uploads\/2024\/04\/dermedic-sunbrella-spray-spf50-150ml.webp\",\"width\":250,\"height\":250},{\"@type\":\"BreadcrumbList\",\"@id\":\"https:\/\/pharmadreams.shop\/index.php\/product\/dermedic-sunbrella-spray-spf50-150ml\/#breadcrumb\",\"itemListElement\":[{\"@type\":\"ListItem\",\"position\":1,\"name\":\"Accueil\",\"item\":\"https:\/\/pharmadreams.shop\/\"},{\"@type\":\"ListItem\",\"position\":2,\"name\":\"Shop\",\"item\":\"https:\/\/pharmadreams.shop\/index.php\/shop\/\"},{\"@type\":\"ListItem\",\"position\":3,\"name\":\"DERMEDIC SUNBRELLA SPRAY SPF50+ 150ML\"}]},{\"@type\":\"WebSite\",\"@id\":\"https:\/\/pharmadreams.shop\/#website\",\"url\":\"https:\/\/pharmadreams.shop\/\",\"name\":\"pharmadreams\",\"description\":\"Parapharmacie en ligne\",\"potentialAction\":[{\"@type\":\"SearchAction\",\"target\":{\"@type\":\"EntryPoint\",\"urlTemplate\":\"https:\/\/pharmadreams.shop\/?s={search_term_string}\"},\"query-input\":\"required name=search_term_string\"}],\"inLanguage\":\"fr-FR\"}]}<\/script>\n<!-- \/ Yoast SEO plugin. -->","yoast_head_json":{"title":"DERMEDIC SUNBRELLA SPRAY SPF50+ 150ML - pharmadreams","robots":{"index":"index","follow":"follow","max-snippet":"max-snippet:-1","max-image-preview":"max-image-preview:large","max-video-preview":"max-video-preview:-1"},"canonical":"https:\/\/pharmadreams.shop\/index.php\/product\/dermedic-sunbrella-spray-spf50-150ml\/","og_locale":"fr_FR","og_type":"article","og_title":"DERMEDIC SUNBRELLA SPRAY SPF50+ 150ML - pharmadreams","og_description":"Dermedic Sunbrella offre une protection tr\u00e8s \u00e9lev\u00e9e SPF50+, efficace et durable contre les rayons UVA, UVB, VL et IR pour tous types de peaux sensibles, il permet d' emp\u00eacher les dermatoses solaires, les br\u00fblures et la d\u00e9coloration. Prot\u00e8ge l'ADN des cellules. Le spray contient du D-panth\u00e9nol , qui soutient les processus de r\u00e9g\u00e9n\u00e9ration \u00e9pidermique et apaise les irritations caus\u00e9es par une exposition excessive au soleil. Les vitamines C et E ont un effet antioxydant, retardant ainsi le processus de vieillissement cutan\u00e9. indications Tous types de peaux sensibles, protection contre les rayons UV, IR et VL en cas d'exposition au soleil","og_url":"https:\/\/pharmadreams.shop\/index.php\/product\/dermedic-sunbrella-spray-spf50-150ml\/","og_site_name":"pharmadreams","article_modified_time":"2024-04-29T11:10:00+00:00","og_image":[{"width":250,"height":250,"url":"https:\/\/pharmadreams.shop\/wp-content\/uploads\/2024\/04\/dermedic-sunbrella-spray-spf50-150ml.webp","type":"image\/webp"}],"twitter_card":"summary_large_image","twitter_misc":{"Dur\u00e9e de lecture estim\u00e9e":"1 minute"},"schema":{"@context":"https:\/\/schema.org","@graph":[{"@type":"WebPage","@id":"https:\/\/pharmadreams.shop\/index.php\/product\/dermedic-sunbrella-spray-spf50-150ml\/","url":"https:\/\/pharmadreams.shop\/index.php\/product\/dermedic-sunbrella-spray-spf50-150ml\/","name":"DERMEDIC SUNBRELLA SPRAY SPF50+ 150ML - pharmadreams","isPartOf":{"@id":"https:\/\/pharmadreams.shop\/#website"},"primaryImageOfPage":{"@id":"https:\/\/pharmadreams.shop\/index.php\/product\/dermedic-sunbrella-spray-spf50-150ml\/#primaryimage"},"image":{"@id":"https:\/\/pharmadreams.shop\/index.php\/product\/dermedic-sunbrella-spray-spf50-150ml\/#primaryimage"},"thumbnailUrl":"https:\/\/pharmadreams.shop\/wp-content\/uploads\/2024\/04\/dermedic-sunbrella-spray-spf50-150ml.webp","datePublished":"2024-04-29T11:09:59+00:00","dateModified":"2024-04-29T11:10:00+00:00","breadcrumb":{"@id":"https:\/\/pharmadreams.shop\/index.php\/product\/dermedic-sunbrella-spray-spf50-150ml\/#breadcrumb"},"inLanguage":"fr-FR","potentialAction":[{"@type":"ReadAction","target":["https:\/\/pharmadreams.shop\/index.php\/product\/dermedic-sunbrella-spray-spf50-150ml\/"]}]},{"@type":"ImageObject","inLanguage":"fr-FR","@id":"https:\/\/pharmadreams.shop\/index.php\/product\/dermedic-sunbrella-spray-spf50-150ml\/#primaryimage","url":"https:\/\/pharmadreams.shop\/wp-content\/uploads\/2024\/04\/dermedic-sunbrella-spray-spf50-150ml.webp","contentUrl":"https:\/\/pharmadreams.shop\/wp-content\/uploads\/2024\/04\/dermedic-sunbrella-spray-spf50-150ml.webp","width":250,"height":250},{"@type":"BreadcrumbList","@id":"https:\/\/pharmadreams.shop\/index.php\/product\/dermedic-sunbrella-spray-spf50-150ml\/#breadcrumb","itemListElement":[{"@type":"ListItem","position":1,"name":"Accueil","item":"https:\/\/pharmadreams.shop\/"},{"@type":"ListItem","position":2,"name":"Shop","item":"https:\/\/pharmadreams.shop\/index.php\/shop\/"},{"@type":"ListItem","position":3,"name":"DERMEDIC SUNBRELLA SPRAY SPF50+ 150ML"}]},{"@type":"WebSite","@id":"https:\/\/pharmadreams.shop\/#website","url":"https:\/\/pharmadreams.shop\/","name":"pharmadreams","description":"Parapharmacie en ligne","potentialAction":[{"@type":"SearchAction","target":{"@type":"EntryPoint","urlTemplate":"https:\/\/pharmadreams.shop\/?s={search_term_string}"},"query-input":"required name=search_term_string"}],"inLanguage":"fr-FR"}]}},"_links":{"self":[{"href":"https:\/\/pharmadreams.shop\/index.php\/wp-json\/wp\/v2\/product\/17955","targetHints":{"allow":["GET"]}}],"collection":[{"href":"https:\/\/pharmadreams.shop\/index.php\/wp-json\/wp\/v2\/product"}],"about":[{"href":"https:\/\/pharmadreams.shop\/index.php\/wp-json\/wp\/v2\/types\/product"}],"replies":[{"embeddable":true,"href":"https:\/\/pharmadreams.shop\/index.php\/wp-json\/wp\/v2\/comments?post=17955"}],"version-history":[{"count":0,"href":"https:\/\/pharmadreams.shop\/index.php\/wp-json\/wp\/v2\/product\/17955\/revisions"}],"wp:featuredmedia":[{"embeddable":true,"href":"https:\/\/pharmadreams.shop\/index.php\/wp-json\/wp\/v2\/media\/17956"}],"wp:attachment":[{"href":"https:\/\/pharmadreams.shop\/index.php\/wp-json\/wp\/v2\/media?parent=17955"}],"wp:term":[{"taxonomy":"product_brand","embeddable":true,"href":"https:\/\/pharmadreams.shop\/index.php\/wp-json\/wp\/v2\/product_brand?post=17955"},{"taxonomy":"product_cat","embeddable":true,"href":"https:\/\/pharmadreams.shop\/index.php\/wp-json\/wp\/v2\/product_cat?post=17955"},{"taxonomy":"product_tag","embeddable":true,"href":"https:\/\/pharmadreams.shop\/index.php\/wp-json\/wp\/v2\/product_tag?post=17955"}],"curies":[{"name":"wp","href":"https:\/\/api.w.org\/{rel}","templated":true}]}}