{"id":17969,"date":"2024-04-29T21:58:58","date_gmt":"2024-04-29T20:58:58","guid":{"rendered":"https:\/\/pharmadreams.shop\/?post_type=product&#038;p=17969"},"modified":"2024-04-29T21:58:59","modified_gmt":"2024-04-29T20:58:59","slug":"esthelle-sun-protect-lait-spray-multi-filtres-spf50-250ml","status":"publish","type":"product","link":"https:\/\/pharmadreams.shop\/index.php\/product\/esthelle-sun-protect-lait-spray-multi-filtres-spf50-250ml\/","title":{"rendered":"ESTHELLE SUN PROTECT LAIT SPRAY MULTI FILTRES SPF50+ 250ML"},"content":{"rendered":"","protected":false},"excerpt":{"rendered":"<p>Sun protect spray est compos\u00e9 de plusieurs filtres solaires assurant une haute protection principalement contre les radiations solaires de nos contr\u00e9es. Hydratant par l&rsquo;adjonction de l&rsquo;huile d&rsquo;argan, du d\u00e9panth\u00e9nol et de l&rsquo;extrait de camomille, le texture en spray facilite l&rsquo;application sur le corps de ce lait et offre la sensation d&rsquo;une douce fraicheur.<\/p>\n<p>recommand\u00e9 pour les adultes et les enfants<\/p>\n","protected":false},"featured_media":17970,"comment_status":"open","ping_status":"closed","template":"","meta":[],"product_brand":[],"product_cat":[28,231,263],"product_tag":[],"class_list":{"0":"post-17969","1":"product","2":"type-product","3":"status-publish","4":"has-post-thumbnail","6":"product_cat-corps","7":"product_cat-ecran-solaire","8":"product_cat-spray","10":"first","11":"instock","12":"sale","13":"shipping-taxable","14":"purchasable","15":"product-type-simple"},"yoast_head":"<!-- This site is optimized with the Yoast SEO plugin v23.0 - https:\/\/yoast.com\/wordpress\/plugins\/seo\/ -->\n<title>ESTHELLE SUN PROTECT LAIT SPRAY MULTI FILTRES SPF50+ 250ML - pharmadreams<\/title>\n<meta name=\"robots\" content=\"index, follow, max-snippet:-1, max-image-preview:large, max-video-preview:-1\" \/>\n<link rel=\"canonical\" href=\"https:\/\/pharmadreams.shop\/index.php\/product\/esthelle-sun-protect-lait-spray-multi-filtres-spf50-250ml\/\" \/>\n<meta property=\"og:locale\" content=\"fr_FR\" \/>\n<meta property=\"og:type\" content=\"article\" \/>\n<meta property=\"og:title\" content=\"ESTHELLE SUN PROTECT LAIT SPRAY MULTI FILTRES SPF50+ 250ML - pharmadreams\" \/>\n<meta property=\"og:description\" content=\"Sun protect spray est compos\u00e9 de plusieurs filtres solaires assurant une haute protection principalement contre les radiations solaires de nos contr\u00e9es. Hydratant par l&#039;adjonction de l&#039;huile d&#039;argan, du d\u00e9panth\u00e9nol et de l&#039;extrait de camomille, le texture en spray facilite l&#039;application sur le corps de ce lait et offre la sensation d&#039;une douce fraicheur.  recommand\u00e9 pour les adultes et les enfants\" \/>\n<meta property=\"og:url\" content=\"https:\/\/pharmadreams.shop\/index.php\/product\/esthelle-sun-protect-lait-spray-multi-filtres-spf50-250ml\/\" \/>\n<meta property=\"og:site_name\" content=\"pharmadreams\" \/>\n<meta property=\"article:modified_time\" content=\"2024-04-29T20:58:59+00:00\" \/>\n<meta property=\"og:image\" content=\"https:\/\/pharmadreams.shop\/wp-content\/uploads\/2024\/04\/55555.png\" \/>\n\t<meta property=\"og:image:width\" content=\"968\" \/>\n\t<meta property=\"og:image:height\" content=\"968\" \/>\n\t<meta property=\"og:image:type\" content=\"image\/png\" \/>\n<meta name=\"twitter:card\" content=\"summary_large_image\" \/>\n<meta name=\"twitter:label1\" content=\"Dur\u00e9e de lecture estim\u00e9e\" \/>\n\t<meta name=\"twitter:data1\" content=\"1 minute\" \/>\n<script type=\"application\/ld+json\" class=\"yoast-schema-graph\">{\"@context\":\"https:\/\/schema.org\",\"@graph\":[{\"@type\":\"WebPage\",\"@id\":\"https:\/\/pharmadreams.shop\/index.php\/product\/esthelle-sun-protect-lait-spray-multi-filtres-spf50-250ml\/\",\"url\":\"https:\/\/pharmadreams.shop\/index.php\/product\/esthelle-sun-protect-lait-spray-multi-filtres-spf50-250ml\/\",\"name\":\"ESTHELLE SUN PROTECT LAIT SPRAY MULTI FILTRES SPF50+ 250ML - pharmadreams\",\"isPartOf\":{\"@id\":\"https:\/\/pharmadreams.shop\/#website\"},\"primaryImageOfPage\":{\"@id\":\"https:\/\/pharmadreams.shop\/index.php\/product\/esthelle-sun-protect-lait-spray-multi-filtres-spf50-250ml\/#primaryimage\"},\"image\":{\"@id\":\"https:\/\/pharmadreams.shop\/index.php\/product\/esthelle-sun-protect-lait-spray-multi-filtres-spf50-250ml\/#primaryimage\"},\"thumbnailUrl\":\"https:\/\/pharmadreams.shop\/wp-content\/uploads\/2024\/04\/55555.png\",\"datePublished\":\"2024-04-29T20:58:58+00:00\",\"dateModified\":\"2024-04-29T20:58:59+00:00\",\"breadcrumb\":{\"@id\":\"https:\/\/pharmadreams.shop\/index.php\/product\/esthelle-sun-protect-lait-spray-multi-filtres-spf50-250ml\/#breadcrumb\"},\"inLanguage\":\"fr-FR\",\"potentialAction\":[{\"@type\":\"ReadAction\",\"target\":[\"https:\/\/pharmadreams.shop\/index.php\/product\/esthelle-sun-protect-lait-spray-multi-filtres-spf50-250ml\/\"]}]},{\"@type\":\"ImageObject\",\"inLanguage\":\"fr-FR\",\"@id\":\"https:\/\/pharmadreams.shop\/index.php\/product\/esthelle-sun-protect-lait-spray-multi-filtres-spf50-250ml\/#primaryimage\",\"url\":\"https:\/\/pharmadreams.shop\/wp-content\/uploads\/2024\/04\/55555.png\",\"contentUrl\":\"https:\/\/pharmadreams.shop\/wp-content\/uploads\/2024\/04\/55555.png\",\"width\":968,\"height\":968},{\"@type\":\"BreadcrumbList\",\"@id\":\"https:\/\/pharmadreams.shop\/index.php\/product\/esthelle-sun-protect-lait-spray-multi-filtres-spf50-250ml\/#breadcrumb\",\"itemListElement\":[{\"@type\":\"ListItem\",\"position\":1,\"name\":\"Accueil\",\"item\":\"https:\/\/pharmadreams.shop\/\"},{\"@type\":\"ListItem\",\"position\":2,\"name\":\"Shop\",\"item\":\"https:\/\/pharmadreams.shop\/index.php\/shop\/\"},{\"@type\":\"ListItem\",\"position\":3,\"name\":\"ESTHELLE SUN PROTECT LAIT SPRAY MULTI FILTRES SPF50+ 250ML\"}]},{\"@type\":\"WebSite\",\"@id\":\"https:\/\/pharmadreams.shop\/#website\",\"url\":\"https:\/\/pharmadreams.shop\/\",\"name\":\"pharmadreams\",\"description\":\"Parapharmacie en ligne\",\"potentialAction\":[{\"@type\":\"SearchAction\",\"target\":{\"@type\":\"EntryPoint\",\"urlTemplate\":\"https:\/\/pharmadreams.shop\/?s={search_term_string}\"},\"query-input\":\"required name=search_term_string\"}],\"inLanguage\":\"fr-FR\"}]}<\/script>\n<!-- \/ Yoast SEO plugin. -->","yoast_head_json":{"title":"ESTHELLE SUN PROTECT LAIT SPRAY MULTI FILTRES SPF50+ 250ML - pharmadreams","robots":{"index":"index","follow":"follow","max-snippet":"max-snippet:-1","max-image-preview":"max-image-preview:large","max-video-preview":"max-video-preview:-1"},"canonical":"https:\/\/pharmadreams.shop\/index.php\/product\/esthelle-sun-protect-lait-spray-multi-filtres-spf50-250ml\/","og_locale":"fr_FR","og_type":"article","og_title":"ESTHELLE SUN PROTECT LAIT SPRAY MULTI FILTRES SPF50+ 250ML - pharmadreams","og_description":"Sun protect spray est compos\u00e9 de plusieurs filtres solaires assurant une haute protection principalement contre les radiations solaires de nos contr\u00e9es. Hydratant par l'adjonction de l'huile d'argan, du d\u00e9panth\u00e9nol et de l'extrait de camomille, le texture en spray facilite l'application sur le corps de ce lait et offre la sensation d'une douce fraicheur.  recommand\u00e9 pour les adultes et les enfants","og_url":"https:\/\/pharmadreams.shop\/index.php\/product\/esthelle-sun-protect-lait-spray-multi-filtres-spf50-250ml\/","og_site_name":"pharmadreams","article_modified_time":"2024-04-29T20:58:59+00:00","og_image":[{"width":968,"height":968,"url":"https:\/\/pharmadreams.shop\/wp-content\/uploads\/2024\/04\/55555.png","type":"image\/png"}],"twitter_card":"summary_large_image","twitter_misc":{"Dur\u00e9e de lecture estim\u00e9e":"1 minute"},"schema":{"@context":"https:\/\/schema.org","@graph":[{"@type":"WebPage","@id":"https:\/\/pharmadreams.shop\/index.php\/product\/esthelle-sun-protect-lait-spray-multi-filtres-spf50-250ml\/","url":"https:\/\/pharmadreams.shop\/index.php\/product\/esthelle-sun-protect-lait-spray-multi-filtres-spf50-250ml\/","name":"ESTHELLE SUN PROTECT LAIT SPRAY MULTI FILTRES SPF50+ 250ML - pharmadreams","isPartOf":{"@id":"https:\/\/pharmadreams.shop\/#website"},"primaryImageOfPage":{"@id":"https:\/\/pharmadreams.shop\/index.php\/product\/esthelle-sun-protect-lait-spray-multi-filtres-spf50-250ml\/#primaryimage"},"image":{"@id":"https:\/\/pharmadreams.shop\/index.php\/product\/esthelle-sun-protect-lait-spray-multi-filtres-spf50-250ml\/#primaryimage"},"thumbnailUrl":"https:\/\/pharmadreams.shop\/wp-content\/uploads\/2024\/04\/55555.png","datePublished":"2024-04-29T20:58:58+00:00","dateModified":"2024-04-29T20:58:59+00:00","breadcrumb":{"@id":"https:\/\/pharmadreams.shop\/index.php\/product\/esthelle-sun-protect-lait-spray-multi-filtres-spf50-250ml\/#breadcrumb"},"inLanguage":"fr-FR","potentialAction":[{"@type":"ReadAction","target":["https:\/\/pharmadreams.shop\/index.php\/product\/esthelle-sun-protect-lait-spray-multi-filtres-spf50-250ml\/"]}]},{"@type":"ImageObject","inLanguage":"fr-FR","@id":"https:\/\/pharmadreams.shop\/index.php\/product\/esthelle-sun-protect-lait-spray-multi-filtres-spf50-250ml\/#primaryimage","url":"https:\/\/pharmadreams.shop\/wp-content\/uploads\/2024\/04\/55555.png","contentUrl":"https:\/\/pharmadreams.shop\/wp-content\/uploads\/2024\/04\/55555.png","width":968,"height":968},{"@type":"BreadcrumbList","@id":"https:\/\/pharmadreams.shop\/index.php\/product\/esthelle-sun-protect-lait-spray-multi-filtres-spf50-250ml\/#breadcrumb","itemListElement":[{"@type":"ListItem","position":1,"name":"Accueil","item":"https:\/\/pharmadreams.shop\/"},{"@type":"ListItem","position":2,"name":"Shop","item":"https:\/\/pharmadreams.shop\/index.php\/shop\/"},{"@type":"ListItem","position":3,"name":"ESTHELLE SUN PROTECT LAIT SPRAY MULTI FILTRES SPF50+ 250ML"}]},{"@type":"WebSite","@id":"https:\/\/pharmadreams.shop\/#website","url":"https:\/\/pharmadreams.shop\/","name":"pharmadreams","description":"Parapharmacie en ligne","potentialAction":[{"@type":"SearchAction","target":{"@type":"EntryPoint","urlTemplate":"https:\/\/pharmadreams.shop\/?s={search_term_string}"},"query-input":"required name=search_term_string"}],"inLanguage":"fr-FR"}]}},"_links":{"self":[{"href":"https:\/\/pharmadreams.shop\/index.php\/wp-json\/wp\/v2\/product\/17969","targetHints":{"allow":["GET"]}}],"collection":[{"href":"https:\/\/pharmadreams.shop\/index.php\/wp-json\/wp\/v2\/product"}],"about":[{"href":"https:\/\/pharmadreams.shop\/index.php\/wp-json\/wp\/v2\/types\/product"}],"replies":[{"embeddable":true,"href":"https:\/\/pharmadreams.shop\/index.php\/wp-json\/wp\/v2\/comments?post=17969"}],"version-history":[{"count":0,"href":"https:\/\/pharmadreams.shop\/index.php\/wp-json\/wp\/v2\/product\/17969\/revisions"}],"wp:featuredmedia":[{"embeddable":true,"href":"https:\/\/pharmadreams.shop\/index.php\/wp-json\/wp\/v2\/media\/17970"}],"wp:attachment":[{"href":"https:\/\/pharmadreams.shop\/index.php\/wp-json\/wp\/v2\/media?parent=17969"}],"wp:term":[{"taxonomy":"product_brand","embeddable":true,"href":"https:\/\/pharmadreams.shop\/index.php\/wp-json\/wp\/v2\/product_brand?post=17969"},{"taxonomy":"product_cat","embeddable":true,"href":"https:\/\/pharmadreams.shop\/index.php\/wp-json\/wp\/v2\/product_cat?post=17969"},{"taxonomy":"product_tag","embeddable":true,"href":"https:\/\/pharmadreams.shop\/index.php\/wp-json\/wp\/v2\/product_tag?post=17969"}],"curies":[{"name":"wp","href":"https:\/\/api.w.org\/{rel}","templated":true}]}}