{"id":18365,"date":"2024-05-14T10:39:02","date_gmt":"2024-05-14T09:39:02","guid":{"rendered":"https:\/\/pharmadreams.shop\/?post_type=product&#038;p=18365"},"modified":"2024-05-14T10:39:03","modified_gmt":"2024-05-14T09:39:03","slug":"inoderma-huile-de-massage-minceur-150ml","status":"publish","type":"product","link":"https:\/\/pharmadreams.shop\/index.php\/product\/inoderma-huile-de-massage-minceur-150ml\/","title":{"rendered":"INODERMA HUILE DE MASSAGE MINCEUR 150ML"},"content":{"rendered":"","protected":false},"excerpt":{"rendered":"<p>InoDerma Minceur est un complexe d\u2019Huiles Essentielles et V\u00e9g\u00e9tales ayant une action amincissante, drainante, raffermissante et anti-cellulite. Sa formule 100% naturelle, permet d\u2019affiner la silhouette et de r\u00e9duire la cellulite tout en hydratant l\u2019\u00e9piderme. Elle favorise \u00e9galement la stimulation de la microcirculation et aide \u00e0 att\u00e9nuer les signes de rel\u00e2chement et de vergetures.<\/p>\n","protected":false},"featured_media":18366,"comment_status":"open","ping_status":"closed","template":"","meta":[],"product_brand":[],"product_cat":[28,153],"product_tag":[],"class_list":{"0":"post-18365","1":"product","2":"type-product","3":"status-publish","4":"has-post-thumbnail","6":"product_cat-corps","7":"product_cat-huile","9":"first","10":"instock","11":"shipping-taxable","12":"purchasable","13":"product-type-simple"},"yoast_head":"<!-- This site is optimized with the Yoast SEO plugin v23.0 - https:\/\/yoast.com\/wordpress\/plugins\/seo\/ -->\n<title>INODERMA HUILE DE MASSAGE MINCEUR 150ML - pharmadreams<\/title>\n<meta name=\"robots\" content=\"index, follow, max-snippet:-1, max-image-preview:large, max-video-preview:-1\" \/>\n<link rel=\"canonical\" href=\"https:\/\/pharmadreams.shop\/index.php\/product\/inoderma-huile-de-massage-minceur-150ml\/\" \/>\n<meta property=\"og:locale\" content=\"fr_FR\" \/>\n<meta property=\"og:type\" content=\"article\" \/>\n<meta property=\"og:title\" content=\"INODERMA HUILE DE MASSAGE MINCEUR 150ML - pharmadreams\" \/>\n<meta property=\"og:description\" content=\"InoDerma Minceur est un complexe d\u2019Huiles Essentielles et V\u00e9g\u00e9tales ayant une action amincissante, drainante, raffermissante et anti-cellulite. Sa formule 100% naturelle, permet d\u2019affiner la silhouette et de r\u00e9duire la cellulite tout en hydratant l\u2019\u00e9piderme. Elle favorise \u00e9galement la stimulation de la microcirculation et aide \u00e0 att\u00e9nuer les signes de rel\u00e2chement et de vergetures.\" \/>\n<meta property=\"og:url\" content=\"https:\/\/pharmadreams.shop\/index.php\/product\/inoderma-huile-de-massage-minceur-150ml\/\" \/>\n<meta property=\"og:site_name\" content=\"pharmadreams\" \/>\n<meta property=\"article:modified_time\" content=\"2024-05-14T09:39:03+00:00\" \/>\n<meta property=\"og:image\" content=\"https:\/\/pharmadreams.shop\/wp-content\/uploads\/2024\/05\/inoderma-huile-de-massage-minceur-150ml.jpg\" \/>\n\t<meta property=\"og:image:width\" content=\"1000\" \/>\n\t<meta property=\"og:image:height\" content=\"1000\" \/>\n\t<meta property=\"og:image:type\" content=\"image\/jpeg\" \/>\n<meta name=\"twitter:card\" content=\"summary_large_image\" \/>\n<meta name=\"twitter:label1\" content=\"Dur\u00e9e de lecture estim\u00e9e\" \/>\n\t<meta name=\"twitter:data1\" content=\"1 minute\" \/>\n<script type=\"application\/ld+json\" class=\"yoast-schema-graph\">{\"@context\":\"https:\/\/schema.org\",\"@graph\":[{\"@type\":\"WebPage\",\"@id\":\"https:\/\/pharmadreams.shop\/index.php\/product\/inoderma-huile-de-massage-minceur-150ml\/\",\"url\":\"https:\/\/pharmadreams.shop\/index.php\/product\/inoderma-huile-de-massage-minceur-150ml\/\",\"name\":\"INODERMA HUILE DE MASSAGE MINCEUR 150ML - pharmadreams\",\"isPartOf\":{\"@id\":\"https:\/\/pharmadreams.shop\/#website\"},\"primaryImageOfPage\":{\"@id\":\"https:\/\/pharmadreams.shop\/index.php\/product\/inoderma-huile-de-massage-minceur-150ml\/#primaryimage\"},\"image\":{\"@id\":\"https:\/\/pharmadreams.shop\/index.php\/product\/inoderma-huile-de-massage-minceur-150ml\/#primaryimage\"},\"thumbnailUrl\":\"https:\/\/pharmadreams.shop\/wp-content\/uploads\/2024\/05\/inoderma-huile-de-massage-minceur-150ml.jpg\",\"datePublished\":\"2024-05-14T09:39:02+00:00\",\"dateModified\":\"2024-05-14T09:39:03+00:00\",\"breadcrumb\":{\"@id\":\"https:\/\/pharmadreams.shop\/index.php\/product\/inoderma-huile-de-massage-minceur-150ml\/#breadcrumb\"},\"inLanguage\":\"fr-FR\",\"potentialAction\":[{\"@type\":\"ReadAction\",\"target\":[\"https:\/\/pharmadreams.shop\/index.php\/product\/inoderma-huile-de-massage-minceur-150ml\/\"]}]},{\"@type\":\"ImageObject\",\"inLanguage\":\"fr-FR\",\"@id\":\"https:\/\/pharmadreams.shop\/index.php\/product\/inoderma-huile-de-massage-minceur-150ml\/#primaryimage\",\"url\":\"https:\/\/pharmadreams.shop\/wp-content\/uploads\/2024\/05\/inoderma-huile-de-massage-minceur-150ml.jpg\",\"contentUrl\":\"https:\/\/pharmadreams.shop\/wp-content\/uploads\/2024\/05\/inoderma-huile-de-massage-minceur-150ml.jpg\",\"width\":1000,\"height\":1000},{\"@type\":\"BreadcrumbList\",\"@id\":\"https:\/\/pharmadreams.shop\/index.php\/product\/inoderma-huile-de-massage-minceur-150ml\/#breadcrumb\",\"itemListElement\":[{\"@type\":\"ListItem\",\"position\":1,\"name\":\"Accueil\",\"item\":\"https:\/\/pharmadreams.shop\/\"},{\"@type\":\"ListItem\",\"position\":2,\"name\":\"Shop\",\"item\":\"https:\/\/pharmadreams.shop\/index.php\/shop\/\"},{\"@type\":\"ListItem\",\"position\":3,\"name\":\"INODERMA HUILE DE MASSAGE MINCEUR 150ML\"}]},{\"@type\":\"WebSite\",\"@id\":\"https:\/\/pharmadreams.shop\/#website\",\"url\":\"https:\/\/pharmadreams.shop\/\",\"name\":\"pharmadreams\",\"description\":\"Parapharmacie en ligne\",\"potentialAction\":[{\"@type\":\"SearchAction\",\"target\":{\"@type\":\"EntryPoint\",\"urlTemplate\":\"https:\/\/pharmadreams.shop\/?s={search_term_string}\"},\"query-input\":\"required name=search_term_string\"}],\"inLanguage\":\"fr-FR\"}]}<\/script>\n<!-- \/ Yoast SEO plugin. -->","yoast_head_json":{"title":"INODERMA HUILE DE MASSAGE MINCEUR 150ML - pharmadreams","robots":{"index":"index","follow":"follow","max-snippet":"max-snippet:-1","max-image-preview":"max-image-preview:large","max-video-preview":"max-video-preview:-1"},"canonical":"https:\/\/pharmadreams.shop\/index.php\/product\/inoderma-huile-de-massage-minceur-150ml\/","og_locale":"fr_FR","og_type":"article","og_title":"INODERMA HUILE DE MASSAGE MINCEUR 150ML - pharmadreams","og_description":"InoDerma Minceur est un complexe d\u2019Huiles Essentielles et V\u00e9g\u00e9tales ayant une action amincissante, drainante, raffermissante et anti-cellulite. Sa formule 100% naturelle, permet d\u2019affiner la silhouette et de r\u00e9duire la cellulite tout en hydratant l\u2019\u00e9piderme. Elle favorise \u00e9galement la stimulation de la microcirculation et aide \u00e0 att\u00e9nuer les signes de rel\u00e2chement et de vergetures.","og_url":"https:\/\/pharmadreams.shop\/index.php\/product\/inoderma-huile-de-massage-minceur-150ml\/","og_site_name":"pharmadreams","article_modified_time":"2024-05-14T09:39:03+00:00","og_image":[{"width":1000,"height":1000,"url":"https:\/\/pharmadreams.shop\/wp-content\/uploads\/2024\/05\/inoderma-huile-de-massage-minceur-150ml.jpg","type":"image\/jpeg"}],"twitter_card":"summary_large_image","twitter_misc":{"Dur\u00e9e de lecture estim\u00e9e":"1 minute"},"schema":{"@context":"https:\/\/schema.org","@graph":[{"@type":"WebPage","@id":"https:\/\/pharmadreams.shop\/index.php\/product\/inoderma-huile-de-massage-minceur-150ml\/","url":"https:\/\/pharmadreams.shop\/index.php\/product\/inoderma-huile-de-massage-minceur-150ml\/","name":"INODERMA HUILE DE MASSAGE MINCEUR 150ML - pharmadreams","isPartOf":{"@id":"https:\/\/pharmadreams.shop\/#website"},"primaryImageOfPage":{"@id":"https:\/\/pharmadreams.shop\/index.php\/product\/inoderma-huile-de-massage-minceur-150ml\/#primaryimage"},"image":{"@id":"https:\/\/pharmadreams.shop\/index.php\/product\/inoderma-huile-de-massage-minceur-150ml\/#primaryimage"},"thumbnailUrl":"https:\/\/pharmadreams.shop\/wp-content\/uploads\/2024\/05\/inoderma-huile-de-massage-minceur-150ml.jpg","datePublished":"2024-05-14T09:39:02+00:00","dateModified":"2024-05-14T09:39:03+00:00","breadcrumb":{"@id":"https:\/\/pharmadreams.shop\/index.php\/product\/inoderma-huile-de-massage-minceur-150ml\/#breadcrumb"},"inLanguage":"fr-FR","potentialAction":[{"@type":"ReadAction","target":["https:\/\/pharmadreams.shop\/index.php\/product\/inoderma-huile-de-massage-minceur-150ml\/"]}]},{"@type":"ImageObject","inLanguage":"fr-FR","@id":"https:\/\/pharmadreams.shop\/index.php\/product\/inoderma-huile-de-massage-minceur-150ml\/#primaryimage","url":"https:\/\/pharmadreams.shop\/wp-content\/uploads\/2024\/05\/inoderma-huile-de-massage-minceur-150ml.jpg","contentUrl":"https:\/\/pharmadreams.shop\/wp-content\/uploads\/2024\/05\/inoderma-huile-de-massage-minceur-150ml.jpg","width":1000,"height":1000},{"@type":"BreadcrumbList","@id":"https:\/\/pharmadreams.shop\/index.php\/product\/inoderma-huile-de-massage-minceur-150ml\/#breadcrumb","itemListElement":[{"@type":"ListItem","position":1,"name":"Accueil","item":"https:\/\/pharmadreams.shop\/"},{"@type":"ListItem","position":2,"name":"Shop","item":"https:\/\/pharmadreams.shop\/index.php\/shop\/"},{"@type":"ListItem","position":3,"name":"INODERMA HUILE DE MASSAGE MINCEUR 150ML"}]},{"@type":"WebSite","@id":"https:\/\/pharmadreams.shop\/#website","url":"https:\/\/pharmadreams.shop\/","name":"pharmadreams","description":"Parapharmacie en ligne","potentialAction":[{"@type":"SearchAction","target":{"@type":"EntryPoint","urlTemplate":"https:\/\/pharmadreams.shop\/?s={search_term_string}"},"query-input":"required name=search_term_string"}],"inLanguage":"fr-FR"}]}},"_links":{"self":[{"href":"https:\/\/pharmadreams.shop\/index.php\/wp-json\/wp\/v2\/product\/18365","targetHints":{"allow":["GET"]}}],"collection":[{"href":"https:\/\/pharmadreams.shop\/index.php\/wp-json\/wp\/v2\/product"}],"about":[{"href":"https:\/\/pharmadreams.shop\/index.php\/wp-json\/wp\/v2\/types\/product"}],"replies":[{"embeddable":true,"href":"https:\/\/pharmadreams.shop\/index.php\/wp-json\/wp\/v2\/comments?post=18365"}],"version-history":[{"count":0,"href":"https:\/\/pharmadreams.shop\/index.php\/wp-json\/wp\/v2\/product\/18365\/revisions"}],"wp:featuredmedia":[{"embeddable":true,"href":"https:\/\/pharmadreams.shop\/index.php\/wp-json\/wp\/v2\/media\/18366"}],"wp:attachment":[{"href":"https:\/\/pharmadreams.shop\/index.php\/wp-json\/wp\/v2\/media?parent=18365"}],"wp:term":[{"taxonomy":"product_brand","embeddable":true,"href":"https:\/\/pharmadreams.shop\/index.php\/wp-json\/wp\/v2\/product_brand?post=18365"},{"taxonomy":"product_cat","embeddable":true,"href":"https:\/\/pharmadreams.shop\/index.php\/wp-json\/wp\/v2\/product_cat?post=18365"},{"taxonomy":"product_tag","embeddable":true,"href":"https:\/\/pharmadreams.shop\/index.php\/wp-json\/wp\/v2\/product_tag?post=18365"}],"curies":[{"name":"wp","href":"https:\/\/api.w.org\/{rel}","templated":true}]}}