{"id":18369,"date":"2024-05-14T10:59:11","date_gmt":"2024-05-14T09:59:11","guid":{"rendered":"https:\/\/pharmadreams.shop\/?post_type=product&#038;p=18369"},"modified":"2024-05-14T10:59:12","modified_gmt":"2024-05-14T09:59:12","slug":"belpharma-veino-draine-gel-creme-100ml","status":"publish","type":"product","link":"https:\/\/pharmadreams.shop\/index.php\/product\/belpharma-veino-draine-gel-creme-100ml\/","title":{"rendered":"BELPHARMA VEINO DRAINE GEL CREME 100ML"},"content":{"rendered":"","protected":false},"excerpt":{"rendered":"<p>VEINO DRAINE est un gel cr\u00e8me qui favorise le retour veineux en tonifiant la paroi des veines.<\/p>\n<p>Veinodraine p\u00e9n\u00e8tre vite pour agir imm\u00e9diatement et vous permet de s\u2019habiller sit\u00f4t le produit appliqu\u00e9. Les probl\u00e8mes de varices et de jambes lourdes sont ainsi rapidement am\u00e9lior\u00e9s. Le tout dans un tourbillon de fra\u00eecheur pour des jambes plus l\u00e9g\u00e8res et un bien-\u00eatre imm\u00e9diat.<\/p>\n","protected":false},"featured_media":18370,"comment_status":"open","ping_status":"closed","template":"","meta":[],"product_brand":[],"product_cat":[28,78,203,133,141],"product_tag":[],"class_list":{"0":"post-18369","1":"product","2":"type-product","3":"status-publish","4":"has-post-thumbnail","6":"product_cat-corps","7":"product_cat-cremes","8":"product_cat-gel-creme","9":"product_cat-minceur","10":"product_cat-soignement-des-varices","12":"first","13":"instock","14":"shipping-taxable","15":"purchasable","16":"product-type-simple"},"yoast_head":"<!-- This site is optimized with the Yoast SEO plugin v23.0 - https:\/\/yoast.com\/wordpress\/plugins\/seo\/ -->\n<title>BELPHARMA VEINO DRAINE GEL CREME 100ML - pharmadreams<\/title>\n<meta name=\"robots\" content=\"index, follow, max-snippet:-1, max-image-preview:large, max-video-preview:-1\" \/>\n<link rel=\"canonical\" href=\"https:\/\/pharmadreams.shop\/index.php\/product\/belpharma-veino-draine-gel-creme-100ml\/\" \/>\n<meta property=\"og:locale\" content=\"fr_FR\" \/>\n<meta property=\"og:type\" content=\"article\" \/>\n<meta property=\"og:title\" content=\"BELPHARMA VEINO DRAINE GEL CREME 100ML - pharmadreams\" \/>\n<meta property=\"og:description\" content=\"VEINO DRAINE est un gel cr\u00e8me qui favorise le retour veineux en tonifiant la paroi des veines.  Veinodraine p\u00e9n\u00e8tre vite pour agir imm\u00e9diatement et vous permet de s\u2019habiller sit\u00f4t le produit appliqu\u00e9. Les probl\u00e8mes de varices et de jambes lourdes sont ainsi rapidement am\u00e9lior\u00e9s. Le tout dans un tourbillon de fra\u00eecheur pour des jambes plus l\u00e9g\u00e8res et un bien-\u00eatre imm\u00e9diat.\" \/>\n<meta property=\"og:url\" content=\"https:\/\/pharmadreams.shop\/index.php\/product\/belpharma-veino-draine-gel-creme-100ml\/\" \/>\n<meta property=\"og:site_name\" content=\"pharmadreams\" \/>\n<meta property=\"article:modified_time\" content=\"2024-05-14T09:59:12+00:00\" \/>\n<meta property=\"og:image\" content=\"https:\/\/pharmadreams.shop\/wp-content\/uploads\/2024\/05\/images-3.jpg\" \/>\n\t<meta property=\"og:image:width\" content=\"225\" \/>\n\t<meta property=\"og:image:height\" content=\"225\" \/>\n\t<meta property=\"og:image:type\" content=\"image\/jpeg\" \/>\n<meta name=\"twitter:card\" content=\"summary_large_image\" \/>\n<meta name=\"twitter:label1\" content=\"Dur\u00e9e de lecture estim\u00e9e\" \/>\n\t<meta name=\"twitter:data1\" content=\"1 minute\" \/>\n<script type=\"application\/ld+json\" class=\"yoast-schema-graph\">{\"@context\":\"https:\/\/schema.org\",\"@graph\":[{\"@type\":\"WebPage\",\"@id\":\"https:\/\/pharmadreams.shop\/index.php\/product\/belpharma-veino-draine-gel-creme-100ml\/\",\"url\":\"https:\/\/pharmadreams.shop\/index.php\/product\/belpharma-veino-draine-gel-creme-100ml\/\",\"name\":\"BELPHARMA VEINO DRAINE GEL CREME 100ML - pharmadreams\",\"isPartOf\":{\"@id\":\"https:\/\/pharmadreams.shop\/#website\"},\"primaryImageOfPage\":{\"@id\":\"https:\/\/pharmadreams.shop\/index.php\/product\/belpharma-veino-draine-gel-creme-100ml\/#primaryimage\"},\"image\":{\"@id\":\"https:\/\/pharmadreams.shop\/index.php\/product\/belpharma-veino-draine-gel-creme-100ml\/#primaryimage\"},\"thumbnailUrl\":\"https:\/\/pharmadreams.shop\/wp-content\/uploads\/2024\/05\/images-3.jpg\",\"datePublished\":\"2024-05-14T09:59:11+00:00\",\"dateModified\":\"2024-05-14T09:59:12+00:00\",\"breadcrumb\":{\"@id\":\"https:\/\/pharmadreams.shop\/index.php\/product\/belpharma-veino-draine-gel-creme-100ml\/#breadcrumb\"},\"inLanguage\":\"fr-FR\",\"potentialAction\":[{\"@type\":\"ReadAction\",\"target\":[\"https:\/\/pharmadreams.shop\/index.php\/product\/belpharma-veino-draine-gel-creme-100ml\/\"]}]},{\"@type\":\"ImageObject\",\"inLanguage\":\"fr-FR\",\"@id\":\"https:\/\/pharmadreams.shop\/index.php\/product\/belpharma-veino-draine-gel-creme-100ml\/#primaryimage\",\"url\":\"https:\/\/pharmadreams.shop\/wp-content\/uploads\/2024\/05\/images-3.jpg\",\"contentUrl\":\"https:\/\/pharmadreams.shop\/wp-content\/uploads\/2024\/05\/images-3.jpg\",\"width\":225,\"height\":225},{\"@type\":\"BreadcrumbList\",\"@id\":\"https:\/\/pharmadreams.shop\/index.php\/product\/belpharma-veino-draine-gel-creme-100ml\/#breadcrumb\",\"itemListElement\":[{\"@type\":\"ListItem\",\"position\":1,\"name\":\"Accueil\",\"item\":\"https:\/\/pharmadreams.shop\/\"},{\"@type\":\"ListItem\",\"position\":2,\"name\":\"Shop\",\"item\":\"https:\/\/pharmadreams.shop\/index.php\/shop\/\"},{\"@type\":\"ListItem\",\"position\":3,\"name\":\"BELPHARMA VEINO DRAINE GEL CREME 100ML\"}]},{\"@type\":\"WebSite\",\"@id\":\"https:\/\/pharmadreams.shop\/#website\",\"url\":\"https:\/\/pharmadreams.shop\/\",\"name\":\"pharmadreams\",\"description\":\"Parapharmacie en ligne\",\"potentialAction\":[{\"@type\":\"SearchAction\",\"target\":{\"@type\":\"EntryPoint\",\"urlTemplate\":\"https:\/\/pharmadreams.shop\/?s={search_term_string}\"},\"query-input\":\"required name=search_term_string\"}],\"inLanguage\":\"fr-FR\"}]}<\/script>\n<!-- \/ Yoast SEO plugin. -->","yoast_head_json":{"title":"BELPHARMA VEINO DRAINE GEL CREME 100ML - pharmadreams","robots":{"index":"index","follow":"follow","max-snippet":"max-snippet:-1","max-image-preview":"max-image-preview:large","max-video-preview":"max-video-preview:-1"},"canonical":"https:\/\/pharmadreams.shop\/index.php\/product\/belpharma-veino-draine-gel-creme-100ml\/","og_locale":"fr_FR","og_type":"article","og_title":"BELPHARMA VEINO DRAINE GEL CREME 100ML - pharmadreams","og_description":"VEINO DRAINE est un gel cr\u00e8me qui favorise le retour veineux en tonifiant la paroi des veines.  Veinodraine p\u00e9n\u00e8tre vite pour agir imm\u00e9diatement et vous permet de s\u2019habiller sit\u00f4t le produit appliqu\u00e9. Les probl\u00e8mes de varices et de jambes lourdes sont ainsi rapidement am\u00e9lior\u00e9s. Le tout dans un tourbillon de fra\u00eecheur pour des jambes plus l\u00e9g\u00e8res et un bien-\u00eatre imm\u00e9diat.","og_url":"https:\/\/pharmadreams.shop\/index.php\/product\/belpharma-veino-draine-gel-creme-100ml\/","og_site_name":"pharmadreams","article_modified_time":"2024-05-14T09:59:12+00:00","og_image":[{"width":225,"height":225,"url":"https:\/\/pharmadreams.shop\/wp-content\/uploads\/2024\/05\/images-3.jpg","type":"image\/jpeg"}],"twitter_card":"summary_large_image","twitter_misc":{"Dur\u00e9e de lecture estim\u00e9e":"1 minute"},"schema":{"@context":"https:\/\/schema.org","@graph":[{"@type":"WebPage","@id":"https:\/\/pharmadreams.shop\/index.php\/product\/belpharma-veino-draine-gel-creme-100ml\/","url":"https:\/\/pharmadreams.shop\/index.php\/product\/belpharma-veino-draine-gel-creme-100ml\/","name":"BELPHARMA VEINO DRAINE GEL CREME 100ML - pharmadreams","isPartOf":{"@id":"https:\/\/pharmadreams.shop\/#website"},"primaryImageOfPage":{"@id":"https:\/\/pharmadreams.shop\/index.php\/product\/belpharma-veino-draine-gel-creme-100ml\/#primaryimage"},"image":{"@id":"https:\/\/pharmadreams.shop\/index.php\/product\/belpharma-veino-draine-gel-creme-100ml\/#primaryimage"},"thumbnailUrl":"https:\/\/pharmadreams.shop\/wp-content\/uploads\/2024\/05\/images-3.jpg","datePublished":"2024-05-14T09:59:11+00:00","dateModified":"2024-05-14T09:59:12+00:00","breadcrumb":{"@id":"https:\/\/pharmadreams.shop\/index.php\/product\/belpharma-veino-draine-gel-creme-100ml\/#breadcrumb"},"inLanguage":"fr-FR","potentialAction":[{"@type":"ReadAction","target":["https:\/\/pharmadreams.shop\/index.php\/product\/belpharma-veino-draine-gel-creme-100ml\/"]}]},{"@type":"ImageObject","inLanguage":"fr-FR","@id":"https:\/\/pharmadreams.shop\/index.php\/product\/belpharma-veino-draine-gel-creme-100ml\/#primaryimage","url":"https:\/\/pharmadreams.shop\/wp-content\/uploads\/2024\/05\/images-3.jpg","contentUrl":"https:\/\/pharmadreams.shop\/wp-content\/uploads\/2024\/05\/images-3.jpg","width":225,"height":225},{"@type":"BreadcrumbList","@id":"https:\/\/pharmadreams.shop\/index.php\/product\/belpharma-veino-draine-gel-creme-100ml\/#breadcrumb","itemListElement":[{"@type":"ListItem","position":1,"name":"Accueil","item":"https:\/\/pharmadreams.shop\/"},{"@type":"ListItem","position":2,"name":"Shop","item":"https:\/\/pharmadreams.shop\/index.php\/shop\/"},{"@type":"ListItem","position":3,"name":"BELPHARMA VEINO DRAINE GEL CREME 100ML"}]},{"@type":"WebSite","@id":"https:\/\/pharmadreams.shop\/#website","url":"https:\/\/pharmadreams.shop\/","name":"pharmadreams","description":"Parapharmacie en ligne","potentialAction":[{"@type":"SearchAction","target":{"@type":"EntryPoint","urlTemplate":"https:\/\/pharmadreams.shop\/?s={search_term_string}"},"query-input":"required name=search_term_string"}],"inLanguage":"fr-FR"}]}},"_links":{"self":[{"href":"https:\/\/pharmadreams.shop\/index.php\/wp-json\/wp\/v2\/product\/18369","targetHints":{"allow":["GET"]}}],"collection":[{"href":"https:\/\/pharmadreams.shop\/index.php\/wp-json\/wp\/v2\/product"}],"about":[{"href":"https:\/\/pharmadreams.shop\/index.php\/wp-json\/wp\/v2\/types\/product"}],"replies":[{"embeddable":true,"href":"https:\/\/pharmadreams.shop\/index.php\/wp-json\/wp\/v2\/comments?post=18369"}],"version-history":[{"count":0,"href":"https:\/\/pharmadreams.shop\/index.php\/wp-json\/wp\/v2\/product\/18369\/revisions"}],"wp:featuredmedia":[{"embeddable":true,"href":"https:\/\/pharmadreams.shop\/index.php\/wp-json\/wp\/v2\/media\/18370"}],"wp:attachment":[{"href":"https:\/\/pharmadreams.shop\/index.php\/wp-json\/wp\/v2\/media?parent=18369"}],"wp:term":[{"taxonomy":"product_brand","embeddable":true,"href":"https:\/\/pharmadreams.shop\/index.php\/wp-json\/wp\/v2\/product_brand?post=18369"},{"taxonomy":"product_cat","embeddable":true,"href":"https:\/\/pharmadreams.shop\/index.php\/wp-json\/wp\/v2\/product_cat?post=18369"},{"taxonomy":"product_tag","embeddable":true,"href":"https:\/\/pharmadreams.shop\/index.php\/wp-json\/wp\/v2\/product_tag?post=18369"}],"curies":[{"name":"wp","href":"https:\/\/api.w.org\/{rel}","templated":true}]}}