{"id":18395,"date":"2024-05-20T11:33:23","date_gmt":"2024-05-20T10:33:23","guid":{"rendered":"https:\/\/pharmadreams.shop\/?post_type=product&#038;p=18395"},"modified":"2024-05-20T11:33:24","modified_gmt":"2024-05-20T10:33:24","slug":"kela-mag-fort-30-gelules","status":"publish","type":"product","link":"https:\/\/pharmadreams.shop\/index.php\/product\/kela-mag-fort-30-gelules\/","title":{"rendered":"KELA MAG FORT 30 GELULES"},"content":{"rendered":"","protected":false},"excerpt":{"rendered":"<p>La formule K\u00e9la Mag Fort est particuli\u00e8rement concentr\u00e9e sur les vitamines et min\u00e9raux essentiels \u00e0 la fonction musculaire. Le Magn\u00e9sium bisglycinate ch\u00e9lat\u00e9 apporte le magn\u00e9sium contribuant au mouvement des muscles, des enzymes et de la cellule nerveuse. Il s&rsquo;allie \u00e0 la vitamine B1, B5, B6 et \u00e0 la vitamine B9 pour une action synergique sur la musculature.<\/p>\n","protected":false},"featured_media":18396,"comment_status":"open","ping_status":"closed","template":"","meta":[],"product_brand":[],"product_cat":[32],"product_tag":[],"class_list":{"0":"post-18395","1":"product","2":"type-product","3":"status-publish","4":"has-post-thumbnail","6":"product_cat-complements-alimentaires","8":"first","9":"instock","10":"shipping-taxable","11":"purchasable","12":"product-type-simple"},"yoast_head":"<!-- This site is optimized with the Yoast SEO plugin v23.0 - https:\/\/yoast.com\/wordpress\/plugins\/seo\/ -->\n<title>KELA MAG FORT 30 GELULES - pharmadreams<\/title>\n<meta name=\"robots\" content=\"index, follow, max-snippet:-1, max-image-preview:large, max-video-preview:-1\" \/>\n<link rel=\"canonical\" href=\"https:\/\/pharmadreams.shop\/index.php\/product\/kela-mag-fort-30-gelules\/\" \/>\n<meta property=\"og:locale\" content=\"fr_FR\" \/>\n<meta property=\"og:type\" content=\"article\" \/>\n<meta property=\"og:title\" content=\"KELA MAG FORT 30 GELULES - pharmadreams\" \/>\n<meta property=\"og:description\" content=\"La formule K\u00e9la Mag Fort est particuli\u00e8rement concentr\u00e9e sur les vitamines et min\u00e9raux essentiels \u00e0 la fonction musculaire. Le Magn\u00e9sium bisglycinate ch\u00e9lat\u00e9 apporte le magn\u00e9sium contribuant au mouvement des muscles, des enzymes et de la cellule nerveuse. Il s&#039;allie \u00e0 la vitamine B1, B5, B6 et \u00e0 la vitamine B9 pour une action synergique sur la musculature.\" \/>\n<meta property=\"og:url\" content=\"https:\/\/pharmadreams.shop\/index.php\/product\/kela-mag-fort-30-gelules\/\" \/>\n<meta property=\"og:site_name\" content=\"pharmadreams\" \/>\n<meta property=\"article:modified_time\" content=\"2024-05-20T10:33:24+00:00\" \/>\n<meta property=\"og:image\" content=\"https:\/\/pharmadreams.shop\/wp-content\/uploads\/2024\/05\/Kela-mag-fort.jpg\" \/>\n\t<meta property=\"og:image:width\" content=\"768\" \/>\n\t<meta property=\"og:image:height\" content=\"576\" \/>\n\t<meta property=\"og:image:type\" content=\"image\/jpeg\" \/>\n<meta name=\"twitter:card\" content=\"summary_large_image\" \/>\n<meta name=\"twitter:label1\" content=\"Dur\u00e9e de lecture estim\u00e9e\" \/>\n\t<meta name=\"twitter:data1\" content=\"1 minute\" \/>\n<script type=\"application\/ld+json\" class=\"yoast-schema-graph\">{\"@context\":\"https:\/\/schema.org\",\"@graph\":[{\"@type\":\"WebPage\",\"@id\":\"https:\/\/pharmadreams.shop\/index.php\/product\/kela-mag-fort-30-gelules\/\",\"url\":\"https:\/\/pharmadreams.shop\/index.php\/product\/kela-mag-fort-30-gelules\/\",\"name\":\"KELA MAG FORT 30 GELULES - pharmadreams\",\"isPartOf\":{\"@id\":\"https:\/\/pharmadreams.shop\/#website\"},\"primaryImageOfPage\":{\"@id\":\"https:\/\/pharmadreams.shop\/index.php\/product\/kela-mag-fort-30-gelules\/#primaryimage\"},\"image\":{\"@id\":\"https:\/\/pharmadreams.shop\/index.php\/product\/kela-mag-fort-30-gelules\/#primaryimage\"},\"thumbnailUrl\":\"https:\/\/pharmadreams.shop\/wp-content\/uploads\/2024\/05\/Kela-mag-fort.jpg\",\"datePublished\":\"2024-05-20T10:33:23+00:00\",\"dateModified\":\"2024-05-20T10:33:24+00:00\",\"breadcrumb\":{\"@id\":\"https:\/\/pharmadreams.shop\/index.php\/product\/kela-mag-fort-30-gelules\/#breadcrumb\"},\"inLanguage\":\"fr-FR\",\"potentialAction\":[{\"@type\":\"ReadAction\",\"target\":[\"https:\/\/pharmadreams.shop\/index.php\/product\/kela-mag-fort-30-gelules\/\"]}]},{\"@type\":\"ImageObject\",\"inLanguage\":\"fr-FR\",\"@id\":\"https:\/\/pharmadreams.shop\/index.php\/product\/kela-mag-fort-30-gelules\/#primaryimage\",\"url\":\"https:\/\/pharmadreams.shop\/wp-content\/uploads\/2024\/05\/Kela-mag-fort.jpg\",\"contentUrl\":\"https:\/\/pharmadreams.shop\/wp-content\/uploads\/2024\/05\/Kela-mag-fort.jpg\",\"width\":768,\"height\":576},{\"@type\":\"BreadcrumbList\",\"@id\":\"https:\/\/pharmadreams.shop\/index.php\/product\/kela-mag-fort-30-gelules\/#breadcrumb\",\"itemListElement\":[{\"@type\":\"ListItem\",\"position\":1,\"name\":\"Accueil\",\"item\":\"https:\/\/pharmadreams.shop\/\"},{\"@type\":\"ListItem\",\"position\":2,\"name\":\"Shop\",\"item\":\"https:\/\/pharmadreams.shop\/index.php\/shop\/\"},{\"@type\":\"ListItem\",\"position\":3,\"name\":\"KELA MAG FORT 30 GELULES\"}]},{\"@type\":\"WebSite\",\"@id\":\"https:\/\/pharmadreams.shop\/#website\",\"url\":\"https:\/\/pharmadreams.shop\/\",\"name\":\"pharmadreams\",\"description\":\"Parapharmacie en ligne\",\"potentialAction\":[{\"@type\":\"SearchAction\",\"target\":{\"@type\":\"EntryPoint\",\"urlTemplate\":\"https:\/\/pharmadreams.shop\/?s={search_term_string}\"},\"query-input\":\"required name=search_term_string\"}],\"inLanguage\":\"fr-FR\"}]}<\/script>\n<!-- \/ Yoast SEO plugin. -->","yoast_head_json":{"title":"KELA MAG FORT 30 GELULES - pharmadreams","robots":{"index":"index","follow":"follow","max-snippet":"max-snippet:-1","max-image-preview":"max-image-preview:large","max-video-preview":"max-video-preview:-1"},"canonical":"https:\/\/pharmadreams.shop\/index.php\/product\/kela-mag-fort-30-gelules\/","og_locale":"fr_FR","og_type":"article","og_title":"KELA MAG FORT 30 GELULES - pharmadreams","og_description":"La formule K\u00e9la Mag Fort est particuli\u00e8rement concentr\u00e9e sur les vitamines et min\u00e9raux essentiels \u00e0 la fonction musculaire. Le Magn\u00e9sium bisglycinate ch\u00e9lat\u00e9 apporte le magn\u00e9sium contribuant au mouvement des muscles, des enzymes et de la cellule nerveuse. Il s'allie \u00e0 la vitamine B1, B5, B6 et \u00e0 la vitamine B9 pour une action synergique sur la musculature.","og_url":"https:\/\/pharmadreams.shop\/index.php\/product\/kela-mag-fort-30-gelules\/","og_site_name":"pharmadreams","article_modified_time":"2024-05-20T10:33:24+00:00","og_image":[{"width":768,"height":576,"url":"https:\/\/pharmadreams.shop\/wp-content\/uploads\/2024\/05\/Kela-mag-fort.jpg","type":"image\/jpeg"}],"twitter_card":"summary_large_image","twitter_misc":{"Dur\u00e9e de lecture estim\u00e9e":"1 minute"},"schema":{"@context":"https:\/\/schema.org","@graph":[{"@type":"WebPage","@id":"https:\/\/pharmadreams.shop\/index.php\/product\/kela-mag-fort-30-gelules\/","url":"https:\/\/pharmadreams.shop\/index.php\/product\/kela-mag-fort-30-gelules\/","name":"KELA MAG FORT 30 GELULES - pharmadreams","isPartOf":{"@id":"https:\/\/pharmadreams.shop\/#website"},"primaryImageOfPage":{"@id":"https:\/\/pharmadreams.shop\/index.php\/product\/kela-mag-fort-30-gelules\/#primaryimage"},"image":{"@id":"https:\/\/pharmadreams.shop\/index.php\/product\/kela-mag-fort-30-gelules\/#primaryimage"},"thumbnailUrl":"https:\/\/pharmadreams.shop\/wp-content\/uploads\/2024\/05\/Kela-mag-fort.jpg","datePublished":"2024-05-20T10:33:23+00:00","dateModified":"2024-05-20T10:33:24+00:00","breadcrumb":{"@id":"https:\/\/pharmadreams.shop\/index.php\/product\/kela-mag-fort-30-gelules\/#breadcrumb"},"inLanguage":"fr-FR","potentialAction":[{"@type":"ReadAction","target":["https:\/\/pharmadreams.shop\/index.php\/product\/kela-mag-fort-30-gelules\/"]}]},{"@type":"ImageObject","inLanguage":"fr-FR","@id":"https:\/\/pharmadreams.shop\/index.php\/product\/kela-mag-fort-30-gelules\/#primaryimage","url":"https:\/\/pharmadreams.shop\/wp-content\/uploads\/2024\/05\/Kela-mag-fort.jpg","contentUrl":"https:\/\/pharmadreams.shop\/wp-content\/uploads\/2024\/05\/Kela-mag-fort.jpg","width":768,"height":576},{"@type":"BreadcrumbList","@id":"https:\/\/pharmadreams.shop\/index.php\/product\/kela-mag-fort-30-gelules\/#breadcrumb","itemListElement":[{"@type":"ListItem","position":1,"name":"Accueil","item":"https:\/\/pharmadreams.shop\/"},{"@type":"ListItem","position":2,"name":"Shop","item":"https:\/\/pharmadreams.shop\/index.php\/shop\/"},{"@type":"ListItem","position":3,"name":"KELA MAG FORT 30 GELULES"}]},{"@type":"WebSite","@id":"https:\/\/pharmadreams.shop\/#website","url":"https:\/\/pharmadreams.shop\/","name":"pharmadreams","description":"Parapharmacie en ligne","potentialAction":[{"@type":"SearchAction","target":{"@type":"EntryPoint","urlTemplate":"https:\/\/pharmadreams.shop\/?s={search_term_string}"},"query-input":"required name=search_term_string"}],"inLanguage":"fr-FR"}]}},"_links":{"self":[{"href":"https:\/\/pharmadreams.shop\/index.php\/wp-json\/wp\/v2\/product\/18395","targetHints":{"allow":["GET"]}}],"collection":[{"href":"https:\/\/pharmadreams.shop\/index.php\/wp-json\/wp\/v2\/product"}],"about":[{"href":"https:\/\/pharmadreams.shop\/index.php\/wp-json\/wp\/v2\/types\/product"}],"replies":[{"embeddable":true,"href":"https:\/\/pharmadreams.shop\/index.php\/wp-json\/wp\/v2\/comments?post=18395"}],"version-history":[{"count":0,"href":"https:\/\/pharmadreams.shop\/index.php\/wp-json\/wp\/v2\/product\/18395\/revisions"}],"wp:featuredmedia":[{"embeddable":true,"href":"https:\/\/pharmadreams.shop\/index.php\/wp-json\/wp\/v2\/media\/18396"}],"wp:attachment":[{"href":"https:\/\/pharmadreams.shop\/index.php\/wp-json\/wp\/v2\/media?parent=18395"}],"wp:term":[{"taxonomy":"product_brand","embeddable":true,"href":"https:\/\/pharmadreams.shop\/index.php\/wp-json\/wp\/v2\/product_brand?post=18395"},{"taxonomy":"product_cat","embeddable":true,"href":"https:\/\/pharmadreams.shop\/index.php\/wp-json\/wp\/v2\/product_cat?post=18395"},{"taxonomy":"product_tag","embeddable":true,"href":"https:\/\/pharmadreams.shop\/index.php\/wp-json\/wp\/v2\/product_tag?post=18395"}],"curies":[{"name":"wp","href":"https:\/\/api.w.org\/{rel}","templated":true}]}}