{"id":18398,"date":"2024-05-20T11:39:14","date_gmt":"2024-05-20T10:39:14","guid":{"rendered":"https:\/\/pharmadreams.shop\/?post_type=product&#038;p=18398"},"modified":"2024-05-20T11:39:14","modified_gmt":"2024-05-20T10:39:14","slug":"kela-mag-30-gelules","status":"publish","type":"product","link":"https:\/\/pharmadreams.shop\/index.php\/product\/kela-mag-30-gelules\/","title":{"rendered":"Kela Mag 30 G\u00e9lules"},"content":{"rendered":"","protected":false},"excerpt":{"rendered":"<p>KELA MAG est une nouvelle g\u00e9n\u00e9ration de magn\u00e9sium. Il se pr\u00e9sente sous la forme de bo\u00eetes de 30 g\u00e9lules de ch\u00e9late d\u2019acide amin\u00e9 enrichi avec le Vitamine B6, ce qui offre une meilleure absorption et une meilleure tol\u00e9rance digestive et de b\u00e9n\u00e9ficier plus efficacement des bienfaits du magn\u00e9sium.<\/p>\n<p>KELA MAG contient \u00e9galement de la vitamine B6 qui coop\u00e8re avec le magn\u00e9sium dans les r\u00e9actions enzymatiques, ce qui favorise une meilleure gestion du stress, de l\u2019anxi\u00e9t\u00e9 et de la fatigue.<\/p>\n","protected":false},"featured_media":18399,"comment_status":"open","ping_status":"closed","template":"","meta":[],"product_brand":[],"product_cat":[32],"product_tag":[],"class_list":{"0":"post-18398","1":"product","2":"type-product","3":"status-publish","4":"has-post-thumbnail","6":"product_cat-complements-alimentaires","8":"first","9":"instock","10":"shipping-taxable","11":"purchasable","12":"product-type-simple"},"yoast_head":"<!-- This site is optimized with the Yoast SEO plugin v23.0 - https:\/\/yoast.com\/wordpress\/plugins\/seo\/ -->\n<title>Kela Mag 30 G\u00e9lules - pharmadreams<\/title>\n<meta name=\"robots\" content=\"index, follow, max-snippet:-1, max-image-preview:large, max-video-preview:-1\" \/>\n<link rel=\"canonical\" href=\"https:\/\/pharmadreams.shop\/index.php\/product\/kela-mag-30-gelules\/\" \/>\n<meta property=\"og:locale\" content=\"fr_FR\" \/>\n<meta property=\"og:type\" content=\"article\" \/>\n<meta property=\"og:title\" content=\"Kela Mag 30 G\u00e9lules - pharmadreams\" \/>\n<meta property=\"og:description\" content=\"KELA MAG est une nouvelle g\u00e9n\u00e9ration de magn\u00e9sium. Il se pr\u00e9sente sous la forme de bo\u00eetes de 30 g\u00e9lules de ch\u00e9late d\u2019acide amin\u00e9 enrichi avec le Vitamine B6, ce qui offre une meilleure absorption et une meilleure tol\u00e9rance digestive et de b\u00e9n\u00e9ficier plus efficacement des bienfaits du magn\u00e9sium.  KELA MAG contient \u00e9galement de la vitamine B6 qui coop\u00e8re avec le magn\u00e9sium dans les r\u00e9actions enzymatiques, ce qui favorise une meilleure gestion du stress, de l\u2019anxi\u00e9t\u00e9 et de la fatigue.\" \/>\n<meta property=\"og:url\" content=\"https:\/\/pharmadreams.shop\/index.php\/product\/kela-mag-30-gelules\/\" \/>\n<meta property=\"og:site_name\" content=\"pharmadreams\" \/>\n<meta property=\"og:image\" content=\"https:\/\/pharmadreams.shop\/wp-content\/uploads\/2024\/05\/kela-mag-30-gelules.jpg\" \/>\n\t<meta property=\"og:image:width\" content=\"800\" \/>\n\t<meta property=\"og:image:height\" content=\"800\" \/>\n\t<meta property=\"og:image:type\" content=\"image\/jpeg\" \/>\n<meta name=\"twitter:card\" content=\"summary_large_image\" \/>\n<meta name=\"twitter:label1\" content=\"Dur\u00e9e de lecture estim\u00e9e\" \/>\n\t<meta name=\"twitter:data1\" content=\"1 minute\" \/>\n<script type=\"application\/ld+json\" class=\"yoast-schema-graph\">{\"@context\":\"https:\/\/schema.org\",\"@graph\":[{\"@type\":\"WebPage\",\"@id\":\"https:\/\/pharmadreams.shop\/index.php\/product\/kela-mag-30-gelules\/\",\"url\":\"https:\/\/pharmadreams.shop\/index.php\/product\/kela-mag-30-gelules\/\",\"name\":\"Kela Mag 30 G\u00e9lules - pharmadreams\",\"isPartOf\":{\"@id\":\"https:\/\/pharmadreams.shop\/#website\"},\"primaryImageOfPage\":{\"@id\":\"https:\/\/pharmadreams.shop\/index.php\/product\/kela-mag-30-gelules\/#primaryimage\"},\"image\":{\"@id\":\"https:\/\/pharmadreams.shop\/index.php\/product\/kela-mag-30-gelules\/#primaryimage\"},\"thumbnailUrl\":\"https:\/\/pharmadreams.shop\/wp-content\/uploads\/2024\/05\/kela-mag-30-gelules.jpg\",\"datePublished\":\"2024-05-20T10:39:14+00:00\",\"dateModified\":\"2024-05-20T10:39:14+00:00\",\"breadcrumb\":{\"@id\":\"https:\/\/pharmadreams.shop\/index.php\/product\/kela-mag-30-gelules\/#breadcrumb\"},\"inLanguage\":\"fr-FR\",\"potentialAction\":[{\"@type\":\"ReadAction\",\"target\":[\"https:\/\/pharmadreams.shop\/index.php\/product\/kela-mag-30-gelules\/\"]}]},{\"@type\":\"ImageObject\",\"inLanguage\":\"fr-FR\",\"@id\":\"https:\/\/pharmadreams.shop\/index.php\/product\/kela-mag-30-gelules\/#primaryimage\",\"url\":\"https:\/\/pharmadreams.shop\/wp-content\/uploads\/2024\/05\/kela-mag-30-gelules.jpg\",\"contentUrl\":\"https:\/\/pharmadreams.shop\/wp-content\/uploads\/2024\/05\/kela-mag-30-gelules.jpg\",\"width\":800,\"height\":800},{\"@type\":\"BreadcrumbList\",\"@id\":\"https:\/\/pharmadreams.shop\/index.php\/product\/kela-mag-30-gelules\/#breadcrumb\",\"itemListElement\":[{\"@type\":\"ListItem\",\"position\":1,\"name\":\"Accueil\",\"item\":\"https:\/\/pharmadreams.shop\/\"},{\"@type\":\"ListItem\",\"position\":2,\"name\":\"Shop\",\"item\":\"https:\/\/pharmadreams.shop\/index.php\/shop\/\"},{\"@type\":\"ListItem\",\"position\":3,\"name\":\"Kela Mag 30 G\u00e9lules\"}]},{\"@type\":\"WebSite\",\"@id\":\"https:\/\/pharmadreams.shop\/#website\",\"url\":\"https:\/\/pharmadreams.shop\/\",\"name\":\"pharmadreams\",\"description\":\"Parapharmacie en ligne\",\"potentialAction\":[{\"@type\":\"SearchAction\",\"target\":{\"@type\":\"EntryPoint\",\"urlTemplate\":\"https:\/\/pharmadreams.shop\/?s={search_term_string}\"},\"query-input\":\"required name=search_term_string\"}],\"inLanguage\":\"fr-FR\"}]}<\/script>\n<!-- \/ Yoast SEO plugin. -->","yoast_head_json":{"title":"Kela Mag 30 G\u00e9lules - pharmadreams","robots":{"index":"index","follow":"follow","max-snippet":"max-snippet:-1","max-image-preview":"max-image-preview:large","max-video-preview":"max-video-preview:-1"},"canonical":"https:\/\/pharmadreams.shop\/index.php\/product\/kela-mag-30-gelules\/","og_locale":"fr_FR","og_type":"article","og_title":"Kela Mag 30 G\u00e9lules - pharmadreams","og_description":"KELA MAG est une nouvelle g\u00e9n\u00e9ration de magn\u00e9sium. Il se pr\u00e9sente sous la forme de bo\u00eetes de 30 g\u00e9lules de ch\u00e9late d\u2019acide amin\u00e9 enrichi avec le Vitamine B6, ce qui offre une meilleure absorption et une meilleure tol\u00e9rance digestive et de b\u00e9n\u00e9ficier plus efficacement des bienfaits du magn\u00e9sium.  KELA MAG contient \u00e9galement de la vitamine B6 qui coop\u00e8re avec le magn\u00e9sium dans les r\u00e9actions enzymatiques, ce qui favorise une meilleure gestion du stress, de l\u2019anxi\u00e9t\u00e9 et de la fatigue.","og_url":"https:\/\/pharmadreams.shop\/index.php\/product\/kela-mag-30-gelules\/","og_site_name":"pharmadreams","og_image":[{"width":800,"height":800,"url":"https:\/\/pharmadreams.shop\/wp-content\/uploads\/2024\/05\/kela-mag-30-gelules.jpg","type":"image\/jpeg"}],"twitter_card":"summary_large_image","twitter_misc":{"Dur\u00e9e de lecture estim\u00e9e":"1 minute"},"schema":{"@context":"https:\/\/schema.org","@graph":[{"@type":"WebPage","@id":"https:\/\/pharmadreams.shop\/index.php\/product\/kela-mag-30-gelules\/","url":"https:\/\/pharmadreams.shop\/index.php\/product\/kela-mag-30-gelules\/","name":"Kela Mag 30 G\u00e9lules - pharmadreams","isPartOf":{"@id":"https:\/\/pharmadreams.shop\/#website"},"primaryImageOfPage":{"@id":"https:\/\/pharmadreams.shop\/index.php\/product\/kela-mag-30-gelules\/#primaryimage"},"image":{"@id":"https:\/\/pharmadreams.shop\/index.php\/product\/kela-mag-30-gelules\/#primaryimage"},"thumbnailUrl":"https:\/\/pharmadreams.shop\/wp-content\/uploads\/2024\/05\/kela-mag-30-gelules.jpg","datePublished":"2024-05-20T10:39:14+00:00","dateModified":"2024-05-20T10:39:14+00:00","breadcrumb":{"@id":"https:\/\/pharmadreams.shop\/index.php\/product\/kela-mag-30-gelules\/#breadcrumb"},"inLanguage":"fr-FR","potentialAction":[{"@type":"ReadAction","target":["https:\/\/pharmadreams.shop\/index.php\/product\/kela-mag-30-gelules\/"]}]},{"@type":"ImageObject","inLanguage":"fr-FR","@id":"https:\/\/pharmadreams.shop\/index.php\/product\/kela-mag-30-gelules\/#primaryimage","url":"https:\/\/pharmadreams.shop\/wp-content\/uploads\/2024\/05\/kela-mag-30-gelules.jpg","contentUrl":"https:\/\/pharmadreams.shop\/wp-content\/uploads\/2024\/05\/kela-mag-30-gelules.jpg","width":800,"height":800},{"@type":"BreadcrumbList","@id":"https:\/\/pharmadreams.shop\/index.php\/product\/kela-mag-30-gelules\/#breadcrumb","itemListElement":[{"@type":"ListItem","position":1,"name":"Accueil","item":"https:\/\/pharmadreams.shop\/"},{"@type":"ListItem","position":2,"name":"Shop","item":"https:\/\/pharmadreams.shop\/index.php\/shop\/"},{"@type":"ListItem","position":3,"name":"Kela Mag 30 G\u00e9lules"}]},{"@type":"WebSite","@id":"https:\/\/pharmadreams.shop\/#website","url":"https:\/\/pharmadreams.shop\/","name":"pharmadreams","description":"Parapharmacie en ligne","potentialAction":[{"@type":"SearchAction","target":{"@type":"EntryPoint","urlTemplate":"https:\/\/pharmadreams.shop\/?s={search_term_string}"},"query-input":"required name=search_term_string"}],"inLanguage":"fr-FR"}]}},"_links":{"self":[{"href":"https:\/\/pharmadreams.shop\/index.php\/wp-json\/wp\/v2\/product\/18398","targetHints":{"allow":["GET"]}}],"collection":[{"href":"https:\/\/pharmadreams.shop\/index.php\/wp-json\/wp\/v2\/product"}],"about":[{"href":"https:\/\/pharmadreams.shop\/index.php\/wp-json\/wp\/v2\/types\/product"}],"replies":[{"embeddable":true,"href":"https:\/\/pharmadreams.shop\/index.php\/wp-json\/wp\/v2\/comments?post=18398"}],"version-history":[{"count":0,"href":"https:\/\/pharmadreams.shop\/index.php\/wp-json\/wp\/v2\/product\/18398\/revisions"}],"wp:featuredmedia":[{"embeddable":true,"href":"https:\/\/pharmadreams.shop\/index.php\/wp-json\/wp\/v2\/media\/18399"}],"wp:attachment":[{"href":"https:\/\/pharmadreams.shop\/index.php\/wp-json\/wp\/v2\/media?parent=18398"}],"wp:term":[{"taxonomy":"product_brand","embeddable":true,"href":"https:\/\/pharmadreams.shop\/index.php\/wp-json\/wp\/v2\/product_brand?post=18398"},{"taxonomy":"product_cat","embeddable":true,"href":"https:\/\/pharmadreams.shop\/index.php\/wp-json\/wp\/v2\/product_cat?post=18398"},{"taxonomy":"product_tag","embeddable":true,"href":"https:\/\/pharmadreams.shop\/index.php\/wp-json\/wp\/v2\/product_tag?post=18398"}],"curies":[{"name":"wp","href":"https:\/\/api.w.org\/{rel}","templated":true}]}}