{"id":18412,"date":"2024-05-20T12:45:33","date_gmt":"2024-05-20T11:45:33","guid":{"rendered":"https:\/\/pharmadreams.shop\/?post_type=product&#038;p=18412"},"modified":"2024-05-20T12:45:33","modified_gmt":"2024-05-20T11:45:33","slug":"phyteal-ultraliss-serum-traitant-a-la-keratine-40ml","status":"publish","type":"product","link":"https:\/\/pharmadreams.shop\/index.php\/product\/phyteal-ultraliss-serum-traitant-a-la-keratine-40ml\/","title":{"rendered":"PHYTEAL Ultraliss Serum Traitant \u00e0 La K\u00e9ratine 40ml"},"content":{"rendered":"","protected":false},"excerpt":{"rendered":"<p>Ultraliss s\u00e9rum traitant cheveux \u00e0 la k\u00e9ratine est un s\u00e9rum glossy \u00e0 10% de k\u00e9ratine v\u00e9g\u00e9tale id\u00e9al pour prot\u00e9ger, lisser et assouplir tout type de cheveux.<\/p>\n<p>Grace \u00e0 sa formule enrichie en k\u00e9ratine, en vitamine (B5, B3, E) et en extrait de fruit, il hydrate, traite, \u00e9limine l\u2019effet cr\u00e9pu et rend le cheveu soyeux, l\u00e9ger et brillant. Tout cela sans laisser les cheveux gras ou lourds.<\/p>\n<p>Conseils d\u2019utilisation : Avant de passer au s\u00e9chage de votre chevelure, veillez \u00e0 la pr\u00e9server des m\u00e9faits de la chaleur (dess\u00e8chement, perte d\u2019\u00e9lasticit\u00e9, manque de brillance), froissez vos longueurs avec notre s\u00e9rum sans rin\u00e7age pour ajouter de la brillance et r\u00e9duire les pointes fourchues.<\/p>\n","protected":false},"featured_media":18413,"comment_status":"open","ping_status":"closed","template":"","meta":[],"product_brand":[],"product_cat":[53,94,110],"product_tag":[],"class_list":{"0":"post-18412","1":"product","2":"type-product","3":"status-publish","4":"has-post-thumbnail","6":"product_cat-cheveux","7":"product_cat-serum","8":"product_cat-soin-cheveux","10":"first","11":"instock","12":"shipping-taxable","13":"purchasable","14":"product-type-simple"},"yoast_head":"<!-- This site is optimized with the Yoast SEO plugin v23.0 - https:\/\/yoast.com\/wordpress\/plugins\/seo\/ -->\n<title>PHYTEAL Ultraliss Serum Traitant \u00e0 La K\u00e9ratine 40ml - pharmadreams<\/title>\n<meta name=\"robots\" content=\"index, follow, max-snippet:-1, max-image-preview:large, max-video-preview:-1\" \/>\n<link rel=\"canonical\" href=\"https:\/\/pharmadreams.shop\/index.php\/product\/phyteal-ultraliss-serum-traitant-a-la-keratine-40ml\/\" \/>\n<meta property=\"og:locale\" content=\"fr_FR\" \/>\n<meta property=\"og:type\" content=\"article\" \/>\n<meta property=\"og:title\" content=\"PHYTEAL Ultraliss Serum Traitant \u00e0 La K\u00e9ratine 40ml - pharmadreams\" \/>\n<meta property=\"og:description\" content=\"Ultraliss s\u00e9rum traitant cheveux \u00e0 la k\u00e9ratine est un s\u00e9rum glossy \u00e0 10% de k\u00e9ratine v\u00e9g\u00e9tale id\u00e9al pour prot\u00e9ger, lisser et assouplir tout type de cheveux.  Grace \u00e0 sa formule enrichie en k\u00e9ratine, en vitamine (B5, B3, E) et en extrait de fruit, il hydrate, traite, \u00e9limine l\u2019effet cr\u00e9pu et rend le cheveu soyeux, l\u00e9ger et brillant. Tout cela sans laisser les cheveux gras ou lourds.  Conseils d\u2019utilisation : Avant de passer au s\u00e9chage de votre chevelure, veillez \u00e0 la pr\u00e9server des m\u00e9faits de la chaleur (dess\u00e8chement, perte d\u2019\u00e9lasticit\u00e9, manque de brillance), froissez vos longueurs avec notre s\u00e9rum sans rin\u00e7age pour ajouter de la brillance et r\u00e9duire les pointes fourchues.\" \/>\n<meta property=\"og:url\" content=\"https:\/\/pharmadreams.shop\/index.php\/product\/phyteal-ultraliss-serum-traitant-a-la-keratine-40ml\/\" \/>\n<meta property=\"og:site_name\" content=\"pharmadreams\" \/>\n<meta property=\"og:image\" content=\"https:\/\/pharmadreams.shop\/wp-content\/uploads\/2024\/05\/phyteal-ultraliss-serum-traitant-a-la-keratine-40ml-1.webp\" \/>\n\t<meta property=\"og:image:width\" content=\"1181\" \/>\n\t<meta property=\"og:image:height\" content=\"1181\" \/>\n\t<meta property=\"og:image:type\" content=\"image\/webp\" \/>\n<meta name=\"twitter:card\" content=\"summary_large_image\" \/>\n<meta name=\"twitter:label1\" content=\"Dur\u00e9e de lecture estim\u00e9e\" \/>\n\t<meta name=\"twitter:data1\" content=\"1 minute\" \/>\n<script type=\"application\/ld+json\" class=\"yoast-schema-graph\">{\"@context\":\"https:\/\/schema.org\",\"@graph\":[{\"@type\":\"WebPage\",\"@id\":\"https:\/\/pharmadreams.shop\/index.php\/product\/phyteal-ultraliss-serum-traitant-a-la-keratine-40ml\/\",\"url\":\"https:\/\/pharmadreams.shop\/index.php\/product\/phyteal-ultraliss-serum-traitant-a-la-keratine-40ml\/\",\"name\":\"PHYTEAL Ultraliss Serum Traitant \u00e0 La K\u00e9ratine 40ml - pharmadreams\",\"isPartOf\":{\"@id\":\"https:\/\/pharmadreams.shop\/#website\"},\"primaryImageOfPage\":{\"@id\":\"https:\/\/pharmadreams.shop\/index.php\/product\/phyteal-ultraliss-serum-traitant-a-la-keratine-40ml\/#primaryimage\"},\"image\":{\"@id\":\"https:\/\/pharmadreams.shop\/index.php\/product\/phyteal-ultraliss-serum-traitant-a-la-keratine-40ml\/#primaryimage\"},\"thumbnailUrl\":\"https:\/\/pharmadreams.shop\/wp-content\/uploads\/2024\/05\/phyteal-ultraliss-serum-traitant-a-la-keratine-40ml-1.webp\",\"datePublished\":\"2024-05-20T11:45:33+00:00\",\"dateModified\":\"2024-05-20T11:45:33+00:00\",\"breadcrumb\":{\"@id\":\"https:\/\/pharmadreams.shop\/index.php\/product\/phyteal-ultraliss-serum-traitant-a-la-keratine-40ml\/#breadcrumb\"},\"inLanguage\":\"fr-FR\",\"potentialAction\":[{\"@type\":\"ReadAction\",\"target\":[\"https:\/\/pharmadreams.shop\/index.php\/product\/phyteal-ultraliss-serum-traitant-a-la-keratine-40ml\/\"]}]},{\"@type\":\"ImageObject\",\"inLanguage\":\"fr-FR\",\"@id\":\"https:\/\/pharmadreams.shop\/index.php\/product\/phyteal-ultraliss-serum-traitant-a-la-keratine-40ml\/#primaryimage\",\"url\":\"https:\/\/pharmadreams.shop\/wp-content\/uploads\/2024\/05\/phyteal-ultraliss-serum-traitant-a-la-keratine-40ml-1.webp\",\"contentUrl\":\"https:\/\/pharmadreams.shop\/wp-content\/uploads\/2024\/05\/phyteal-ultraliss-serum-traitant-a-la-keratine-40ml-1.webp\",\"width\":1181,\"height\":1181},{\"@type\":\"BreadcrumbList\",\"@id\":\"https:\/\/pharmadreams.shop\/index.php\/product\/phyteal-ultraliss-serum-traitant-a-la-keratine-40ml\/#breadcrumb\",\"itemListElement\":[{\"@type\":\"ListItem\",\"position\":1,\"name\":\"Accueil\",\"item\":\"https:\/\/pharmadreams.shop\/\"},{\"@type\":\"ListItem\",\"position\":2,\"name\":\"Shop\",\"item\":\"https:\/\/pharmadreams.shop\/index.php\/shop\/\"},{\"@type\":\"ListItem\",\"position\":3,\"name\":\"PHYTEAL Ultraliss Serum Traitant \u00e0 La K\u00e9ratine 40ml\"}]},{\"@type\":\"WebSite\",\"@id\":\"https:\/\/pharmadreams.shop\/#website\",\"url\":\"https:\/\/pharmadreams.shop\/\",\"name\":\"pharmadreams\",\"description\":\"Parapharmacie en ligne\",\"potentialAction\":[{\"@type\":\"SearchAction\",\"target\":{\"@type\":\"EntryPoint\",\"urlTemplate\":\"https:\/\/pharmadreams.shop\/?s={search_term_string}\"},\"query-input\":\"required name=search_term_string\"}],\"inLanguage\":\"fr-FR\"}]}<\/script>\n<!-- \/ Yoast SEO plugin. -->","yoast_head_json":{"title":"PHYTEAL Ultraliss Serum Traitant \u00e0 La K\u00e9ratine 40ml - pharmadreams","robots":{"index":"index","follow":"follow","max-snippet":"max-snippet:-1","max-image-preview":"max-image-preview:large","max-video-preview":"max-video-preview:-1"},"canonical":"https:\/\/pharmadreams.shop\/index.php\/product\/phyteal-ultraliss-serum-traitant-a-la-keratine-40ml\/","og_locale":"fr_FR","og_type":"article","og_title":"PHYTEAL Ultraliss Serum Traitant \u00e0 La K\u00e9ratine 40ml - pharmadreams","og_description":"Ultraliss s\u00e9rum traitant cheveux \u00e0 la k\u00e9ratine est un s\u00e9rum glossy \u00e0 10% de k\u00e9ratine v\u00e9g\u00e9tale id\u00e9al pour prot\u00e9ger, lisser et assouplir tout type de cheveux.  Grace \u00e0 sa formule enrichie en k\u00e9ratine, en vitamine (B5, B3, E) et en extrait de fruit, il hydrate, traite, \u00e9limine l\u2019effet cr\u00e9pu et rend le cheveu soyeux, l\u00e9ger et brillant. Tout cela sans laisser les cheveux gras ou lourds.  Conseils d\u2019utilisation : Avant de passer au s\u00e9chage de votre chevelure, veillez \u00e0 la pr\u00e9server des m\u00e9faits de la chaleur (dess\u00e8chement, perte d\u2019\u00e9lasticit\u00e9, manque de brillance), froissez vos longueurs avec notre s\u00e9rum sans rin\u00e7age pour ajouter de la brillance et r\u00e9duire les pointes fourchues.","og_url":"https:\/\/pharmadreams.shop\/index.php\/product\/phyteal-ultraliss-serum-traitant-a-la-keratine-40ml\/","og_site_name":"pharmadreams","og_image":[{"width":1181,"height":1181,"url":"https:\/\/pharmadreams.shop\/wp-content\/uploads\/2024\/05\/phyteal-ultraliss-serum-traitant-a-la-keratine-40ml-1.webp","type":"image\/webp"}],"twitter_card":"summary_large_image","twitter_misc":{"Dur\u00e9e de lecture estim\u00e9e":"1 minute"},"schema":{"@context":"https:\/\/schema.org","@graph":[{"@type":"WebPage","@id":"https:\/\/pharmadreams.shop\/index.php\/product\/phyteal-ultraliss-serum-traitant-a-la-keratine-40ml\/","url":"https:\/\/pharmadreams.shop\/index.php\/product\/phyteal-ultraliss-serum-traitant-a-la-keratine-40ml\/","name":"PHYTEAL Ultraliss Serum Traitant \u00e0 La K\u00e9ratine 40ml - pharmadreams","isPartOf":{"@id":"https:\/\/pharmadreams.shop\/#website"},"primaryImageOfPage":{"@id":"https:\/\/pharmadreams.shop\/index.php\/product\/phyteal-ultraliss-serum-traitant-a-la-keratine-40ml\/#primaryimage"},"image":{"@id":"https:\/\/pharmadreams.shop\/index.php\/product\/phyteal-ultraliss-serum-traitant-a-la-keratine-40ml\/#primaryimage"},"thumbnailUrl":"https:\/\/pharmadreams.shop\/wp-content\/uploads\/2024\/05\/phyteal-ultraliss-serum-traitant-a-la-keratine-40ml-1.webp","datePublished":"2024-05-20T11:45:33+00:00","dateModified":"2024-05-20T11:45:33+00:00","breadcrumb":{"@id":"https:\/\/pharmadreams.shop\/index.php\/product\/phyteal-ultraliss-serum-traitant-a-la-keratine-40ml\/#breadcrumb"},"inLanguage":"fr-FR","potentialAction":[{"@type":"ReadAction","target":["https:\/\/pharmadreams.shop\/index.php\/product\/phyteal-ultraliss-serum-traitant-a-la-keratine-40ml\/"]}]},{"@type":"ImageObject","inLanguage":"fr-FR","@id":"https:\/\/pharmadreams.shop\/index.php\/product\/phyteal-ultraliss-serum-traitant-a-la-keratine-40ml\/#primaryimage","url":"https:\/\/pharmadreams.shop\/wp-content\/uploads\/2024\/05\/phyteal-ultraliss-serum-traitant-a-la-keratine-40ml-1.webp","contentUrl":"https:\/\/pharmadreams.shop\/wp-content\/uploads\/2024\/05\/phyteal-ultraliss-serum-traitant-a-la-keratine-40ml-1.webp","width":1181,"height":1181},{"@type":"BreadcrumbList","@id":"https:\/\/pharmadreams.shop\/index.php\/product\/phyteal-ultraliss-serum-traitant-a-la-keratine-40ml\/#breadcrumb","itemListElement":[{"@type":"ListItem","position":1,"name":"Accueil","item":"https:\/\/pharmadreams.shop\/"},{"@type":"ListItem","position":2,"name":"Shop","item":"https:\/\/pharmadreams.shop\/index.php\/shop\/"},{"@type":"ListItem","position":3,"name":"PHYTEAL Ultraliss Serum Traitant \u00e0 La K\u00e9ratine 40ml"}]},{"@type":"WebSite","@id":"https:\/\/pharmadreams.shop\/#website","url":"https:\/\/pharmadreams.shop\/","name":"pharmadreams","description":"Parapharmacie en ligne","potentialAction":[{"@type":"SearchAction","target":{"@type":"EntryPoint","urlTemplate":"https:\/\/pharmadreams.shop\/?s={search_term_string}"},"query-input":"required name=search_term_string"}],"inLanguage":"fr-FR"}]}},"_links":{"self":[{"href":"https:\/\/pharmadreams.shop\/index.php\/wp-json\/wp\/v2\/product\/18412","targetHints":{"allow":["GET"]}}],"collection":[{"href":"https:\/\/pharmadreams.shop\/index.php\/wp-json\/wp\/v2\/product"}],"about":[{"href":"https:\/\/pharmadreams.shop\/index.php\/wp-json\/wp\/v2\/types\/product"}],"replies":[{"embeddable":true,"href":"https:\/\/pharmadreams.shop\/index.php\/wp-json\/wp\/v2\/comments?post=18412"}],"version-history":[{"count":0,"href":"https:\/\/pharmadreams.shop\/index.php\/wp-json\/wp\/v2\/product\/18412\/revisions"}],"wp:featuredmedia":[{"embeddable":true,"href":"https:\/\/pharmadreams.shop\/index.php\/wp-json\/wp\/v2\/media\/18413"}],"wp:attachment":[{"href":"https:\/\/pharmadreams.shop\/index.php\/wp-json\/wp\/v2\/media?parent=18412"}],"wp:term":[{"taxonomy":"product_brand","embeddable":true,"href":"https:\/\/pharmadreams.shop\/index.php\/wp-json\/wp\/v2\/product_brand?post=18412"},{"taxonomy":"product_cat","embeddable":true,"href":"https:\/\/pharmadreams.shop\/index.php\/wp-json\/wp\/v2\/product_cat?post=18412"},{"taxonomy":"product_tag","embeddable":true,"href":"https:\/\/pharmadreams.shop\/index.php\/wp-json\/wp\/v2\/product_tag?post=18412"}],"curies":[{"name":"wp","href":"https:\/\/api.w.org\/{rel}","templated":true}]}}