{"id":18415,"date":"2024-05-21T10:59:04","date_gmt":"2024-05-21T09:59:04","guid":{"rendered":"https:\/\/pharmadreams.shop\/?post_type=product&#038;p=18415"},"modified":"2024-05-21T10:59:04","modified_gmt":"2024-05-21T09:59:04","slug":"inoderma-skin-booster-eau-micellaire-nettoyante-200-ml","status":"publish","type":"product","link":"https:\/\/pharmadreams.shop\/index.php\/product\/inoderma-skin-booster-eau-micellaire-nettoyante-200-ml\/","title":{"rendered":"Inoderma Skin Booster Eau Micellaire Nettoyante 200 ml"},"content":{"rendered":"","protected":false},"excerpt":{"rendered":"<p>INODERMA SKIN BOOSTER Eau Micellaire nettoie et d\u00e9maquille d\u00e9licatement le visage. Elle laisse la peau douce et apais\u00e9e avec un effet bonne mine gr\u00e2ce aux vertus de l\u2019extrait du fruit d\u2019Evodia Rutaecarpa.<\/p>\n<p>INODERMA SKIN BOOSTER Eau Micellaire convient \u00e0 tous les types de peaux.<\/p>\n","protected":false},"featured_media":18416,"comment_status":"open","ping_status":"closed","template":"","meta":[],"product_brand":[],"product_cat":[108,234,20],"product_tag":[],"class_list":{"0":"post-18415","1":"product","2":"type-product","3":"status-publish","4":"has-post-thumbnail","6":"product_cat-eau-micellaire","7":"product_cat-tous-types-de-peaux","8":"product_cat-visage","10":"first","11":"instock","12":"shipping-taxable","13":"purchasable","14":"product-type-simple"},"yoast_head":"<!-- This site is optimized with the Yoast SEO plugin v23.0 - https:\/\/yoast.com\/wordpress\/plugins\/seo\/ -->\n<title>Inoderma Skin Booster Eau Micellaire Nettoyante 200 ml - pharmadreams<\/title>\n<meta name=\"robots\" content=\"index, follow, max-snippet:-1, max-image-preview:large, max-video-preview:-1\" \/>\n<link rel=\"canonical\" href=\"https:\/\/pharmadreams.shop\/index.php\/product\/inoderma-skin-booster-eau-micellaire-nettoyante-200-ml\/\" \/>\n<meta property=\"og:locale\" content=\"fr_FR\" \/>\n<meta property=\"og:type\" content=\"article\" \/>\n<meta property=\"og:title\" content=\"Inoderma Skin Booster Eau Micellaire Nettoyante 200 ml - pharmadreams\" \/>\n<meta property=\"og:description\" content=\"INODERMA SKIN BOOSTER Eau Micellaire nettoie et d\u00e9maquille d\u00e9licatement le visage. Elle laisse la peau douce et apais\u00e9e avec un effet bonne mine gr\u00e2ce aux vertus de l\u2019extrait du fruit d\u2019Evodia Rutaecarpa.  INODERMA SKIN BOOSTER Eau Micellaire convient \u00e0 tous les types de peaux.\" \/>\n<meta property=\"og:url\" content=\"https:\/\/pharmadreams.shop\/index.php\/product\/inoderma-skin-booster-eau-micellaire-nettoyante-200-ml\/\" \/>\n<meta property=\"og:site_name\" content=\"pharmadreams\" \/>\n<meta property=\"og:image\" content=\"https:\/\/pharmadreams.shop\/wp-content\/uploads\/2024\/05\/inoderma-skin-booster-eau-micellaire-nettoyante-200-ml.webp\" \/>\n\t<meta property=\"og:image:width\" content=\"800\" \/>\n\t<meta property=\"og:image:height\" content=\"800\" \/>\n\t<meta property=\"og:image:type\" content=\"image\/webp\" \/>\n<meta name=\"twitter:card\" content=\"summary_large_image\" \/>\n<meta name=\"twitter:label1\" content=\"Dur\u00e9e de lecture estim\u00e9e\" \/>\n\t<meta name=\"twitter:data1\" content=\"1 minute\" \/>\n<script type=\"application\/ld+json\" class=\"yoast-schema-graph\">{\"@context\":\"https:\/\/schema.org\",\"@graph\":[{\"@type\":\"WebPage\",\"@id\":\"https:\/\/pharmadreams.shop\/index.php\/product\/inoderma-skin-booster-eau-micellaire-nettoyante-200-ml\/\",\"url\":\"https:\/\/pharmadreams.shop\/index.php\/product\/inoderma-skin-booster-eau-micellaire-nettoyante-200-ml\/\",\"name\":\"Inoderma Skin Booster Eau Micellaire Nettoyante 200 ml - pharmadreams\",\"isPartOf\":{\"@id\":\"https:\/\/pharmadreams.shop\/#website\"},\"primaryImageOfPage\":{\"@id\":\"https:\/\/pharmadreams.shop\/index.php\/product\/inoderma-skin-booster-eau-micellaire-nettoyante-200-ml\/#primaryimage\"},\"image\":{\"@id\":\"https:\/\/pharmadreams.shop\/index.php\/product\/inoderma-skin-booster-eau-micellaire-nettoyante-200-ml\/#primaryimage\"},\"thumbnailUrl\":\"https:\/\/pharmadreams.shop\/wp-content\/uploads\/2024\/05\/inoderma-skin-booster-eau-micellaire-nettoyante-200-ml.webp\",\"datePublished\":\"2024-05-21T09:59:04+00:00\",\"dateModified\":\"2024-05-21T09:59:04+00:00\",\"breadcrumb\":{\"@id\":\"https:\/\/pharmadreams.shop\/index.php\/product\/inoderma-skin-booster-eau-micellaire-nettoyante-200-ml\/#breadcrumb\"},\"inLanguage\":\"fr-FR\",\"potentialAction\":[{\"@type\":\"ReadAction\",\"target\":[\"https:\/\/pharmadreams.shop\/index.php\/product\/inoderma-skin-booster-eau-micellaire-nettoyante-200-ml\/\"]}]},{\"@type\":\"ImageObject\",\"inLanguage\":\"fr-FR\",\"@id\":\"https:\/\/pharmadreams.shop\/index.php\/product\/inoderma-skin-booster-eau-micellaire-nettoyante-200-ml\/#primaryimage\",\"url\":\"https:\/\/pharmadreams.shop\/wp-content\/uploads\/2024\/05\/inoderma-skin-booster-eau-micellaire-nettoyante-200-ml.webp\",\"contentUrl\":\"https:\/\/pharmadreams.shop\/wp-content\/uploads\/2024\/05\/inoderma-skin-booster-eau-micellaire-nettoyante-200-ml.webp\",\"width\":800,\"height\":800},{\"@type\":\"BreadcrumbList\",\"@id\":\"https:\/\/pharmadreams.shop\/index.php\/product\/inoderma-skin-booster-eau-micellaire-nettoyante-200-ml\/#breadcrumb\",\"itemListElement\":[{\"@type\":\"ListItem\",\"position\":1,\"name\":\"Accueil\",\"item\":\"https:\/\/pharmadreams.shop\/\"},{\"@type\":\"ListItem\",\"position\":2,\"name\":\"Shop\",\"item\":\"https:\/\/pharmadreams.shop\/index.php\/shop\/\"},{\"@type\":\"ListItem\",\"position\":3,\"name\":\"Inoderma Skin Booster Eau Micellaire Nettoyante 200 ml\"}]},{\"@type\":\"WebSite\",\"@id\":\"https:\/\/pharmadreams.shop\/#website\",\"url\":\"https:\/\/pharmadreams.shop\/\",\"name\":\"pharmadreams\",\"description\":\"Parapharmacie en ligne\",\"potentialAction\":[{\"@type\":\"SearchAction\",\"target\":{\"@type\":\"EntryPoint\",\"urlTemplate\":\"https:\/\/pharmadreams.shop\/?s={search_term_string}\"},\"query-input\":\"required name=search_term_string\"}],\"inLanguage\":\"fr-FR\"}]}<\/script>\n<!-- \/ Yoast SEO plugin. -->","yoast_head_json":{"title":"Inoderma Skin Booster Eau Micellaire Nettoyante 200 ml - pharmadreams","robots":{"index":"index","follow":"follow","max-snippet":"max-snippet:-1","max-image-preview":"max-image-preview:large","max-video-preview":"max-video-preview:-1"},"canonical":"https:\/\/pharmadreams.shop\/index.php\/product\/inoderma-skin-booster-eau-micellaire-nettoyante-200-ml\/","og_locale":"fr_FR","og_type":"article","og_title":"Inoderma Skin Booster Eau Micellaire Nettoyante 200 ml - pharmadreams","og_description":"INODERMA SKIN BOOSTER Eau Micellaire nettoie et d\u00e9maquille d\u00e9licatement le visage. Elle laisse la peau douce et apais\u00e9e avec un effet bonne mine gr\u00e2ce aux vertus de l\u2019extrait du fruit d\u2019Evodia Rutaecarpa.  INODERMA SKIN BOOSTER Eau Micellaire convient \u00e0 tous les types de peaux.","og_url":"https:\/\/pharmadreams.shop\/index.php\/product\/inoderma-skin-booster-eau-micellaire-nettoyante-200-ml\/","og_site_name":"pharmadreams","og_image":[{"width":800,"height":800,"url":"https:\/\/pharmadreams.shop\/wp-content\/uploads\/2024\/05\/inoderma-skin-booster-eau-micellaire-nettoyante-200-ml.webp","type":"image\/webp"}],"twitter_card":"summary_large_image","twitter_misc":{"Dur\u00e9e de lecture estim\u00e9e":"1 minute"},"schema":{"@context":"https:\/\/schema.org","@graph":[{"@type":"WebPage","@id":"https:\/\/pharmadreams.shop\/index.php\/product\/inoderma-skin-booster-eau-micellaire-nettoyante-200-ml\/","url":"https:\/\/pharmadreams.shop\/index.php\/product\/inoderma-skin-booster-eau-micellaire-nettoyante-200-ml\/","name":"Inoderma Skin Booster Eau Micellaire Nettoyante 200 ml - pharmadreams","isPartOf":{"@id":"https:\/\/pharmadreams.shop\/#website"},"primaryImageOfPage":{"@id":"https:\/\/pharmadreams.shop\/index.php\/product\/inoderma-skin-booster-eau-micellaire-nettoyante-200-ml\/#primaryimage"},"image":{"@id":"https:\/\/pharmadreams.shop\/index.php\/product\/inoderma-skin-booster-eau-micellaire-nettoyante-200-ml\/#primaryimage"},"thumbnailUrl":"https:\/\/pharmadreams.shop\/wp-content\/uploads\/2024\/05\/inoderma-skin-booster-eau-micellaire-nettoyante-200-ml.webp","datePublished":"2024-05-21T09:59:04+00:00","dateModified":"2024-05-21T09:59:04+00:00","breadcrumb":{"@id":"https:\/\/pharmadreams.shop\/index.php\/product\/inoderma-skin-booster-eau-micellaire-nettoyante-200-ml\/#breadcrumb"},"inLanguage":"fr-FR","potentialAction":[{"@type":"ReadAction","target":["https:\/\/pharmadreams.shop\/index.php\/product\/inoderma-skin-booster-eau-micellaire-nettoyante-200-ml\/"]}]},{"@type":"ImageObject","inLanguage":"fr-FR","@id":"https:\/\/pharmadreams.shop\/index.php\/product\/inoderma-skin-booster-eau-micellaire-nettoyante-200-ml\/#primaryimage","url":"https:\/\/pharmadreams.shop\/wp-content\/uploads\/2024\/05\/inoderma-skin-booster-eau-micellaire-nettoyante-200-ml.webp","contentUrl":"https:\/\/pharmadreams.shop\/wp-content\/uploads\/2024\/05\/inoderma-skin-booster-eau-micellaire-nettoyante-200-ml.webp","width":800,"height":800},{"@type":"BreadcrumbList","@id":"https:\/\/pharmadreams.shop\/index.php\/product\/inoderma-skin-booster-eau-micellaire-nettoyante-200-ml\/#breadcrumb","itemListElement":[{"@type":"ListItem","position":1,"name":"Accueil","item":"https:\/\/pharmadreams.shop\/"},{"@type":"ListItem","position":2,"name":"Shop","item":"https:\/\/pharmadreams.shop\/index.php\/shop\/"},{"@type":"ListItem","position":3,"name":"Inoderma Skin Booster Eau Micellaire Nettoyante 200 ml"}]},{"@type":"WebSite","@id":"https:\/\/pharmadreams.shop\/#website","url":"https:\/\/pharmadreams.shop\/","name":"pharmadreams","description":"Parapharmacie en ligne","potentialAction":[{"@type":"SearchAction","target":{"@type":"EntryPoint","urlTemplate":"https:\/\/pharmadreams.shop\/?s={search_term_string}"},"query-input":"required name=search_term_string"}],"inLanguage":"fr-FR"}]}},"_links":{"self":[{"href":"https:\/\/pharmadreams.shop\/index.php\/wp-json\/wp\/v2\/product\/18415","targetHints":{"allow":["GET"]}}],"collection":[{"href":"https:\/\/pharmadreams.shop\/index.php\/wp-json\/wp\/v2\/product"}],"about":[{"href":"https:\/\/pharmadreams.shop\/index.php\/wp-json\/wp\/v2\/types\/product"}],"replies":[{"embeddable":true,"href":"https:\/\/pharmadreams.shop\/index.php\/wp-json\/wp\/v2\/comments?post=18415"}],"version-history":[{"count":0,"href":"https:\/\/pharmadreams.shop\/index.php\/wp-json\/wp\/v2\/product\/18415\/revisions"}],"wp:featuredmedia":[{"embeddable":true,"href":"https:\/\/pharmadreams.shop\/index.php\/wp-json\/wp\/v2\/media\/18416"}],"wp:attachment":[{"href":"https:\/\/pharmadreams.shop\/index.php\/wp-json\/wp\/v2\/media?parent=18415"}],"wp:term":[{"taxonomy":"product_brand","embeddable":true,"href":"https:\/\/pharmadreams.shop\/index.php\/wp-json\/wp\/v2\/product_brand?post=18415"},{"taxonomy":"product_cat","embeddable":true,"href":"https:\/\/pharmadreams.shop\/index.php\/wp-json\/wp\/v2\/product_cat?post=18415"},{"taxonomy":"product_tag","embeddable":true,"href":"https:\/\/pharmadreams.shop\/index.php\/wp-json\/wp\/v2\/product_tag?post=18415"}],"curies":[{"name":"wp","href":"https:\/\/api.w.org\/{rel}","templated":true}]}}