{"id":18442,"date":"2024-05-23T16:27:30","date_gmt":"2024-05-23T15:27:30","guid":{"rendered":"https:\/\/pharmadreams.shop\/?post_type=product&#038;p=18442"},"modified":"2024-05-23T16:27:30","modified_gmt":"2024-05-23T15:27:30","slug":"dr-irena-eris-clinic-way-2-coffret-creme-de-jour-revitalisante-ultra-sensible-5050mlcreme-de-nuit-raffermissante50ml","status":"publish","type":"product","link":"https:\/\/pharmadreams.shop\/index.php\/product\/dr-irena-eris-clinic-way-2-coffret-creme-de-jour-revitalisante-ultra-sensible-5050mlcreme-de-nuit-raffermissante50ml\/","title":{"rendered":"DR IRENA ERIS CLINIC WAY 2 COFFRET CREME DE JOUR REVITALISANTE ULTRA SENSIBLE(-50%),50ML+CREME DE NUIT RAFFERMISSANTE,50ML"},"content":{"rendered":"","protected":false},"excerpt":{"rendered":"<p style=\"font-weight: 400;\">Dr Irena Eris Clinic Way Ultra Sensitive Skin &#8211; set 2\u00b0, cr\u00e8me de jour (50 ml) + cr\u00e8me de nuit (50 ml), 1 set.<\/p>\n<p style=\"font-weight: 400;\">Dr Irena Eris Clinic Way Ultra Sensitive Skin &#8211; cr\u00e8me de jour (50 ml) est un cosm\u00e9tique destin\u00e9 au soin des peaux sans \u00e9lasticit\u00e9 et avec des rides visibles, qui lisse, \u00e9claircit et retarde le processus de vieillissement.<\/p>\n<p style=\"font-weight: 400;\">Soin anti-rides, pour les femmes \u00e0 partir de 40 ans environ.<\/p>\n","protected":false},"featured_media":18443,"comment_status":"open","ping_status":"closed","template":"","meta":[],"product_brand":[],"product_cat":[100,120,78,285,20],"product_tag":[],"class_list":{"0":"post-18442","1":"product","2":"type-product","3":"status-publish","4":"has-post-thumbnail","6":"product_cat-anti-age","7":"product_cat-anti-rides","8":"product_cat-cremes","9":"product_cat-vieillissement-cutane","10":"product_cat-visage","12":"first","13":"instock","14":"sale","15":"shipping-taxable","16":"purchasable","17":"product-type-simple"},"yoast_head":"<!-- This site is optimized with the Yoast SEO plugin v23.0 - https:\/\/yoast.com\/wordpress\/plugins\/seo\/ -->\n<title>DR IRENA ERIS CLINIC WAY 2 COFFRET CREME DE JOUR REVITALISANTE ULTRA SENSIBLE(-50%),50ML+CREME DE NUIT RAFFERMISSANTE,50ML - pharmadreams<\/title>\n<meta name=\"robots\" content=\"index, follow, max-snippet:-1, max-image-preview:large, max-video-preview:-1\" \/>\n<link rel=\"canonical\" href=\"https:\/\/pharmadreams.shop\/index.php\/product\/dr-irena-eris-clinic-way-2-coffret-creme-de-jour-revitalisante-ultra-sensible-5050mlcreme-de-nuit-raffermissante50ml\/\" \/>\n<meta property=\"og:locale\" content=\"fr_FR\" \/>\n<meta property=\"og:type\" content=\"article\" \/>\n<meta property=\"og:title\" content=\"DR IRENA ERIS CLINIC WAY 2 COFFRET CREME DE JOUR REVITALISANTE ULTRA SENSIBLE(-50%),50ML+CREME DE NUIT RAFFERMISSANTE,50ML - pharmadreams\" \/>\n<meta property=\"og:description\" content=\"Dr Irena Eris Clinic Way Ultra Sensitive Skin - set 2\u00b0, cr\u00e8me de jour (50 ml) + cr\u00e8me de nuit (50 ml), 1 set. Dr Irena Eris Clinic Way Ultra Sensitive Skin - cr\u00e8me de jour (50 ml) est un cosm\u00e9tique destin\u00e9 au soin des peaux sans \u00e9lasticit\u00e9 et avec des rides visibles, qui lisse, \u00e9claircit et retarde le processus de vieillissement. Soin anti-rides, pour les femmes \u00e0 partir de 40 ans environ.\" \/>\n<meta property=\"og:url\" content=\"https:\/\/pharmadreams.shop\/index.php\/product\/dr-irena-eris-clinic-way-2-coffret-creme-de-jour-revitalisante-ultra-sensible-5050mlcreme-de-nuit-raffermissante50ml\/\" \/>\n<meta property=\"og:site_name\" content=\"pharmadreams\" \/>\n<meta property=\"og:image\" content=\"https:\/\/pharmadreams.shop\/wp-content\/uploads\/2024\/05\/dr-irena-eris-clinic-way-2-coffret-creme-de-jour-revitalisante-ultra-sensible-5050mlcreme-de-nuit-raffermissante50ml.jpg\" \/>\n\t<meta property=\"og:image:width\" content=\"250\" \/>\n\t<meta property=\"og:image:height\" content=\"250\" \/>\n\t<meta property=\"og:image:type\" content=\"image\/jpeg\" \/>\n<meta name=\"twitter:card\" content=\"summary_large_image\" \/>\n<meta name=\"twitter:label1\" content=\"Dur\u00e9e de lecture estim\u00e9e\" \/>\n\t<meta name=\"twitter:data1\" content=\"1 minute\" \/>\n<script type=\"application\/ld+json\" class=\"yoast-schema-graph\">{\"@context\":\"https:\/\/schema.org\",\"@graph\":[{\"@type\":\"WebPage\",\"@id\":\"https:\/\/pharmadreams.shop\/index.php\/product\/dr-irena-eris-clinic-way-2-coffret-creme-de-jour-revitalisante-ultra-sensible-5050mlcreme-de-nuit-raffermissante50ml\/\",\"url\":\"https:\/\/pharmadreams.shop\/index.php\/product\/dr-irena-eris-clinic-way-2-coffret-creme-de-jour-revitalisante-ultra-sensible-5050mlcreme-de-nuit-raffermissante50ml\/\",\"name\":\"DR IRENA ERIS CLINIC WAY 2 COFFRET CREME DE JOUR REVITALISANTE ULTRA SENSIBLE(-50%),50ML+CREME DE NUIT RAFFERMISSANTE,50ML - pharmadreams\",\"isPartOf\":{\"@id\":\"https:\/\/pharmadreams.shop\/#website\"},\"primaryImageOfPage\":{\"@id\":\"https:\/\/pharmadreams.shop\/index.php\/product\/dr-irena-eris-clinic-way-2-coffret-creme-de-jour-revitalisante-ultra-sensible-5050mlcreme-de-nuit-raffermissante50ml\/#primaryimage\"},\"image\":{\"@id\":\"https:\/\/pharmadreams.shop\/index.php\/product\/dr-irena-eris-clinic-way-2-coffret-creme-de-jour-revitalisante-ultra-sensible-5050mlcreme-de-nuit-raffermissante50ml\/#primaryimage\"},\"thumbnailUrl\":\"https:\/\/pharmadreams.shop\/wp-content\/uploads\/2024\/05\/dr-irena-eris-clinic-way-2-coffret-creme-de-jour-revitalisante-ultra-sensible-5050mlcreme-de-nuit-raffermissante50ml.jpg\",\"datePublished\":\"2024-05-23T15:27:30+00:00\",\"dateModified\":\"2024-05-23T15:27:30+00:00\",\"breadcrumb\":{\"@id\":\"https:\/\/pharmadreams.shop\/index.php\/product\/dr-irena-eris-clinic-way-2-coffret-creme-de-jour-revitalisante-ultra-sensible-5050mlcreme-de-nuit-raffermissante50ml\/#breadcrumb\"},\"inLanguage\":\"fr-FR\",\"potentialAction\":[{\"@type\":\"ReadAction\",\"target\":[\"https:\/\/pharmadreams.shop\/index.php\/product\/dr-irena-eris-clinic-way-2-coffret-creme-de-jour-revitalisante-ultra-sensible-5050mlcreme-de-nuit-raffermissante50ml\/\"]}]},{\"@type\":\"ImageObject\",\"inLanguage\":\"fr-FR\",\"@id\":\"https:\/\/pharmadreams.shop\/index.php\/product\/dr-irena-eris-clinic-way-2-coffret-creme-de-jour-revitalisante-ultra-sensible-5050mlcreme-de-nuit-raffermissante50ml\/#primaryimage\",\"url\":\"https:\/\/pharmadreams.shop\/wp-content\/uploads\/2024\/05\/dr-irena-eris-clinic-way-2-coffret-creme-de-jour-revitalisante-ultra-sensible-5050mlcreme-de-nuit-raffermissante50ml.jpg\",\"contentUrl\":\"https:\/\/pharmadreams.shop\/wp-content\/uploads\/2024\/05\/dr-irena-eris-clinic-way-2-coffret-creme-de-jour-revitalisante-ultra-sensible-5050mlcreme-de-nuit-raffermissante50ml.jpg\",\"width\":250,\"height\":250},{\"@type\":\"BreadcrumbList\",\"@id\":\"https:\/\/pharmadreams.shop\/index.php\/product\/dr-irena-eris-clinic-way-2-coffret-creme-de-jour-revitalisante-ultra-sensible-5050mlcreme-de-nuit-raffermissante50ml\/#breadcrumb\",\"itemListElement\":[{\"@type\":\"ListItem\",\"position\":1,\"name\":\"Accueil\",\"item\":\"https:\/\/pharmadreams.shop\/\"},{\"@type\":\"ListItem\",\"position\":2,\"name\":\"Shop\",\"item\":\"https:\/\/pharmadreams.shop\/index.php\/shop\/\"},{\"@type\":\"ListItem\",\"position\":3,\"name\":\"DR IRENA ERIS CLINIC WAY 2 COFFRET CREME DE JOUR REVITALISANTE ULTRA SENSIBLE(-50%),50ML+CREME DE NUIT RAFFERMISSANTE,50ML\"}]},{\"@type\":\"WebSite\",\"@id\":\"https:\/\/pharmadreams.shop\/#website\",\"url\":\"https:\/\/pharmadreams.shop\/\",\"name\":\"pharmadreams\",\"description\":\"Parapharmacie en ligne\",\"potentialAction\":[{\"@type\":\"SearchAction\",\"target\":{\"@type\":\"EntryPoint\",\"urlTemplate\":\"https:\/\/pharmadreams.shop\/?s={search_term_string}\"},\"query-input\":\"required name=search_term_string\"}],\"inLanguage\":\"fr-FR\"}]}<\/script>\n<!-- \/ Yoast SEO plugin. -->","yoast_head_json":{"title":"DR IRENA ERIS CLINIC WAY 2 COFFRET CREME DE JOUR REVITALISANTE ULTRA SENSIBLE(-50%),50ML+CREME DE NUIT RAFFERMISSANTE,50ML - pharmadreams","robots":{"index":"index","follow":"follow","max-snippet":"max-snippet:-1","max-image-preview":"max-image-preview:large","max-video-preview":"max-video-preview:-1"},"canonical":"https:\/\/pharmadreams.shop\/index.php\/product\/dr-irena-eris-clinic-way-2-coffret-creme-de-jour-revitalisante-ultra-sensible-5050mlcreme-de-nuit-raffermissante50ml\/","og_locale":"fr_FR","og_type":"article","og_title":"DR IRENA ERIS CLINIC WAY 2 COFFRET CREME DE JOUR REVITALISANTE ULTRA SENSIBLE(-50%),50ML+CREME DE NUIT RAFFERMISSANTE,50ML - pharmadreams","og_description":"Dr Irena Eris Clinic Way Ultra Sensitive Skin - set 2\u00b0, cr\u00e8me de jour (50 ml) + cr\u00e8me de nuit (50 ml), 1 set. Dr Irena Eris Clinic Way Ultra Sensitive Skin - cr\u00e8me de jour (50 ml) est un cosm\u00e9tique destin\u00e9 au soin des peaux sans \u00e9lasticit\u00e9 et avec des rides visibles, qui lisse, \u00e9claircit et retarde le processus de vieillissement. Soin anti-rides, pour les femmes \u00e0 partir de 40 ans environ.","og_url":"https:\/\/pharmadreams.shop\/index.php\/product\/dr-irena-eris-clinic-way-2-coffret-creme-de-jour-revitalisante-ultra-sensible-5050mlcreme-de-nuit-raffermissante50ml\/","og_site_name":"pharmadreams","og_image":[{"width":250,"height":250,"url":"https:\/\/pharmadreams.shop\/wp-content\/uploads\/2024\/05\/dr-irena-eris-clinic-way-2-coffret-creme-de-jour-revitalisante-ultra-sensible-5050mlcreme-de-nuit-raffermissante50ml.jpg","type":"image\/jpeg"}],"twitter_card":"summary_large_image","twitter_misc":{"Dur\u00e9e de lecture estim\u00e9e":"1 minute"},"schema":{"@context":"https:\/\/schema.org","@graph":[{"@type":"WebPage","@id":"https:\/\/pharmadreams.shop\/index.php\/product\/dr-irena-eris-clinic-way-2-coffret-creme-de-jour-revitalisante-ultra-sensible-5050mlcreme-de-nuit-raffermissante50ml\/","url":"https:\/\/pharmadreams.shop\/index.php\/product\/dr-irena-eris-clinic-way-2-coffret-creme-de-jour-revitalisante-ultra-sensible-5050mlcreme-de-nuit-raffermissante50ml\/","name":"DR IRENA ERIS CLINIC WAY 2 COFFRET CREME DE JOUR REVITALISANTE ULTRA SENSIBLE(-50%),50ML+CREME DE NUIT RAFFERMISSANTE,50ML - pharmadreams","isPartOf":{"@id":"https:\/\/pharmadreams.shop\/#website"},"primaryImageOfPage":{"@id":"https:\/\/pharmadreams.shop\/index.php\/product\/dr-irena-eris-clinic-way-2-coffret-creme-de-jour-revitalisante-ultra-sensible-5050mlcreme-de-nuit-raffermissante50ml\/#primaryimage"},"image":{"@id":"https:\/\/pharmadreams.shop\/index.php\/product\/dr-irena-eris-clinic-way-2-coffret-creme-de-jour-revitalisante-ultra-sensible-5050mlcreme-de-nuit-raffermissante50ml\/#primaryimage"},"thumbnailUrl":"https:\/\/pharmadreams.shop\/wp-content\/uploads\/2024\/05\/dr-irena-eris-clinic-way-2-coffret-creme-de-jour-revitalisante-ultra-sensible-5050mlcreme-de-nuit-raffermissante50ml.jpg","datePublished":"2024-05-23T15:27:30+00:00","dateModified":"2024-05-23T15:27:30+00:00","breadcrumb":{"@id":"https:\/\/pharmadreams.shop\/index.php\/product\/dr-irena-eris-clinic-way-2-coffret-creme-de-jour-revitalisante-ultra-sensible-5050mlcreme-de-nuit-raffermissante50ml\/#breadcrumb"},"inLanguage":"fr-FR","potentialAction":[{"@type":"ReadAction","target":["https:\/\/pharmadreams.shop\/index.php\/product\/dr-irena-eris-clinic-way-2-coffret-creme-de-jour-revitalisante-ultra-sensible-5050mlcreme-de-nuit-raffermissante50ml\/"]}]},{"@type":"ImageObject","inLanguage":"fr-FR","@id":"https:\/\/pharmadreams.shop\/index.php\/product\/dr-irena-eris-clinic-way-2-coffret-creme-de-jour-revitalisante-ultra-sensible-5050mlcreme-de-nuit-raffermissante50ml\/#primaryimage","url":"https:\/\/pharmadreams.shop\/wp-content\/uploads\/2024\/05\/dr-irena-eris-clinic-way-2-coffret-creme-de-jour-revitalisante-ultra-sensible-5050mlcreme-de-nuit-raffermissante50ml.jpg","contentUrl":"https:\/\/pharmadreams.shop\/wp-content\/uploads\/2024\/05\/dr-irena-eris-clinic-way-2-coffret-creme-de-jour-revitalisante-ultra-sensible-5050mlcreme-de-nuit-raffermissante50ml.jpg","width":250,"height":250},{"@type":"BreadcrumbList","@id":"https:\/\/pharmadreams.shop\/index.php\/product\/dr-irena-eris-clinic-way-2-coffret-creme-de-jour-revitalisante-ultra-sensible-5050mlcreme-de-nuit-raffermissante50ml\/#breadcrumb","itemListElement":[{"@type":"ListItem","position":1,"name":"Accueil","item":"https:\/\/pharmadreams.shop\/"},{"@type":"ListItem","position":2,"name":"Shop","item":"https:\/\/pharmadreams.shop\/index.php\/shop\/"},{"@type":"ListItem","position":3,"name":"DR IRENA ERIS CLINIC WAY 2 COFFRET CREME DE JOUR REVITALISANTE ULTRA SENSIBLE(-50%),50ML+CREME DE NUIT RAFFERMISSANTE,50ML"}]},{"@type":"WebSite","@id":"https:\/\/pharmadreams.shop\/#website","url":"https:\/\/pharmadreams.shop\/","name":"pharmadreams","description":"Parapharmacie en ligne","potentialAction":[{"@type":"SearchAction","target":{"@type":"EntryPoint","urlTemplate":"https:\/\/pharmadreams.shop\/?s={search_term_string}"},"query-input":"required name=search_term_string"}],"inLanguage":"fr-FR"}]}},"_links":{"self":[{"href":"https:\/\/pharmadreams.shop\/index.php\/wp-json\/wp\/v2\/product\/18442","targetHints":{"allow":["GET"]}}],"collection":[{"href":"https:\/\/pharmadreams.shop\/index.php\/wp-json\/wp\/v2\/product"}],"about":[{"href":"https:\/\/pharmadreams.shop\/index.php\/wp-json\/wp\/v2\/types\/product"}],"replies":[{"embeddable":true,"href":"https:\/\/pharmadreams.shop\/index.php\/wp-json\/wp\/v2\/comments?post=18442"}],"version-history":[{"count":0,"href":"https:\/\/pharmadreams.shop\/index.php\/wp-json\/wp\/v2\/product\/18442\/revisions"}],"wp:featuredmedia":[{"embeddable":true,"href":"https:\/\/pharmadreams.shop\/index.php\/wp-json\/wp\/v2\/media\/18443"}],"wp:attachment":[{"href":"https:\/\/pharmadreams.shop\/index.php\/wp-json\/wp\/v2\/media?parent=18442"}],"wp:term":[{"taxonomy":"product_brand","embeddable":true,"href":"https:\/\/pharmadreams.shop\/index.php\/wp-json\/wp\/v2\/product_brand?post=18442"},{"taxonomy":"product_cat","embeddable":true,"href":"https:\/\/pharmadreams.shop\/index.php\/wp-json\/wp\/v2\/product_cat?post=18442"},{"taxonomy":"product_tag","embeddable":true,"href":"https:\/\/pharmadreams.shop\/index.php\/wp-json\/wp\/v2\/product_tag?post=18442"}],"curies":[{"name":"wp","href":"https:\/\/api.w.org\/{rel}","templated":true}]}}